{"id":10,"date":"2019-12-03T10:25:42","date_gmt":"2019-12-03T09:25:42","guid":{"rendered":"https:\/\/ih.wizjanet.pl\/bielsko-biala\/?page_id=10"},"modified":"2022-08-19T13:05:23","modified_gmt":"2022-08-19T11:05:23","slug":"dlaczego-warto-nas-wybrac","status":"publish","type":"page","link":"https:\/\/www.ih.com.pl\/bielsko-biala\/dlaczego-warto-nas-wybrac\/","title":{"rendered":"Dlaczego warto nas wybra\u0107"},"content":{"rendered":"<div class=\"wpb-content-wrapper\"><p>[vc_row row_height_percent=&#8221;0&#8243; overlay_alpha=&#8221;50&#8243; gutter_size=&#8221;3&#8243; column_width_percent=&#8221;100&#8243; shift_y=&#8221;0&#8243; z_index=&#8221;0&#8243;][vc_column width=&#8221;1\/1&#8243;][vc_custom_heading heading_semantic=&#8221;h3&#8243; text_size=&#8221;h3&#8243;]Dlaczego warto nas wybra\u0107?[\/vc_custom_heading][\/vc_column][\/vc_row][vc_row row_height_percent=&#8221;0&#8243; overlay_alpha=&#8221;50&#8243; gutter_size=&#8221;3&#8243; column_width_percent=&#8221;100&#8243; shift_y=&#8221;0&#8243; z_index=&#8221;0&#8243;][vc_column column_width_percent=&#8221;100&#8243; gutter_size=&#8221;3&#8243; overlay_alpha=&#8221;50&#8243; shift_x=&#8221;0&#8243; shift_y=&#8221;0&#8243; shift_y_down=&#8221;0&#8243; z_index=&#8221;0&#8243; medium_width=&#8221;0&#8243; mobile_width=&#8221;0&#8243; width=&#8221;1\/4&#8243;][vc_single_image media=&#8221;1002&#8243; media_width_percent=&#8221;100&#8243;][\/vc_column][vc_column column_width_percent=&#8221;100&#8243; gutter_size=&#8221;3&#8243; back_color=&#8221;color-vyce&#8221; overlay_alpha=&#8221;50&#8243; shift_x=&#8221;0&#8243; shift_y=&#8221;0&#8243; shift_y_down=&#8221;0&#8243; z_index=&#8221;0&#8243; medium_width=&#8221;0&#8243; mobile_width=&#8221;0&#8243; width=&#8221;3\/4&#8243;][vc_custom_heading heading_semantic=&#8221;h4&#8243; text_size=&#8221;h4&#8243; separator=&#8221;yes&#8221;]Po pierwsze, bo nale\u017cymy do mi\u0119dzynarodowej sieci International House[\/vc_custom_heading][vc_column_text css_animation=&#8221;left-t-right&#8221; border_color=&#8221;color-476022&#8243;]<\/p>\n<ul>\n<li>Korzystamy z ponad 65 lat do\u015bwiadcze\u0144 mi\u0119dzynarodowej sieci szk\u00f3\u0142 International House, na kt\u00f3rym zbudowali\u015bmy nasze 29-letnie do\u015bwiadczenie w nauczaniu s\u0142uchaczy w Bielsku-Bia\u0142ej. W wielu przypadkach uczymy ju\u017c ich kolejne pokolenie.<\/li>\n<li>Przynale\u017cno\u015b\u0107 do sieci International House jest gwarancj\u0105, \u017ce nasza oferta jest uczciwa, jako\u015b\u0107 us\u0142ug edukacyjnych jest na wysokim poziomie, a nasi lektorzy posiadaj\u0105 kwalifikacje niezb\u0119dne do nauczania angielskiego jako j\u0119zyka obcego.<\/li>\n<li>Zaj\u0119cia w szkole angielskiego IH prowadzone s\u0105 g\u0142\u00f3wnie przez lektor\u00f3w angloj\u0119zycznych. Nasi zagraniczni i polscy lektorzy tworz\u0105 zgrany, przyjazny zesp\u00f3\u0142 m\u0142odych, wykszta\u0142conych os\u00f3b, zaanga\u017cowanych w nauczanie i w\u0142asny rozw\u00f3j zawodowy.<\/li>\n<\/ul>\n<p>[\/vc_column_text][\/vc_column][\/vc_row][vc_row][vc_column width=&#8221;1\/4&#8243;][vc_single_image media=&#8221;1004&#8243; media_width_percent=&#8221;100&#8243;][\/vc_column][vc_column column_width_percent=&#8221;100&#8243; gutter_size=&#8221;3&#8243; back_color=&#8221;color-uydo&#8221; overlay_alpha=&#8221;50&#8243; shift_x=&#8221;0&#8243; shift_y=&#8221;0&#8243; shift_y_down=&#8221;0&#8243; z_index=&#8221;0&#8243; medium_width=&#8221;0&#8243; mobile_width=&#8221;0&#8243; width=&#8221;3\/4&#8243;][vc_custom_heading heading_semantic=&#8221;h4&#8243; text_size=&#8221;h4&#8243; separator=&#8221;yes&#8221;]Po drugie, bo doskonale przygotowujemy do egzamin\u00f3w Cambridge English[\/vc_custom_heading][vc_column_text css_animation=&#8221;left-t-right&#8221;]<\/p>\n<ul>\n<li>Mamy du\u017ce do\u015bwiadczenie w przygotowywaniu s\u0142uchaczy do najbardziej popularnych egzamin\u00f3w Uniwersytetu Cambridge (FCE, CAE, CPE). Oferujemy w tym zakresie nie tylko zaj\u0119cia lekcyjne, ale te\u017c dodatkowe warsztaty egzaminacyjne (Exam Clubs) oraz egzaminy pr\u00f3bne.<\/li>\n<li>Cz\u0119\u015b\u0107 kurs\u00f3w dla dzieci ko\u0144czy si\u0119 r\u00f3wnie\u017c egzaminem Cambridge YLE. Jest to niejako zewn\u0119trzny audyt edukacyjny, zatem YLE stanowi doskona\u0142y sprawdzian naszej oferty, kt\u00f3remu sami si\u0119 poddajemy.<\/li>\n<li>Jeste\u015bmy Centrum Egzaminacyjnym Cambridge English Assessment (b\u0119d\u0105cego cz\u0119\u015bci\u0105 Uniwersytetu w Cambridge), autoryzowanym do przeprowadzania egzamin\u00f3w takich jak FCE, CAE, CPE i inne, za\u015b sama szko\u0142a IH ma status oficjalnego Preparation Centre<\/li>\n<\/ul>\n<p>[\/vc_column_text][\/vc_column][\/vc_row][vc_row row_height_percent=&#8221;0&#8243; overlay_alpha=&#8221;50&#8243; gutter_size=&#8221;3&#8243; column_width_percent=&#8221;100&#8243; shift_y=&#8221;0&#8243; z_index=&#8221;0&#8243;][vc_column column_width_percent=&#8221;100&#8243; gutter_size=&#8221;3&#8243; overlay_alpha=&#8221;50&#8243; shift_x=&#8221;0&#8243; shift_y=&#8221;0&#8243; shift_y_down=&#8221;0&#8243; z_index=&#8221;0&#8243; medium_width=&#8221;0&#8243; mobile_width=&#8221;0&#8243; width=&#8221;1\/4&#8243;][vc_single_image media=&#8221;1003&#8243; media_width_percent=&#8221;100&#8243;][\/vc_column][vc_column column_width_percent=&#8221;100&#8243; gutter_size=&#8221;3&#8243; back_color=&#8221;color-963377&#8243; overlay_alpha=&#8221;50&#8243; shift_x=&#8221;0&#8243; shift_y=&#8221;0&#8243; shift_y_down=&#8221;0&#8243; z_index=&#8221;0&#8243; medium_width=&#8221;0&#8243; mobile_width=&#8221;0&#8243; width=&#8221;3\/4&#8243;][vc_custom_heading heading_semantic=&#8221;h4&#8243; text_size=&#8221;h4&#8243; separator=&#8221;yes&#8221;]Po trzecie, bo lekcje w IH Bielsko s\u0105 najlepsze[\/vc_custom_heading][vc_column_text css_animation=&#8221;left-t-right&#8221;]<\/p>\n<ul>\n<li>Uczymy dzieci, m\u0142odzie\u017c i doros\u0142ych, prowadzimy kursy grupowe i indywidualne, na 11 poziomach zaawansowania, w czasie roku szkolnego i w czasie wakacji,<\/li>\n<li>Oferujemy sp\u00f3jny system edukacji, gwarantuj\u0105cy ci\u0105g\u0142o\u015b\u0107 nauki. Nad form\u0105 i programem zaj\u0119\u0107 czuwa metodyk, czyli specjalista o wieloletnim do\u015bwiadczeniu i doskona\u0142ej reputacji.<\/li>\n<li>Zaj\u0119cia podlegaj\u0105 cyklicznym obserwacjom, a praca nauczyciela jest oceniana i wspomagana.<\/li>\n<li>Uczymy sprawdzon\u0105, efektywn\u0105 metod\u0105, kt\u00f3ra pozwala szybko prze\u0142amywa\u0107 barier\u0119 j\u0119zykow\u0105 i doskonali\u0107 kompetencje j\u0119zykowe w ka\u017cdym zakresie.<\/li>\n<li>Nasze zaj\u0119cia s\u0105 interaktywne i interesuj\u0105ce, rozwijaj\u0105 wiele umiej\u0119tno\u015bci, zach\u0119caj\u0105 do my\u015blenia i bazuj\u0105 na doskona\u0142ych podr\u0119cznikach dopasowanych do program\u00f3w kursowych. Dob\u00f3r podr\u0119cznik\u00f3w jest co roku weryfikowany, tak aby kursy nie bazowa\u0142y na sztywnych lub archaicznych materia\u0142ach.<\/li>\n<\/ul>\n<p>[\/vc_column_text][\/vc_column][\/vc_row][vc_row][vc_column width=&#8221;1\/4&#8243;][vc_single_image media=&#8221;1006&#8243; media_width_percent=&#8221;100&#8243;][\/vc_column][vc_column column_width_percent=&#8221;100&#8243; gutter_size=&#8221;3&#8243; back_color=&#8221;color-gyho&#8221; overlay_alpha=&#8221;50&#8243; shift_x=&#8221;0&#8243; shift_y=&#8221;0&#8243; shift_y_down=&#8221;0&#8243; z_index=&#8221;0&#8243; medium_width=&#8221;0&#8243; mobile_width=&#8221;0&#8243; width=&#8221;3\/4&#8243;][vc_custom_heading heading_semantic=&#8221;h4&#8243; text_size=&#8221;h4&#8243; separator=&#8221;yes&#8221;]Po czwarte, bo bardzo dbamy o naszych s\u0142uchaczy[\/vc_custom_heading][vc_column_text css_animation=&#8221;left-t-right&#8221;]<\/p>\n<ul>\n<li>Konsekwentnie realizujemy system sta\u0142ej obserwacji post\u0119p\u00f3w naszych s\u0142uchaczy, reagujemy na ewentualne trudno\u015bci, wsp\u00f3lnie ustalamy najlepsze rozwi\u0105zania. Jest to szczeg\u00f3lnie cenne dla rodzic\u00f3w naszych m\u0142odszych s\u0142uchaczy.<\/li>\n<li>Dob\u00f3r odpowiedniej grupy j\u0119zykowej oparty jest o starann\u0105, bezp\u0142atn\u0105 kwalifikacj\u0119.<\/li>\n<li>Nasza oferta jest uczciwa i jasna: godzina lekcyjna to 45 minut. Nie ukrywamy te\u017c, \u017ce nauka j\u0119zyka obcego wymaga czasu i ma\u0142o realne s\u0105 obietnice na wielokrotnie szybsze tempo.<\/li>\n<li>Nasi s\u0142uchacze maj\u0105 mo\u017cliwo\u015b\u0107 skorzystania z bezp\u0142atnych konsultacji z lektorem angloj\u0119zycznym, kt\u00f3ry pomo\u017ce uzupe\u0142ni\u0107 braki powsta\u0142e np. w wyniku nieobecno\u015bci<\/li>\n<li>S\u0142uchacze otrzymuj\u0105 raporty oraz Certyfikaty International House, znane i cenione na ca\u0142ym \u015bwiecie.<\/li>\n<li>Szko\u0142a j\u0119zykowa IH dysponuje w\u0142asnym obiektem z terenem zielonym. Sale lekcyjne s\u0105 wyposa\u017cone w\u00a0 tablice interaktywne. Przed budynkiem s\u0105 liczne miejsca parkingowe.<\/li>\n<\/ul>\n<p>[\/vc_column_text][\/vc_column][\/vc_row][vc_row row_height_percent=&#8221;0&#8243; overlay_alpha=&#8221;50&#8243; gutter_size=&#8221;3&#8243; column_width_percent=&#8221;100&#8243; shift_y=&#8221;0&#8243; z_index=&#8221;0&#8243;][vc_column column_width_percent=&#8221;100&#8243; gutter_size=&#8221;3&#8243; overlay_alpha=&#8221;50&#8243; shift_x=&#8221;0&#8243; shift_y=&#8221;0&#8243; shift_y_down=&#8221;0&#8243; z_index=&#8221;0&#8243; medium_width=&#8221;0&#8243; mobile_width=&#8221;0&#8243; width=&#8221;1\/4&#8243;][vc_single_image media=&#8221;1005&#8243; media_width_percent=&#8221;100&#8243;][\/vc_column][vc_column column_width_percent=&#8221;100&#8243; gutter_size=&#8221;3&#8243; back_color=&#8221;color-vyce&#8221; overlay_alpha=&#8221;50&#8243; shift_x=&#8221;0&#8243; shift_y=&#8221;0&#8243; shift_y_down=&#8221;0&#8243; z_index=&#8221;0&#8243; medium_width=&#8221;0&#8243; mobile_width=&#8221;0&#8243; width=&#8221;3\/4&#8243;][vc_custom_heading heading_semantic=&#8221;h4&#8243; text_size=&#8221;h4&#8243; separator=&#8221;yes&#8221;]Po pi\u0105te, bo w ramach kurs\u00f3w oferujemy szeroki wachlarz zaj\u0119\u0107 dodatkowych[\/vc_custom_heading][vc_column_text css_animation=&#8221;left-t-right&#8221;]<\/p>\n<ul>\n<li>W wybrane soboty nasi najm\u0142odsi podopieczni mog\u0105 uczestniczy\u0107 w dodatkowych zaj\u0119ciach Kids\u2019 Clubu,<\/li>\n<li>Doros\u0142ym s\u0142uchaczom oferujemy pi\u0105tkowe quizy o j\u0119zyku angielskim, Wielkiej Brytanii, USA, Polsce i nie tylko, wszystko w doborowym towarzystwie i w angloj\u0119zycznej atmosferze<\/li>\n<li>Osoby, kt\u00f3re zamierzaj\u0105 przyst\u0105pi\u0107 do egzaminu Cambridge, maja mo\u017cliwo\u015b\u0107 bezp\u0142atnego ucz\u0119szczania na dodatkowe zaj\u0119cia przygotowuj\u0105ce do egzamin\u00f3w, czyli tzw. Exam Clubs.<\/li>\n<li>osobom nieobecnym na zaj\u0119ciach pomagamy podczas indywidualnych konsultacji tzw. catch up lessons lub help club\u00f3w<\/li>\n<\/ul>\n<p>[\/vc_column_text][\/vc_column][\/vc_row]<\/p>\n<\/div>","protected":false},"excerpt":{"rendered":"<p>[vc_row row_height_percent=&#8221;0&#8243; overlay_alpha=&#8221;50&#8243; gutter_size=&#8221;3&#8243; column_width_percent=&#8221;100&#8243; shift_y=&#8221;0&#8243; z_index=&#8221;0&#8243;][vc_column width=&#8221;1\/1&#8243;][vc_custom_heading heading_semantic=&#8221;h3&#8243; text_size=&#8221;h3&#8243;]Dlaczego warto nas wybra\u0107?[\/vc_custom_heading][\/vc_column][\/vc_row][vc_row row_height_percent=&#8221;0&#8243; overlay_alpha=&#8221;50&#8243; gutter_size=&#8221;3&#8243; column_width_percent=&#8221;100&#8243; shift_y=&#8221;0&#8243; z_index=&#8221;0&#8243;][vc_column column_width_percent=&#8221;100&#8243; [&hellip;]<\/p>\n","protected":false},"author":1,"featured_media":0,"parent":0,"menu_order":0,"comment_status":"closed","ping_status":"closed","template":"","meta":{"footnotes":""},"class_list":["post-10","page","type-page","status-publish","hentry"],"yoast_head":"<!-- This site is optimized with the Yoast SEO plugin v26.8 - https:\/\/yoast.com\/product\/yoast-seo-wordpress\/ -->\n<title>Dlaczego warto nas wybra\u0107 - IH Bielsko - Bia\u0142a<\/title>\n<meta name=\"robots\" content=\"index, follow, max-snippet:-1, max-image-preview:large, max-video-preview:-1\" \/>\n<link rel=\"canonical\" href=\"https:\/\/www.ih.com.pl\/bielsko-biala\/dlaczego-warto-nas-wybrac\/\" \/>\n<meta property=\"og:locale\" content=\"pl_PL\" \/>\n<meta property=\"og:type\" content=\"article\" \/>\n<meta property=\"og:title\" content=\"Dlaczego warto nas wybra\u0107 - IH Bielsko - Bia\u0142a\" \/>\n<meta property=\"og:description\" content=\"[vc_row row_height_percent=&#8221;0&#8243; overlay_alpha=&#8221;50&#8243; gutter_size=&#8221;3&#8243; column_width_percent=&#8221;100&#8243; shift_y=&#8221;0&#8243; z_index=&#8221;0&#8243;][vc_column width=&#8221;1\/1&#8243;][vc_custom_heading heading_semantic=&#8221;h3&#8243; text_size=&#8221;h3&#8243;]Dlaczego warto nas wybra\u0107?[\/vc_custom_heading][\/vc_column][\/vc_row][vc_row row_height_percent=&#8221;0&#8243; overlay_alpha=&#8221;50&#8243; gutter_size=&#8221;3&#8243; column_width_percent=&#8221;100&#8243; shift_y=&#8221;0&#8243; z_index=&#8221;0&#8243;][vc_column column_width_percent=&#8221;100&#8243; [&hellip;]\" \/>\n<meta property=\"og:url\" content=\"https:\/\/www.ih.com.pl\/bielsko-biala\/dlaczego-warto-nas-wybrac\/\" \/>\n<meta property=\"og:site_name\" content=\"IH Bielsko - Bia\u0142a\" \/>\n<meta property=\"article:modified_time\" content=\"2022-08-19T11:05:23+00:00\" \/>\n<meta name=\"twitter:card\" content=\"summary_large_image\" \/>\n<meta name=\"twitter:label1\" content=\"Szacowany czas czytania\" \/>\n\t<meta name=\"twitter:data1\" content=\"6 minut\" \/>\n<script type=\"application\/ld+json\" class=\"yoast-schema-graph\">{\"@context\":\"https:\/\/schema.org\",\"@graph\":[{\"@type\":\"WebPage\",\"@id\":\"https:\/\/www.ih.com.pl\/bielsko-biala\/dlaczego-warto-nas-wybrac\/\",\"url\":\"https:\/\/www.ih.com.pl\/bielsko-biala\/dlaczego-warto-nas-wybrac\/\",\"name\":\"Dlaczego warto nas wybra\u0107 - IH Bielsko - Bia\u0142a\",\"isPartOf\":{\"@id\":\"https:\/\/www.ih.com.pl\/bielsko-biala\/#website\"},\"datePublished\":\"2019-12-03T09:25:42+00:00\",\"dateModified\":\"2022-08-19T11:05:23+00:00\",\"breadcrumb\":{\"@id\":\"https:\/\/www.ih.com.pl\/bielsko-biala\/dlaczego-warto-nas-wybrac\/#breadcrumb\"},\"inLanguage\":\"pl-PL\",\"potentialAction\":[{\"@type\":\"ReadAction\",\"target\":[\"https:\/\/www.ih.com.pl\/bielsko-biala\/dlaczego-warto-nas-wybrac\/\"]}]},{\"@type\":\"BreadcrumbList\",\"@id\":\"https:\/\/www.ih.com.pl\/bielsko-biala\/dlaczego-warto-nas-wybrac\/#breadcrumb\",\"itemListElement\":[{\"@type\":\"ListItem\",\"position\":1,\"name\":\"Strona g\u0142\u00f3wna\",\"item\":\"https:\/\/www.ih.com.pl\/bielsko-biala\/\"},{\"@type\":\"ListItem\",\"position\":2,\"name\":\"Dlaczego warto nas wybra\u0107\"}]},{\"@type\":\"WebSite\",\"@id\":\"https:\/\/www.ih.com.pl\/bielsko-biala\/#website\",\"url\":\"https:\/\/www.ih.com.pl\/bielsko-biala\/\",\"name\":\"IH Bielsko - Bia\u0142a\",\"description\":\"\",\"potentialAction\":[{\"@type\":\"SearchAction\",\"target\":{\"@type\":\"EntryPoint\",\"urlTemplate\":\"https:\/\/www.ih.com.pl\/bielsko-biala\/?s={search_term_string}\"},\"query-input\":{\"@type\":\"PropertyValueSpecification\",\"valueRequired\":true,\"valueName\":\"search_term_string\"}}],\"inLanguage\":\"pl-PL\"}]}<\/script>\n<!-- \/ Yoast SEO plugin. -->","yoast_head_json":{"title":"Dlaczego warto nas wybra\u0107 - IH Bielsko - Bia\u0142a","robots":{"index":"index","follow":"follow","max-snippet":"max-snippet:-1","max-image-preview":"max-image-preview:large","max-video-preview":"max-video-preview:-1"},"canonical":"https:\/\/www.ih.com.pl\/bielsko-biala\/dlaczego-warto-nas-wybrac\/","og_locale":"pl_PL","og_type":"article","og_title":"Dlaczego warto nas wybra\u0107 - IH Bielsko - Bia\u0142a","og_description":"[vc_row row_height_percent=&#8221;0&#8243; overlay_alpha=&#8221;50&#8243; gutter_size=&#8221;3&#8243; column_width_percent=&#8221;100&#8243; shift_y=&#8221;0&#8243; z_index=&#8221;0&#8243;][vc_column width=&#8221;1\/1&#8243;][vc_custom_heading heading_semantic=&#8221;h3&#8243; text_size=&#8221;h3&#8243;]Dlaczego warto nas wybra\u0107?[\/vc_custom_heading][\/vc_column][\/vc_row][vc_row row_height_percent=&#8221;0&#8243; overlay_alpha=&#8221;50&#8243; gutter_size=&#8221;3&#8243; column_width_percent=&#8221;100&#8243; shift_y=&#8221;0&#8243; z_index=&#8221;0&#8243;][vc_column column_width_percent=&#8221;100&#8243; [&hellip;]","og_url":"https:\/\/www.ih.com.pl\/bielsko-biala\/dlaczego-warto-nas-wybrac\/","og_site_name":"IH Bielsko - Bia\u0142a","article_modified_time":"2022-08-19T11:05:23+00:00","twitter_card":"summary_large_image","twitter_misc":{"Szacowany czas czytania":"6 minut"},"schema":{"@context":"https:\/\/schema.org","@graph":[{"@type":"WebPage","@id":"https:\/\/www.ih.com.pl\/bielsko-biala\/dlaczego-warto-nas-wybrac\/","url":"https:\/\/www.ih.com.pl\/bielsko-biala\/dlaczego-warto-nas-wybrac\/","name":"Dlaczego warto nas wybra\u0107 - IH Bielsko - Bia\u0142a","isPartOf":{"@id":"https:\/\/www.ih.com.pl\/bielsko-biala\/#website"},"datePublished":"2019-12-03T09:25:42+00:00","dateModified":"2022-08-19T11:05:23+00:00","breadcrumb":{"@id":"https:\/\/www.ih.com.pl\/bielsko-biala\/dlaczego-warto-nas-wybrac\/#breadcrumb"},"inLanguage":"pl-PL","potentialAction":[{"@type":"ReadAction","target":["https:\/\/www.ih.com.pl\/bielsko-biala\/dlaczego-warto-nas-wybrac\/"]}]},{"@type":"BreadcrumbList","@id":"https:\/\/www.ih.com.pl\/bielsko-biala\/dlaczego-warto-nas-wybrac\/#breadcrumb","itemListElement":[{"@type":"ListItem","position":1,"name":"Strona g\u0142\u00f3wna","item":"https:\/\/www.ih.com.pl\/bielsko-biala\/"},{"@type":"ListItem","position":2,"name":"Dlaczego warto nas wybra\u0107"}]},{"@type":"WebSite","@id":"https:\/\/www.ih.com.pl\/bielsko-biala\/#website","url":"https:\/\/www.ih.com.pl\/bielsko-biala\/","name":"IH Bielsko - Bia\u0142a","description":"","potentialAction":[{"@type":"SearchAction","target":{"@type":"EntryPoint","urlTemplate":"https:\/\/www.ih.com.pl\/bielsko-biala\/?s={search_term_string}"},"query-input":{"@type":"PropertyValueSpecification","valueRequired":true,"valueName":"search_term_string"}}],"inLanguage":"pl-PL"}]}},"_links":{"self":[{"href":"https:\/\/www.ih.com.pl\/bielsko-biala\/wp-json\/wp\/v2\/pages\/10","targetHints":{"allow":["GET"]}}],"collection":[{"href":"https:\/\/www.ih.com.pl\/bielsko-biala\/wp-json\/wp\/v2\/pages"}],"about":[{"href":"https:\/\/www.ih.com.pl\/bielsko-biala\/wp-json\/wp\/v2\/types\/page"}],"author":[{"embeddable":true,"href":"https:\/\/www.ih.com.pl\/bielsko-biala\/wp-json\/wp\/v2\/users\/1"}],"replies":[{"embeddable":true,"href":"https:\/\/www.ih.com.pl\/bielsko-biala\/wp-json\/wp\/v2\/comments?post=10"}],"version-history":[{"count":26,"href":"https:\/\/www.ih.com.pl\/bielsko-biala\/wp-json\/wp\/v2\/pages\/10\/revisions"}],"predecessor-version":[{"id":990,"href":"https:\/\/www.ih.com.pl\/bielsko-biala\/wp-json\/wp\/v2\/pages\/10\/revisions\/990"}],"wp:attachment":[{"href":"https:\/\/www.ih.com.pl\/bielsko-biala\/wp-json\/wp\/v2\/media?parent=10"}],"curies":[{"name":"wp","href":"https:\/\/api.w.org\/{rel}","templated":true}]}}