{"id":1363,"date":"2020-06-01T14:37:11","date_gmt":"2020-06-01T12:37:11","guid":{"rendered":"https:\/\/www.ih.com.pl\/bielsko-biala\/?page_id=1363"},"modified":"2020-06-02T11:54:12","modified_gmt":"2020-06-02T09:54:12","slug":"warsztaty-jezykowe-dla-dzieci","status":"publish","type":"page","link":"https:\/\/www.ih.com.pl\/bielsko-biala\/warsztaty-jezykowe-dla-dzieci\/","title":{"rendered":"Warsztaty j\u0119zykowe dla dzieci"},"content":{"rendered":"<div class=\"wpb-content-wrapper\"><p>[vc_row row_height_percent=&#8221;0&#8243; back_color=&#8221;color-gyho&#8221; overlay_alpha=&#8221;50&#8243; gutter_size=&#8221;3&#8243; column_width_percent=&#8221;100&#8243; shift_y=&#8221;0&#8243; z_index=&#8221;0&#8243;][vc_column width=&#8221;1\/2&#8243;][vc_custom_heading text_color=&#8221;color-963377&#8243;]<strong>Wakacyjne warsztaty j\u0119zykowe dla dzieci<\/strong>[\/vc_custom_heading][vc_column_text]Tego lata stawiamy na BEZPIECZE\u0143STWO i cho\u0107 nie BOIMY si\u0119 ju\u017c tak bardzo wirus\u00f3w, to jednak chcemy zachowa\u0107 ROZS\u0104DEK.<\/p>\n<p>Dlatego SUMMER PROJECT 2020 to oferta stacjonarnych warsztat\u00f3w j\u0119zykowych w ca\u0142o\u015bci po angielsku kierowana dla dzieci w\u00a0 wieku szkolnym (uczniowie klas I-VI).[\/vc_column_text][vc_column_text]<strong>S<\/strong> <strong>\u2013<\/strong> S\u0142o\u0144ce jest z nami \u2013 The sunshine is with us!<\/p>\n<p><strong>U<\/strong> <strong>\u2013<\/strong> Uczymy si\u0119 du\u017co \u2013 We learn a lot!<\/p>\n<p><strong>M<\/strong> <strong>\u2013<\/strong> Marudzimy? NIE ! \u2013 No grumbling!<\/p>\n<p><strong>M<\/strong> <strong>\u2013 <\/strong>Mamy mn\u00f3stwo pomys\u0142\u00f3w \u2013 We have lots of ideas!<\/p>\n<p><strong>E \u2013<\/strong> Energii jeszcze wi\u0119cej \u2013 And even more energy!<\/p>\n<p><strong>R<\/strong> <strong>\u2013<\/strong> Razem czujemy si\u0119 lepiej \u2013 Together we feel better!<\/p>\n<p>&nbsp;<\/p>\n<p><strong>P<\/strong> <strong>\u2013 <\/strong>Przyjemne z po\u017cytecznym \u0142\u0105czymy \u2013 Fun and useful in one<\/p>\n<p><strong>R<\/strong> <strong>\u2013 <\/strong>Robimy fajne projekty \u2013 We make cool projects!<\/p>\n<p><strong>O<\/strong> <strong>\u2013 <\/strong>Obserwujemy, testujemy, oceniamy \u2013 We observe, test and assess!<\/p>\n<p><strong>J<\/strong> <strong>\u2013<\/strong> Jeste\u015bmy troch\u0119 szaleni \u00a0\u2013 We&#8217;re a bit crazy!<\/p>\n<p><strong>E<\/strong> <strong>\u2013 <\/strong>Emocje w nas buzuj\u0105 \u2013 And full of enthusiasm!<\/p>\n<p><strong>C<\/strong> <strong>\u2013<\/strong> Cieszymy si\u0119 latem \u2013 Let&#8217;s enjoy summer together!<\/p>\n<p><strong>T \u2013<\/strong> To jest to! \u2013 That\u2019s it![\/vc_column_text][\/vc_column][vc_column width=&#8221;1\/2&#8243;][vc_single_image media=&#8221;1342&#8243; media_width_percent=&#8221;100&#8243;][vc_column_text]<\/p>\n<ul>\n<li>Tygodniowe bloki zaj\u0119\u0107 po angielsku,<\/li>\n<li>terminy: 29.06-03.07 ; 06-11.07 ; 13-17.07 ; 20-24.07 ; 27-31.07,<\/li>\n<li>startujemy w ka\u017cdy poniedzia\u0142ek,<\/li>\n<li>3,5 godziny angielskiego po angielsku, ka\u017cdego dnia w godzinach 9:00 &#8211; 12:30 lub 13:00-16:30,<\/li>\n<li>gry i zabawy, art &amp; science,<\/li>\n<li>ma\u0142e grupy (6-10 dzieci),<\/li>\n<li>podzia\u0142 z uwagi na wiek (uczniowie klas I-III oraz IV-VI),<\/li>\n<li>cena za jeden tydzie\u0144 340 z\u0142.<\/li>\n<\/ul>\n<p>Wi\u0119cej informacji udzielamy telefonicznie pod nr 33 822 33 30.<\/p>\n<p>Aby zapisa\u0107 dziecko wystarczy wype\u0142ni\u0107\u00a0 formularz zg\u0142oszeniowy dost\u0119pny tutaj.<br \/>\n<a href=\"https:\/\/forms.gle\/k5xspgCYYbXBLNra9\">FORMULARZ ZG\u0141OSZENIOWY<\/a>[\/vc_column_text][vc_single_image media=&#8221;1357&#8243; media_width_percent=&#8221;100&#8243;][\/vc_column][\/vc_row]<\/p>\n<\/div>","protected":false},"excerpt":{"rendered":"<p>[vc_row row_height_percent=&#8221;0&#8243; back_color=&#8221;color-gyho&#8221; overlay_alpha=&#8221;50&#8243; gutter_size=&#8221;3&#8243; column_width_percent=&#8221;100&#8243; shift_y=&#8221;0&#8243; z_index=&#8221;0&#8243;][vc_column width=&#8221;1\/2&#8243;][vc_custom_heading text_color=&#8221;color-963377&#8243;]Wakacyjne warsztaty j\u0119zykowe dla dzieci[\/vc_custom_heading][vc_column_text]Tego lata stawiamy na BEZPIECZE\u0143STWO i cho\u0107 [&hellip;]<\/p>\n","protected":false},"author":4,"featured_media":0,"parent":0,"menu_order":0,"comment_status":"closed","ping_status":"closed","template":"","meta":{"footnotes":""},"class_list":["post-1363","page","type-page","status-publish","hentry"],"yoast_head":"<!-- This site is optimized with the Yoast SEO plugin v26.8 - https:\/\/yoast.com\/product\/yoast-seo-wordpress\/ -->\n<title>Warsztaty j\u0119zykowe dla dzieci - IH Bielsko - Bia\u0142a<\/title>\n<meta name=\"robots\" content=\"index, follow, max-snippet:-1, max-image-preview:large, max-video-preview:-1\" \/>\n<link rel=\"canonical\" href=\"https:\/\/www.ih.com.pl\/bielsko-biala\/warsztaty-jezykowe-dla-dzieci\/\" \/>\n<meta property=\"og:locale\" content=\"pl_PL\" \/>\n<meta property=\"og:type\" content=\"article\" \/>\n<meta property=\"og:title\" content=\"Warsztaty j\u0119zykowe dla dzieci - IH Bielsko - Bia\u0142a\" \/>\n<meta property=\"og:description\" content=\"[vc_row row_height_percent=&#8221;0&#8243; back_color=&#8221;color-gyho&#8221; overlay_alpha=&#8221;50&#8243; gutter_size=&#8221;3&#8243; column_width_percent=&#8221;100&#8243; shift_y=&#8221;0&#8243; z_index=&#8221;0&#8243;][vc_column width=&#8221;1\/2&#8243;][vc_custom_heading text_color=&#8221;color-963377&#8243;]Wakacyjne warsztaty j\u0119zykowe dla dzieci[\/vc_custom_heading][vc_column_text]Tego lata stawiamy na BEZPIECZE\u0143STWO i cho\u0107 [&hellip;]\" \/>\n<meta property=\"og:url\" content=\"https:\/\/www.ih.com.pl\/bielsko-biala\/warsztaty-jezykowe-dla-dzieci\/\" \/>\n<meta property=\"og:site_name\" content=\"IH Bielsko - Bia\u0142a\" \/>\n<meta property=\"article:modified_time\" content=\"2020-06-02T09:54:12+00:00\" \/>\n<meta name=\"twitter:card\" content=\"summary_large_image\" \/>\n<meta name=\"twitter:label1\" content=\"Szacowany czas czytania\" \/>\n\t<meta name=\"twitter:data1\" content=\"2 minuty\" \/>\n<script type=\"application\/ld+json\" class=\"yoast-schema-graph\">{\"@context\":\"https:\/\/schema.org\",\"@graph\":[{\"@type\":\"WebPage\",\"@id\":\"https:\/\/www.ih.com.pl\/bielsko-biala\/warsztaty-jezykowe-dla-dzieci\/\",\"url\":\"https:\/\/www.ih.com.pl\/bielsko-biala\/warsztaty-jezykowe-dla-dzieci\/\",\"name\":\"Warsztaty j\u0119zykowe dla dzieci - IH Bielsko - Bia\u0142a\",\"isPartOf\":{\"@id\":\"https:\/\/www.ih.com.pl\/bielsko-biala\/#website\"},\"datePublished\":\"2020-06-01T12:37:11+00:00\",\"dateModified\":\"2020-06-02T09:54:12+00:00\",\"breadcrumb\":{\"@id\":\"https:\/\/www.ih.com.pl\/bielsko-biala\/warsztaty-jezykowe-dla-dzieci\/#breadcrumb\"},\"inLanguage\":\"pl-PL\",\"potentialAction\":[{\"@type\":\"ReadAction\",\"target\":[\"https:\/\/www.ih.com.pl\/bielsko-biala\/warsztaty-jezykowe-dla-dzieci\/\"]}]},{\"@type\":\"BreadcrumbList\",\"@id\":\"https:\/\/www.ih.com.pl\/bielsko-biala\/warsztaty-jezykowe-dla-dzieci\/#breadcrumb\",\"itemListElement\":[{\"@type\":\"ListItem\",\"position\":1,\"name\":\"Strona g\u0142\u00f3wna\",\"item\":\"https:\/\/www.ih.com.pl\/bielsko-biala\/\"},{\"@type\":\"ListItem\",\"position\":2,\"name\":\"Warsztaty j\u0119zykowe dla dzieci\"}]},{\"@type\":\"WebSite\",\"@id\":\"https:\/\/www.ih.com.pl\/bielsko-biala\/#website\",\"url\":\"https:\/\/www.ih.com.pl\/bielsko-biala\/\",\"name\":\"IH Bielsko - Bia\u0142a\",\"description\":\"\",\"potentialAction\":[{\"@type\":\"SearchAction\",\"target\":{\"@type\":\"EntryPoint\",\"urlTemplate\":\"https:\/\/www.ih.com.pl\/bielsko-biala\/?s={search_term_string}\"},\"query-input\":{\"@type\":\"PropertyValueSpecification\",\"valueRequired\":true,\"valueName\":\"search_term_string\"}}],\"inLanguage\":\"pl-PL\"}]}<\/script>\n<!-- \/ Yoast SEO plugin. -->","yoast_head_json":{"title":"Warsztaty j\u0119zykowe dla dzieci - IH Bielsko - Bia\u0142a","robots":{"index":"index","follow":"follow","max-snippet":"max-snippet:-1","max-image-preview":"max-image-preview:large","max-video-preview":"max-video-preview:-1"},"canonical":"https:\/\/www.ih.com.pl\/bielsko-biala\/warsztaty-jezykowe-dla-dzieci\/","og_locale":"pl_PL","og_type":"article","og_title":"Warsztaty j\u0119zykowe dla dzieci - IH Bielsko - Bia\u0142a","og_description":"[vc_row row_height_percent=&#8221;0&#8243; back_color=&#8221;color-gyho&#8221; overlay_alpha=&#8221;50&#8243; gutter_size=&#8221;3&#8243; column_width_percent=&#8221;100&#8243; shift_y=&#8221;0&#8243; z_index=&#8221;0&#8243;][vc_column width=&#8221;1\/2&#8243;][vc_custom_heading text_color=&#8221;color-963377&#8243;]Wakacyjne warsztaty j\u0119zykowe dla dzieci[\/vc_custom_heading][vc_column_text]Tego lata stawiamy na BEZPIECZE\u0143STWO i cho\u0107 [&hellip;]","og_url":"https:\/\/www.ih.com.pl\/bielsko-biala\/warsztaty-jezykowe-dla-dzieci\/","og_site_name":"IH Bielsko - Bia\u0142a","article_modified_time":"2020-06-02T09:54:12+00:00","twitter_card":"summary_large_image","twitter_misc":{"Szacowany czas czytania":"2 minuty"},"schema":{"@context":"https:\/\/schema.org","@graph":[{"@type":"WebPage","@id":"https:\/\/www.ih.com.pl\/bielsko-biala\/warsztaty-jezykowe-dla-dzieci\/","url":"https:\/\/www.ih.com.pl\/bielsko-biala\/warsztaty-jezykowe-dla-dzieci\/","name":"Warsztaty j\u0119zykowe dla dzieci - IH Bielsko - Bia\u0142a","isPartOf":{"@id":"https:\/\/www.ih.com.pl\/bielsko-biala\/#website"},"datePublished":"2020-06-01T12:37:11+00:00","dateModified":"2020-06-02T09:54:12+00:00","breadcrumb":{"@id":"https:\/\/www.ih.com.pl\/bielsko-biala\/warsztaty-jezykowe-dla-dzieci\/#breadcrumb"},"inLanguage":"pl-PL","potentialAction":[{"@type":"ReadAction","target":["https:\/\/www.ih.com.pl\/bielsko-biala\/warsztaty-jezykowe-dla-dzieci\/"]}]},{"@type":"BreadcrumbList","@id":"https:\/\/www.ih.com.pl\/bielsko-biala\/warsztaty-jezykowe-dla-dzieci\/#breadcrumb","itemListElement":[{"@type":"ListItem","position":1,"name":"Strona g\u0142\u00f3wna","item":"https:\/\/www.ih.com.pl\/bielsko-biala\/"},{"@type":"ListItem","position":2,"name":"Warsztaty j\u0119zykowe dla dzieci"}]},{"@type":"WebSite","@id":"https:\/\/www.ih.com.pl\/bielsko-biala\/#website","url":"https:\/\/www.ih.com.pl\/bielsko-biala\/","name":"IH Bielsko - Bia\u0142a","description":"","potentialAction":[{"@type":"SearchAction","target":{"@type":"EntryPoint","urlTemplate":"https:\/\/www.ih.com.pl\/bielsko-biala\/?s={search_term_string}"},"query-input":{"@type":"PropertyValueSpecification","valueRequired":true,"valueName":"search_term_string"}}],"inLanguage":"pl-PL"}]}},"_links":{"self":[{"href":"https:\/\/www.ih.com.pl\/bielsko-biala\/wp-json\/wp\/v2\/pages\/1363","targetHints":{"allow":["GET"]}}],"collection":[{"href":"https:\/\/www.ih.com.pl\/bielsko-biala\/wp-json\/wp\/v2\/pages"}],"about":[{"href":"https:\/\/www.ih.com.pl\/bielsko-biala\/wp-json\/wp\/v2\/types\/page"}],"author":[{"embeddable":true,"href":"https:\/\/www.ih.com.pl\/bielsko-biala\/wp-json\/wp\/v2\/users\/4"}],"replies":[{"embeddable":true,"href":"https:\/\/www.ih.com.pl\/bielsko-biala\/wp-json\/wp\/v2\/comments?post=1363"}],"version-history":[{"count":6,"href":"https:\/\/www.ih.com.pl\/bielsko-biala\/wp-json\/wp\/v2\/pages\/1363\/revisions"}],"predecessor-version":[{"id":1395,"href":"https:\/\/www.ih.com.pl\/bielsko-biala\/wp-json\/wp\/v2\/pages\/1363\/revisions\/1395"}],"wp:attachment":[{"href":"https:\/\/www.ih.com.pl\/bielsko-biala\/wp-json\/wp\/v2\/media?parent=1363"}],"curies":[{"name":"wp","href":"https:\/\/api.w.org\/{rel}","templated":true}]}}

Warsztaty językowe dla dzieci

<div class="wpb-content-wrapper"><p>[vc_row row_height_percent=&#8221;0&#8243; back_color=&#8221;color-gyho&#8221; overlay_alpha=&#8221;50&#8243; gutter_size=&#8221;3&#8243; column_width_percent=&#8221;100&#8243; shift_y=&#8221;0&#8243; z_index=&#8221;0&#8243;][vc_column width=&#8221;1/2&#8243;][vc_custom_heading text_color=&#8221;color-963377&#8243;]<strong>Wakacyjne warsztaty językowe dla dzieci</strong>[/vc_custom_heading][vc_column_text]Tego lata stawiamy na BEZPIECZEŃSTWO i choć nie BOIMY się już tak bardzo wirusów, to jednak chcemy zachować ROZSĄDEK.</p>
<p>Dlatego SUMMER PROJECT 2020 to oferta stacjonarnych warsztatów językowych w całości po angielsku kierowana dla dzieci w  wieku szkolnym (uczniowie klas I-VI).[/vc_column_text][vc_column_text]<strong>S</strong> <strong>–</strong> Słońce jest z nami – The sunshine is with us!</p>
<p><strong>U</strong> <strong>–</strong> Uczymy się dużo – We learn a lot!</p>
<p><strong>M</strong> <strong>–</strong> Marudzimy? NIE ! – No grumbling!</p>
<p><strong>M</strong> <strong>– </strong>Mamy mnóstwo pomysłów – We have lots of ideas!</p>
<p><strong>E –</strong> Energii jeszcze więcej – And even more energy!</p>
<p><strong>R</strong> <strong>–</strong> Razem czujemy się lepiej – Together we feel better!</p>
<p>&nbsp;</p>
<p><strong>P</strong> <strong>– </strong>Przyjemne z pożytecznym łączymy – Fun and useful in one</p>
<p><strong>R</strong> <strong>– </strong>Robimy fajne projekty – We make cool projects!</p>
<p><strong>O</strong> <strong>– </strong>Obserwujemy, testujemy, oceniamy – We observe, test and assess!</p>
<p><strong>J</strong> <strong>–</strong> Jesteśmy trochę szaleni  – We&#8217;re a bit crazy!</p>
<p><strong>E</strong> <strong>– </strong>Emocje w nas buzują – And full of enthusiasm!</p>
<p><strong>C</strong> <strong>–</strong> Cieszymy się latem – Let&#8217;s enjoy summer together!</p>
<p><strong>T –</strong> To jest to! – That’s it![/vc_column_text][/vc_column][vc_column width=&#8221;1/2&#8243;][vc_single_image media=&#8221;1342&#8243; media_width_percent=&#8221;100&#8243;][vc_column_text]</p>
<ul>
<li>Tygodniowe bloki zajęć po angielsku,</li>
<li>terminy: 29.06-03.07 ; 06-11.07 ; 13-17.07 ; 20-24.07 ; 27-31.07,</li>
<li>startujemy w każdy poniedziałek,</li>
<li>3,5 godziny angielskiego po angielsku, każdego dnia w godzinach 9:00 &#8211; 12:30 lub 13:00-16:30,</li>
<li>gry i zabawy, art &amp; science,</li>
<li>małe grupy (6-10 dzieci),</li>
<li>podział z uwagi na wiek (uczniowie klas I-III oraz IV-VI),</li>
<li>cena za jeden tydzień 340 zł.</li>
</ul>
<p>Więcej informacji udzielamy telefonicznie pod nr 33 822 33 30.</p>
<p>Aby zapisać dziecko wystarczy wypełnić  formularz zgłoszeniowy dostępny tutaj.<br />
<a href="https://forms.gle/k5xspgCYYbXBLNra9">FORMULARZ ZGŁOSZENIOWY</a>[/vc_column_text][vc_single_image media=&#8221;1357&#8243; media_width_percent=&#8221;100&#8243;][/vc_column][/vc_row]</p>
</div>

<p>[vc_row row_height_percent=&#8221;0&#8243; back_color=&#8221;color-gyho&#8221; overlay_alpha=&#8221;50&#8243; gutter_size=&#8221;3&#8243; column_width_percent=&#8221;100&#8243; shift_y=&#8221;0&#8243; z_index=&#8221;0&#8243;][vc_column width=&#8221;1/2&#8243;][vc_custom_heading text_color=&#8221;color-963377&#8243;]Wakacyjne warsztaty językowe dla dzieci[/vc_custom_heading][vc_column_text]Tego lata stawiamy na BEZPIECZEŃSTWO i choć [&hellip;]</p>

<!-- This site is optimized with the Yoast SEO plugin v26.8 - https://yoast.com/product/yoast-seo-wordpress/ -->
<title>Warsztaty językowe dla dzieci - IH Bielsko - Biała</title>
<meta name="robots" content="index, follow, max-snippet:-1, max-image-preview:large, max-video-preview:-1" />
<link rel="canonical" href="https://www.ih.com.pl/bielsko-biala/warsztaty-jezykowe-dla-dzieci/" />
<meta property="og:locale" content="pl_PL" />
<meta property="og:type" content="article" />
<meta property="og:title" content="Warsztaty językowe dla dzieci - IH Bielsko - Biała" />
<meta property="og:description" content="[vc_row row_height_percent=&#8221;0&#8243; back_color=&#8221;color-gyho&#8221; overlay_alpha=&#8221;50&#8243; gutter_size=&#8221;3&#8243; column_width_percent=&#8221;100&#8243; shift_y=&#8221;0&#8243; z_index=&#8221;0&#8243;][vc_column width=&#8221;1/2&#8243;][vc_custom_heading text_color=&#8221;color-963377&#8243;]Wakacyjne warsztaty językowe dla dzieci[/vc_custom_heading][vc_column_text]Tego lata stawiamy na BEZPIECZEŃSTWO i choć [&hellip;]" />
<meta property="og:url" content="https://www.ih.com.pl/bielsko-biala/warsztaty-jezykowe-dla-dzieci/" />
<meta property="og:site_name" content="IH Bielsko - Biała" />
<meta property="article:modified_time" content="2020-06-02T09:54:12+00:00" />
<meta name="twitter:card" content="summary_large_image" />
<meta name="twitter:label1" content="Szacowany czas czytania" />
	<meta name="twitter:data1" content="2 minuty" />
<script type="application/ld+json" class="yoast-schema-graph">{"@context":"https://schema.org","@graph":[{"@type":"WebPage","@id":"https://www.ih.com.pl/bielsko-biala/warsztaty-jezykowe-dla-dzieci/","url":"https://www.ih.com.pl/bielsko-biala/warsztaty-jezykowe-dla-dzieci/","name":"Warsztaty językowe dla dzieci - IH Bielsko - Biała","isPartOf":{"@id":"https://www.ih.com.pl/bielsko-biala/#website"},"datePublished":"2020-06-01T12:37:11+00:00","dateModified":"2020-06-02T09:54:12+00:00","breadcrumb":{"@id":"https://www.ih.com.pl/bielsko-biala/warsztaty-jezykowe-dla-dzieci/#breadcrumb"},"inLanguage":"pl-PL","potentialAction":[{"@type":"ReadAction","target":["https://www.ih.com.pl/bielsko-biala/warsztaty-jezykowe-dla-dzieci/"]}]},{"@type":"BreadcrumbList","@id":"https://www.ih.com.pl/bielsko-biala/warsztaty-jezykowe-dla-dzieci/#breadcrumb","itemListElement":[{"@type":"ListItem","position":1,"name":"Strona główna","item":"https://www.ih.com.pl/bielsko-biala/"},{"@type":"ListItem","position":2,"name":"Warsztaty językowe dla dzieci"}]},{"@type":"WebSite","@id":"https://www.ih.com.pl/bielsko-biala/#website","url":"https://www.ih.com.pl/bielsko-biala/","name":"IH Bielsko - Biała","description":"","potentialAction":[{"@type":"SearchAction","target":{"@type":"EntryPoint","urlTemplate":"https://www.ih.com.pl/bielsko-biala/?s={search_term_string}"},"query-input":{"@type":"PropertyValueSpecification","valueRequired":true,"valueName":"search_term_string"}}],"inLanguage":"pl-PL"}]}</script>
<!-- / Yoast SEO plugin. -->

Warsztaty językowe dla dzieci - IH Bielsko - Biała

[vc_row row_height_percent=&#8221;0&#8243; back_color=&#8221;color-gyho&#8221; overlay_alpha=&#8221;50&#8243; gutter_size=&#8221;3&#8243; column_width_percent=&#8221;100&#8243; shift_y=&#8221;0&#8243; z_index=&#8221;0&#8243;][vc_column width=&#8221;1/2&#8243;][vc_custom_heading text_color=&#8221;color-963377&#8243;]Wakacyjne warsztaty językowe dla dzieci[/vc_custom_heading][vc_column_text]Tego lata stawiamy na BEZPIECZEŃSTWO i choć [&hellip;]

IH Bielsko - Biała

Strona główna
