{"id":1724,"date":"2020-10-05T15:01:03","date_gmt":"2020-10-05T13:01:03","guid":{"rendered":"https:\/\/www.ih.com.pl\/bielsko-biala\/?page_id=1724"},"modified":"2026-01-26T09:22:43","modified_gmt":"2026-01-26T08:22:43","slug":"co-zrobic-gdy-jestem-chory-lub-na-kwarantannie","status":"publish","type":"page","link":"https:\/\/www.ih.com.pl\/bielsko-biala\/co-zrobic-gdy-jestem-chory-lub-na-kwarantannie\/","title":{"rendered":"&#8222;Flexi lessons&#8221;, czyli gdy nie mog\u0119 wzi\u0105\u0107 udzia\u0142u w zaj\u0119ciach stacjonarnych"},"content":{"rendered":"<div class=\"wpb-content-wrapper\"><p>[vc_row][vc_column width=&#8221;1\/1&#8243;][vc_custom_heading]\u201eFlexi lessons\u201d \u2013 na czym polegaj\u0105 i jak z nich skorzysta\u0107[\/vc_custom_heading][\/vc_column][\/vc_row][vc_row][vc_column width=&#8221;2\/3&#8243;][vc_column_text uncode_shortcode_id=&#8221;945852&#8243;]<\/p>\n<ol>\n<li>\u201eFlexi lessons\u201d to rodzaj lekcji, kt\u00f3ra pozwala S\u0142uchaczowi pozostaj\u0105cemu w domu (z uwagi np. na kwarantann\u0119, chorob\u0119 lub inne okoliczno\u015bci), na obserwacj\u0119 zaj\u0119\u0107 jego grupy w czasie rzeczywistym..<\/li>\n<li>Warunkiem koniecznym do skorzystania z \u201eFlexi lessons\u201d jest poinformowanie o tym Szko\u0142y IH poprzez wype\u0142nienie formularza zg\u0142oszeniowego, kt\u00f3ry dost\u0119pny jest pod adresem <a href=\"https:\/\/forms.gle\/Mqq4UhcjPf2ZB2mo7\">https:\/\/forms.gle\/Mqq4UhcjPf2ZB2mo7<\/a> najp\u00f3\u017aniej do godziny 13:00 w dniu, w kt\u00f3rym S\u0142uchacz b\u0119dzie nieobecny (poprowadzenie \u201eFlexi lessons\u201d wymaga specjalnego, wcze\u015bniejszego przygotowania sali oraz materia\u0142\u00f3w do zaj\u0119\u0107 przez lektora prowadz\u0105cego)..<\/li>\n<li>W odpowiedzi na wype\u0142nienie powy\u017cszego formularza, S\u0142uchacz otrzyma link do aplikacji Zoom wraz z ID nauczyciela i has\u0142em do lekcji.<\/li>\n<li>O godzinie zgodnej z regularnym planem zaj\u0119\u0107, S\u0142uchacz po\u0142\u0105czy si\u0119 z domu poprzez platform\u0119 Zoom ze swoim nauczycielem, kt\u00f3ry b\u0119dzie prowadzi\u0142 tradycyjne zaj\u0119cia w sali lekcyjnej w budynku IH dla pozosta\u0142ych s\u0142uchaczy.<\/li>\n<li>S\u0142uchacz obserwuj\u0105cy lekcj\u0119 w ramach \u201eFlexi lessons\u201d mo\u017ce wykonywa\u0107 wszystkie \u0107wiczenia, kt\u00f3re zadaje nauczyciel; ma podgl\u0105d w czasie rzeczywistym na prezentacje i inne materia\u0142y prezentowane przez lektora podczas zaj\u0119\u0107. Nie jest technicznie mo\u017cliwa interakcja z pozostaj\u0105cymi w sali lekcyjnej osobami (lektor i s\u0142uchacze). S\u0142uchacz korzystaj\u0105cy z \u201eFlexi lessons\u201d otrzymuje nieobecno\u015b\u0107 w dzienniku zaj\u0119\u0107 lekcyjnych.<\/li>\n<li>\u201eFlexi lessons\u201d z uwagi na mo\u017cliwo\u015bci techniczne S\u0142uchacza i Szko\u0142y oraz powy\u017csze za\u0142o\u017cenia nie mog\u0105 zast\u0105pi\u0107 lekcji tradycyjnie prowadzonych w budynku szkolnym, a s\u0105 jedynie alternatyw\u0105 w sytuacji choroby\/kwarantanny lub sporadycznego braku mo\u017cliwo\u015bci uczestniczenia w zaj\u0119ciach standardowych. D\u0142ugotrwa\u0142e korzystanie z \u201eFlexi lessons\u201d w miejsce lekcji standardowych mo\u017ce spowolni\u0107 za\u0142o\u017cony post\u0119p i rozw\u00f3j j\u0119zykowy, szczeg\u00f3lnie w obszarze m\u00f3wienia. Szko\u0142a IH zastrzega sobie prawo do kontaktu ze S\u0142uchaczem, kt\u00f3ry korzysta z \u201eFlexi lessons\u201d nieprzerwanie od co najmniej 6 lekcji w celu weryfikacji zasadno\u015bci korzystania z powy\u017cszej formy zaj\u0119\u0107.<\/li>\n<\/ol>\n<p>[\/vc_column_text][\/vc_column][vc_column width=&#8221;1\/3&#8243;][vc_single_image media=&#8221;1788&#8243; media_width_percent=&#8221;100&#8243;][vc_single_image media=&#8221;1242&#8243; media_width_percent=&#8221;100&#8243;][\/vc_column][\/vc_row]<\/p>\n<\/div>","protected":false},"excerpt":{"rendered":"<p>[vc_row][vc_column width=&#8221;1\/1&#8243;][vc_custom_heading]\u201eFlexi lessons\u201d \u2013 na czym polegaj\u0105 i jak z nich skorzysta\u0107[\/vc_custom_heading][\/vc_column][\/vc_row][vc_row][vc_column width=&#8221;2\/3&#8243;][vc_column_text uncode_shortcode_id=&#8221;945852&#8243;] \u201eFlexi lessons\u201d to rodzaj lekcji, kt\u00f3ra [&hellip;]<\/p>\n","protected":false},"author":4,"featured_media":0,"parent":0,"menu_order":0,"comment_status":"closed","ping_status":"closed","template":"","meta":{"footnotes":""},"class_list":["post-1724","page","type-page","status-publish","hentry"],"yoast_head":"<!-- This site is optimized with the Yoast SEO plugin v26.8 - https:\/\/yoast.com\/product\/yoast-seo-wordpress\/ -->\n<title>&quot;Flexi lessons&quot;, czyli gdy nie mog\u0119 wzi\u0105\u0107 udzia\u0142u w zaj\u0119ciach stacjonarnych - IH Bielsko - Bia\u0142a<\/title>\n<meta name=\"robots\" content=\"index, follow, max-snippet:-1, max-image-preview:large, max-video-preview:-1\" \/>\n<link rel=\"canonical\" href=\"https:\/\/www.ih.com.pl\/bielsko-biala\/co-zrobic-gdy-jestem-chory-lub-na-kwarantannie\/\" \/>\n<meta property=\"og:locale\" content=\"pl_PL\" \/>\n<meta property=\"og:type\" content=\"article\" \/>\n<meta property=\"og:title\" content=\"&quot;Flexi lessons&quot;, czyli gdy nie mog\u0119 wzi\u0105\u0107 udzia\u0142u w zaj\u0119ciach stacjonarnych - IH Bielsko - Bia\u0142a\" \/>\n<meta property=\"og:description\" content=\"[vc_row][vc_column width=&#8221;1\/1&#8243;][vc_custom_heading]\u201eFlexi lessons\u201d \u2013 na czym polegaj\u0105 i jak z nich skorzysta\u0107[\/vc_custom_heading][\/vc_column][\/vc_row][vc_row][vc_column width=&#8221;2\/3&#8243;][vc_column_text uncode_shortcode_id=&#8221;945852&#8243;] \u201eFlexi lessons\u201d to rodzaj lekcji, kt\u00f3ra [&hellip;]\" \/>\n<meta property=\"og:url\" content=\"https:\/\/www.ih.com.pl\/bielsko-biala\/co-zrobic-gdy-jestem-chory-lub-na-kwarantannie\/\" \/>\n<meta property=\"og:site_name\" content=\"IH Bielsko - Bia\u0142a\" \/>\n<meta property=\"article:modified_time\" content=\"2026-01-26T08:22:43+00:00\" \/>\n<meta name=\"twitter:card\" content=\"summary_large_image\" \/>\n<meta name=\"twitter:label1\" content=\"Szacowany czas czytania\" \/>\n\t<meta name=\"twitter:data1\" content=\"2 minuty\" \/>\n<script type=\"application\/ld+json\" class=\"yoast-schema-graph\">{\"@context\":\"https:\/\/schema.org\",\"@graph\":[{\"@type\":\"WebPage\",\"@id\":\"https:\/\/www.ih.com.pl\/bielsko-biala\/co-zrobic-gdy-jestem-chory-lub-na-kwarantannie\/\",\"url\":\"https:\/\/www.ih.com.pl\/bielsko-biala\/co-zrobic-gdy-jestem-chory-lub-na-kwarantannie\/\",\"name\":\"\\\"Flexi lessons\\\", czyli gdy nie mog\u0119 wzi\u0105\u0107 udzia\u0142u w zaj\u0119ciach stacjonarnych - IH Bielsko - Bia\u0142a\",\"isPartOf\":{\"@id\":\"https:\/\/www.ih.com.pl\/bielsko-biala\/#website\"},\"datePublished\":\"2020-10-05T13:01:03+00:00\",\"dateModified\":\"2026-01-26T08:22:43+00:00\",\"breadcrumb\":{\"@id\":\"https:\/\/www.ih.com.pl\/bielsko-biala\/co-zrobic-gdy-jestem-chory-lub-na-kwarantannie\/#breadcrumb\"},\"inLanguage\":\"pl-PL\",\"potentialAction\":[{\"@type\":\"ReadAction\",\"target\":[\"https:\/\/www.ih.com.pl\/bielsko-biala\/co-zrobic-gdy-jestem-chory-lub-na-kwarantannie\/\"]}]},{\"@type\":\"BreadcrumbList\",\"@id\":\"https:\/\/www.ih.com.pl\/bielsko-biala\/co-zrobic-gdy-jestem-chory-lub-na-kwarantannie\/#breadcrumb\",\"itemListElement\":[{\"@type\":\"ListItem\",\"position\":1,\"name\":\"Strona g\u0142\u00f3wna\",\"item\":\"https:\/\/www.ih.com.pl\/bielsko-biala\/\"},{\"@type\":\"ListItem\",\"position\":2,\"name\":\"&#8222;Flexi lessons&#8221;, czyli gdy nie mog\u0119 wzi\u0105\u0107 udzia\u0142u w zaj\u0119ciach stacjonarnych\"}]},{\"@type\":\"WebSite\",\"@id\":\"https:\/\/www.ih.com.pl\/bielsko-biala\/#website\",\"url\":\"https:\/\/www.ih.com.pl\/bielsko-biala\/\",\"name\":\"IH Bielsko - Bia\u0142a\",\"description\":\"\",\"potentialAction\":[{\"@type\":\"SearchAction\",\"target\":{\"@type\":\"EntryPoint\",\"urlTemplate\":\"https:\/\/www.ih.com.pl\/bielsko-biala\/?s={search_term_string}\"},\"query-input\":{\"@type\":\"PropertyValueSpecification\",\"valueRequired\":true,\"valueName\":\"search_term_string\"}}],\"inLanguage\":\"pl-PL\"}]}<\/script>\n<!-- \/ Yoast SEO plugin. -->","yoast_head_json":{"title":"\"Flexi lessons\", czyli gdy nie mog\u0119 wzi\u0105\u0107 udzia\u0142u w zaj\u0119ciach stacjonarnych - IH Bielsko - Bia\u0142a","robots":{"index":"index","follow":"follow","max-snippet":"max-snippet:-1","max-image-preview":"max-image-preview:large","max-video-preview":"max-video-preview:-1"},"canonical":"https:\/\/www.ih.com.pl\/bielsko-biala\/co-zrobic-gdy-jestem-chory-lub-na-kwarantannie\/","og_locale":"pl_PL","og_type":"article","og_title":"\"Flexi lessons\", czyli gdy nie mog\u0119 wzi\u0105\u0107 udzia\u0142u w zaj\u0119ciach stacjonarnych - IH Bielsko - Bia\u0142a","og_description":"[vc_row][vc_column width=&#8221;1\/1&#8243;][vc_custom_heading]\u201eFlexi lessons\u201d \u2013 na czym polegaj\u0105 i jak z nich skorzysta\u0107[\/vc_custom_heading][\/vc_column][\/vc_row][vc_row][vc_column width=&#8221;2\/3&#8243;][vc_column_text uncode_shortcode_id=&#8221;945852&#8243;] \u201eFlexi lessons\u201d to rodzaj lekcji, kt\u00f3ra [&hellip;]","og_url":"https:\/\/www.ih.com.pl\/bielsko-biala\/co-zrobic-gdy-jestem-chory-lub-na-kwarantannie\/","og_site_name":"IH Bielsko - Bia\u0142a","article_modified_time":"2026-01-26T08:22:43+00:00","twitter_card":"summary_large_image","twitter_misc":{"Szacowany czas czytania":"2 minuty"},"schema":{"@context":"https:\/\/schema.org","@graph":[{"@type":"WebPage","@id":"https:\/\/www.ih.com.pl\/bielsko-biala\/co-zrobic-gdy-jestem-chory-lub-na-kwarantannie\/","url":"https:\/\/www.ih.com.pl\/bielsko-biala\/co-zrobic-gdy-jestem-chory-lub-na-kwarantannie\/","name":"\"Flexi lessons\", czyli gdy nie mog\u0119 wzi\u0105\u0107 udzia\u0142u w zaj\u0119ciach stacjonarnych - IH Bielsko - Bia\u0142a","isPartOf":{"@id":"https:\/\/www.ih.com.pl\/bielsko-biala\/#website"},"datePublished":"2020-10-05T13:01:03+00:00","dateModified":"2026-01-26T08:22:43+00:00","breadcrumb":{"@id":"https:\/\/www.ih.com.pl\/bielsko-biala\/co-zrobic-gdy-jestem-chory-lub-na-kwarantannie\/#breadcrumb"},"inLanguage":"pl-PL","potentialAction":[{"@type":"ReadAction","target":["https:\/\/www.ih.com.pl\/bielsko-biala\/co-zrobic-gdy-jestem-chory-lub-na-kwarantannie\/"]}]},{"@type":"BreadcrumbList","@id":"https:\/\/www.ih.com.pl\/bielsko-biala\/co-zrobic-gdy-jestem-chory-lub-na-kwarantannie\/#breadcrumb","itemListElement":[{"@type":"ListItem","position":1,"name":"Strona g\u0142\u00f3wna","item":"https:\/\/www.ih.com.pl\/bielsko-biala\/"},{"@type":"ListItem","position":2,"name":"&#8222;Flexi lessons&#8221;, czyli gdy nie mog\u0119 wzi\u0105\u0107 udzia\u0142u w zaj\u0119ciach stacjonarnych"}]},{"@type":"WebSite","@id":"https:\/\/www.ih.com.pl\/bielsko-biala\/#website","url":"https:\/\/www.ih.com.pl\/bielsko-biala\/","name":"IH Bielsko - Bia\u0142a","description":"","potentialAction":[{"@type":"SearchAction","target":{"@type":"EntryPoint","urlTemplate":"https:\/\/www.ih.com.pl\/bielsko-biala\/?s={search_term_string}"},"query-input":{"@type":"PropertyValueSpecification","valueRequired":true,"valueName":"search_term_string"}}],"inLanguage":"pl-PL"}]}},"_links":{"self":[{"href":"https:\/\/www.ih.com.pl\/bielsko-biala\/wp-json\/wp\/v2\/pages\/1724","targetHints":{"allow":["GET"]}}],"collection":[{"href":"https:\/\/www.ih.com.pl\/bielsko-biala\/wp-json\/wp\/v2\/pages"}],"about":[{"href":"https:\/\/www.ih.com.pl\/bielsko-biala\/wp-json\/wp\/v2\/types\/page"}],"author":[{"embeddable":true,"href":"https:\/\/www.ih.com.pl\/bielsko-biala\/wp-json\/wp\/v2\/users\/4"}],"replies":[{"embeddable":true,"href":"https:\/\/www.ih.com.pl\/bielsko-biala\/wp-json\/wp\/v2\/comments?post=1724"}],"version-history":[{"count":15,"href":"https:\/\/www.ih.com.pl\/bielsko-biala\/wp-json\/wp\/v2\/pages\/1724\/revisions"}],"predecessor-version":[{"id":5429,"href":"https:\/\/www.ih.com.pl\/bielsko-biala\/wp-json\/wp\/v2\/pages\/1724\/revisions\/5429"}],"wp:attachment":[{"href":"https:\/\/www.ih.com.pl\/bielsko-biala\/wp-json\/wp\/v2\/media?parent=1724"}],"curies":[{"name":"wp","href":"https:\/\/api.w.org\/{rel}","templated":true}]}}