{"id":4714,"date":"2024-06-25T14:54:14","date_gmt":"2024-06-25T12:54:14","guid":{"rendered":"https:\/\/www.ih.com.pl\/bielsko-biala\/?page_id=4714"},"modified":"2024-06-25T15:06:03","modified_gmt":"2024-06-25T13:06:03","slug":"kursy-raz-w-tygodniu","status":"publish","type":"page","link":"https:\/\/www.ih.com.pl\/bielsko-biala\/kursy-raz-w-tygodniu\/","title":{"rendered":"Kursy raz w tygodniu oraz NOWO\u015a\u0106 &#8222;Early start&#8221;"},"content":{"rendered":"<div class=\"wpb-content-wrapper\"><p>[vc_row][vc_column width=&#8221;1\/1&#8243;][vc_row_inner row_inner_height_percent=&#8221;0&#8243; overlay_alpha=&#8221;50&#8243; gutter_size=&#8221;2&#8243; border_color=&#8221;color-gyho&#8221; border_style=&#8221;solid&#8221; shift_y=&#8221;0&#8243; z_index=&#8221;0&#8243; css=&#8221;.vc_custom_1576229437570{border-top-width: 4px !important;border-right-width: 4px !important;border-bottom-width: 4px !important;border-left-width: 4px !important;}&#8221;][vc_column_inner column_width_percent=&#8221;100&#8243; position_vertical=&#8221;middle&#8221; gutter_size=&#8221;2&#8243; override_padding=&#8221;yes&#8221; column_padding=&#8221;2&#8243; overlay_alpha=&#8221;50&#8243; shift_x=&#8221;0&#8243; shift_y=&#8221;0&#8243; shift_y_down=&#8221;0&#8243; z_index=&#8221;0&#8243; medium_width=&#8221;0&#8243; mobile_width=&#8221;0&#8243; width=&#8221;1\/3&#8243;][vc_custom_heading heading_semantic=&#8221;h4&#8243; text_size=&#8221;bigtext&#8221; text_color=&#8221;color-wayh&#8221; separator=&#8221;yes&#8221;]KURSY ANGIELSKIEGO DLA NASTOLATK\u00d3W prowadzone raz w tygodniu[\/vc_custom_heading][vc_column_text]<\/p>\n<ul>\n<li>Trwaj\u0105 od pa\u017adziernika do czerwca<\/li>\n<li>Zaj\u0119cia odbywaj\u0105 si\u0119 raz w tygodniu w pi\u0105tki od 15:30 lub 17:15<\/li>\n<li><strong>NOWO\u015a\u0106 &#8211; zaj\u0119cia odbywaj\u0105 si\u0119 raz w tygodniu (poniedzia\u0142ek-czwartek) od 14:00<\/strong><\/li>\n<li>Grupy licz\u0105 od 5 do 10 os\u00f3b.<\/li>\n<\/ul>\n<p>[\/vc_column_text][\/vc_column_inner][vc_column_inner column_width_percent=&#8221;100&#8243; position_vertical=&#8221;middle&#8221; gutter_size=&#8221;2&#8243; override_padding=&#8221;yes&#8221; column_padding=&#8221;2&#8243; overlay_alpha=&#8221;50&#8243; shift_x=&#8221;0&#8243; shift_y=&#8221;0&#8243; shift_y_down=&#8221;0&#8243; z_index=&#8221;0&#8243; medium_width=&#8221;0&#8243; mobile_width=&#8221;0&#8243; width=&#8221;2\/3&#8243;][vc_single_image media=&#8221;4233&#8243; media_width_percent=&#8221;100&#8243; media_link=&#8221;url:https%3A%2F%2Fwww.ih.com.pl%2Fbielsko-biala%2Fwp-content%2Fuploads%2Fsites%2F2%2F2023%2F06%2Fm%C5%82odzie%C5%BC-i-doro%C5%9Bli-2023_2024-scaled.jpg||target:%20_blank|&#8221;][\/vc_column_inner][\/vc_row_inner][\/vc_column][\/vc_row][vc_row][vc_column width=&#8221;1\/2&#8243;][vc_column_text]Zaj\u0119cia raz w tygodniu to \u015bwietna alternatywa dla tych uczni\u00f3w, kt\u00f3rzy maj\u0105 bardzo du\u017co lekcji i innych zaj\u0119\u0107 w ci\u0105gu tygodnia i nie s\u0105 w stanie uczestniczy\u0107 w naszych kursach w standardowym trybie, czyli dwa raz w tygodniu.<\/p>\n<p>W grupach raz w tygodniu realizujemy ten sam materia\u0142 pracuj\u0105c w oparciu o te same podr\u0119czniki, ale jeden poziom zaawansowania przewidziany jest na dwa lata.<\/p>\n<p>Dodatkowo od tego roku szkolnego wprowadzamy now\u0105 opcj\u0119 zaj\u0119\u0107 raz w tygodniu &#8222;Early start&#8221;, czyli zaj\u0119cia, kt\u00f3re rozpoczynaj\u0105 si\u0119 ju\u017c o 14:00. Wcze\u015bnie? Spora cz\u0119\u015b\u0107 uczni\u00f3w w starszych klasach szko\u0142y podstawowej ko\u0144czy zaj\u0119cia ju\u017c po 13:00. Zatem zamiast wraca\u0107 do domu i przyje\u017cd\u017ca\u0107 do IH na 15:30 mog\u0105 przyj\u015b\u0107 na angielski prosto po szkole. Jakie s\u0105 korzy\u015bci &#8211; jedna, zasadnicza &#8211; o 15:15 mo\u017cna ju\u017c by\u0107 po zaj\u0119ciach w IH!<\/p>\n<p>Wi\u0119cej informacji o poziomach i systemie nauki <a href=\"https:\/\/www.ih.com.pl\/bielsko-biala\/kursy-dla-starszych-dzieci-mlodziezy\/\" target=\"_blank\" rel=\"noopener noreferrer\">https:\/\/www.ih.com.pl\/bielsko-biala\/kursy-dla-starszych-dzieci-mlodziezy\/<\/a><\/p>\n<p>Masz pytania \u2013 skontaktuj si\u0119 z naszym biurem mailowo <a href=\"mailto:bielsko@ih.com.pl\">bielsko@ih.com.pl<\/a> lub telefonicznie: <a href=\"tel:338223330\">33\u00a0822 33 30<\/a>.[\/vc_column_text][\/vc_column][vc_column width=&#8221;1\/2&#8243;][vc_single_image media=&#8221;4718&#8243; media_width_percent=&#8221;100&#8243;][\/vc_column][\/vc_row]<\/p>\n<\/div>","protected":false},"excerpt":{"rendered":"<p>[vc_row][vc_column width=&#8221;1\/1&#8243;][vc_row_inner row_inner_height_percent=&#8221;0&#8243; overlay_alpha=&#8221;50&#8243; gutter_size=&#8221;2&#8243; border_color=&#8221;color-gyho&#8221; border_style=&#8221;solid&#8221; shift_y=&#8221;0&#8243; z_index=&#8221;0&#8243; css=&#8221;.vc_custom_1576229437570{border-top-width: 4px !important;border-right-width: 4px !important;border-bottom-width: 4px !important;border-left-width: 4px !important;}&#8221;][vc_column_inner column_width_percent=&#8221;100&#8243; position_vertical=&#8221;middle&#8221; [&hellip;]<\/p>\n","protected":false},"author":4,"featured_media":0,"parent":0,"menu_order":0,"comment_status":"closed","ping_status":"closed","template":"","meta":{"footnotes":""},"class_list":["post-4714","page","type-page","status-publish","hentry"],"yoast_head":"<!-- This site is optimized with the Yoast SEO plugin v26.8 - https:\/\/yoast.com\/product\/yoast-seo-wordpress\/ -->\n<title>Kursy raz w tygodniu oraz NOWO\u015a\u0106 &quot;Early start&quot; - IH Bielsko - Bia\u0142a<\/title>\n<meta name=\"robots\" content=\"index, follow, max-snippet:-1, max-image-preview:large, max-video-preview:-1\" \/>\n<link rel=\"canonical\" href=\"https:\/\/www.ih.com.pl\/bielsko-biala\/kursy-raz-w-tygodniu\/\" \/>\n<meta property=\"og:locale\" content=\"pl_PL\" \/>\n<meta property=\"og:type\" content=\"article\" \/>\n<meta property=\"og:title\" content=\"Kursy raz w tygodniu oraz NOWO\u015a\u0106 &quot;Early start&quot; - IH Bielsko - Bia\u0142a\" \/>\n<meta property=\"og:description\" content=\"[vc_row][vc_column width=&#8221;1\/1&#8243;][vc_row_inner row_inner_height_percent=&#8221;0&#8243; overlay_alpha=&#8221;50&#8243; gutter_size=&#8221;2&#8243; border_color=&#8221;color-gyho&#8221; border_style=&#8221;solid&#8221; shift_y=&#8221;0&#8243; z_index=&#8221;0&#8243; css=&#8221;.vc_custom_1576229437570{border-top-width: 4px !important;border-right-width: 4px !important;border-bottom-width: 4px !important;border-left-width: 4px !important;}&#8221;][vc_column_inner column_width_percent=&#8221;100&#8243; position_vertical=&#8221;middle&#8221; [&hellip;]\" \/>\n<meta property=\"og:url\" content=\"https:\/\/www.ih.com.pl\/bielsko-biala\/kursy-raz-w-tygodniu\/\" \/>\n<meta property=\"og:site_name\" content=\"IH Bielsko - Bia\u0142a\" \/>\n<meta property=\"article:modified_time\" content=\"2024-06-25T13:06:03+00:00\" \/>\n<meta name=\"twitter:card\" content=\"summary_large_image\" \/>\n<meta name=\"twitter:label1\" content=\"Szacowany czas czytania\" \/>\n\t<meta name=\"twitter:data1\" content=\"2 minuty\" \/>\n<script type=\"application\/ld+json\" class=\"yoast-schema-graph\">{\"@context\":\"https:\/\/schema.org\",\"@graph\":[{\"@type\":\"WebPage\",\"@id\":\"https:\/\/www.ih.com.pl\/bielsko-biala\/kursy-raz-w-tygodniu\/\",\"url\":\"https:\/\/www.ih.com.pl\/bielsko-biala\/kursy-raz-w-tygodniu\/\",\"name\":\"Kursy raz w tygodniu oraz NOWO\u015a\u0106 \\\"Early start\\\" - IH Bielsko - Bia\u0142a\",\"isPartOf\":{\"@id\":\"https:\/\/www.ih.com.pl\/bielsko-biala\/#website\"},\"datePublished\":\"2024-06-25T12:54:14+00:00\",\"dateModified\":\"2024-06-25T13:06:03+00:00\",\"breadcrumb\":{\"@id\":\"https:\/\/www.ih.com.pl\/bielsko-biala\/kursy-raz-w-tygodniu\/#breadcrumb\"},\"inLanguage\":\"pl-PL\",\"potentialAction\":[{\"@type\":\"ReadAction\",\"target\":[\"https:\/\/www.ih.com.pl\/bielsko-biala\/kursy-raz-w-tygodniu\/\"]}]},{\"@type\":\"BreadcrumbList\",\"@id\":\"https:\/\/www.ih.com.pl\/bielsko-biala\/kursy-raz-w-tygodniu\/#breadcrumb\",\"itemListElement\":[{\"@type\":\"ListItem\",\"position\":1,\"name\":\"Strona g\u0142\u00f3wna\",\"item\":\"https:\/\/www.ih.com.pl\/bielsko-biala\/\"},{\"@type\":\"ListItem\",\"position\":2,\"name\":\"Kursy raz w tygodniu oraz NOWO\u015a\u0106 &#8222;Early start&#8221;\"}]},{\"@type\":\"WebSite\",\"@id\":\"https:\/\/www.ih.com.pl\/bielsko-biala\/#website\",\"url\":\"https:\/\/www.ih.com.pl\/bielsko-biala\/\",\"name\":\"IH Bielsko - Bia\u0142a\",\"description\":\"\",\"potentialAction\":[{\"@type\":\"SearchAction\",\"target\":{\"@type\":\"EntryPoint\",\"urlTemplate\":\"https:\/\/www.ih.com.pl\/bielsko-biala\/?s={search_term_string}\"},\"query-input\":{\"@type\":\"PropertyValueSpecification\",\"valueRequired\":true,\"valueName\":\"search_term_string\"}}],\"inLanguage\":\"pl-PL\"}]}<\/script>\n<!-- \/ Yoast SEO plugin. -->","yoast_head_json":{"title":"Kursy raz w tygodniu oraz NOWO\u015a\u0106 \"Early start\" - IH Bielsko - Bia\u0142a","robots":{"index":"index","follow":"follow","max-snippet":"max-snippet:-1","max-image-preview":"max-image-preview:large","max-video-preview":"max-video-preview:-1"},"canonical":"https:\/\/www.ih.com.pl\/bielsko-biala\/kursy-raz-w-tygodniu\/","og_locale":"pl_PL","og_type":"article","og_title":"Kursy raz w tygodniu oraz NOWO\u015a\u0106 \"Early start\" - IH Bielsko - Bia\u0142a","og_description":"[vc_row][vc_column width=&#8221;1\/1&#8243;][vc_row_inner row_inner_height_percent=&#8221;0&#8243; overlay_alpha=&#8221;50&#8243; gutter_size=&#8221;2&#8243; border_color=&#8221;color-gyho&#8221; border_style=&#8221;solid&#8221; shift_y=&#8221;0&#8243; z_index=&#8221;0&#8243; css=&#8221;.vc_custom_1576229437570{border-top-width: 4px !important;border-right-width: 4px !important;border-bottom-width: 4px !important;border-left-width: 4px !important;}&#8221;][vc_column_inner column_width_percent=&#8221;100&#8243; position_vertical=&#8221;middle&#8221; [&hellip;]","og_url":"https:\/\/www.ih.com.pl\/bielsko-biala\/kursy-raz-w-tygodniu\/","og_site_name":"IH Bielsko - Bia\u0142a","article_modified_time":"2024-06-25T13:06:03+00:00","twitter_card":"summary_large_image","twitter_misc":{"Szacowany czas czytania":"2 minuty"},"schema":{"@context":"https:\/\/schema.org","@graph":[{"@type":"WebPage","@id":"https:\/\/www.ih.com.pl\/bielsko-biala\/kursy-raz-w-tygodniu\/","url":"https:\/\/www.ih.com.pl\/bielsko-biala\/kursy-raz-w-tygodniu\/","name":"Kursy raz w tygodniu oraz NOWO\u015a\u0106 \"Early start\" - IH Bielsko - Bia\u0142a","isPartOf":{"@id":"https:\/\/www.ih.com.pl\/bielsko-biala\/#website"},"datePublished":"2024-06-25T12:54:14+00:00","dateModified":"2024-06-25T13:06:03+00:00","breadcrumb":{"@id":"https:\/\/www.ih.com.pl\/bielsko-biala\/kursy-raz-w-tygodniu\/#breadcrumb"},"inLanguage":"pl-PL","potentialAction":[{"@type":"ReadAction","target":["https:\/\/www.ih.com.pl\/bielsko-biala\/kursy-raz-w-tygodniu\/"]}]},{"@type":"BreadcrumbList","@id":"https:\/\/www.ih.com.pl\/bielsko-biala\/kursy-raz-w-tygodniu\/#breadcrumb","itemListElement":[{"@type":"ListItem","position":1,"name":"Strona g\u0142\u00f3wna","item":"https:\/\/www.ih.com.pl\/bielsko-biala\/"},{"@type":"ListItem","position":2,"name":"Kursy raz w tygodniu oraz NOWO\u015a\u0106 &#8222;Early start&#8221;"}]},{"@type":"WebSite","@id":"https:\/\/www.ih.com.pl\/bielsko-biala\/#website","url":"https:\/\/www.ih.com.pl\/bielsko-biala\/","name":"IH Bielsko - Bia\u0142a","description":"","potentialAction":[{"@type":"SearchAction","target":{"@type":"EntryPoint","urlTemplate":"https:\/\/www.ih.com.pl\/bielsko-biala\/?s={search_term_string}"},"query-input":{"@type":"PropertyValueSpecification","valueRequired":true,"valueName":"search_term_string"}}],"inLanguage":"pl-PL"}]}},"_links":{"self":[{"href":"https:\/\/www.ih.com.pl\/bielsko-biala\/wp-json\/wp\/v2\/pages\/4714","targetHints":{"allow":["GET"]}}],"collection":[{"href":"https:\/\/www.ih.com.pl\/bielsko-biala\/wp-json\/wp\/v2\/pages"}],"about":[{"href":"https:\/\/www.ih.com.pl\/bielsko-biala\/wp-json\/wp\/v2\/types\/page"}],"author":[{"embeddable":true,"href":"https:\/\/www.ih.com.pl\/bielsko-biala\/wp-json\/wp\/v2\/users\/4"}],"replies":[{"embeddable":true,"href":"https:\/\/www.ih.com.pl\/bielsko-biala\/wp-json\/wp\/v2\/comments?post=4714"}],"version-history":[{"count":5,"href":"https:\/\/www.ih.com.pl\/bielsko-biala\/wp-json\/wp\/v2\/pages\/4714\/revisions"}],"predecessor-version":[{"id":4721,"href":"https:\/\/www.ih.com.pl\/bielsko-biala\/wp-json\/wp\/v2\/pages\/4714\/revisions\/4721"}],"wp:attachment":[{"href":"https:\/\/www.ih.com.pl\/bielsko-biala\/wp-json\/wp\/v2\/media?parent=4714"}],"curies":[{"name":"wp","href":"https:\/\/api.w.org\/{rel}","templated":true}]}}