{"id":5331,"date":"2025-09-25T00:26:52","date_gmt":"2025-09-24T22:26:52","guid":{"rendered":"https:\/\/www.ih.com.pl\/bielsko-biala\/?page_id=5331"},"modified":"2025-11-26T12:12:10","modified_gmt":"2025-11-26T11:12:10","slug":"dojazd-i-parkowanie","status":"publish","type":"page","link":"https:\/\/www.ih.com.pl\/bielsko-biala\/dojazd-i-parkowanie\/","title":{"rendered":"Dojazd i parkowanie"},"content":{"rendered":"<div class=\"wpb-content-wrapper\"><p>[vc_row][vc_column width=&#8221;1\/1&#8243;][vc_column_text]<\/p>\n<div>\n<div id=\"content\">\n<p>Miasto Bielsko-Bia\u0142a przyst\u0105pi\u0142o do wykonania parku kieszonkowego na ul. Zielonej, tu\u017c przed wej\u015bciem do budynku naszej szko\u0142y IH. Ulica zosta\u0142a zamkni\u0119ta co spowodowa\u0142o wprowadzenie nowej organizacji ruchu i dojazdu do naszej szko\u0142y. Oto najwa\u017cniejsze zmiany, kt\u00f3re dotyczy\u0107 b\u0119d\u0105 Pa\u0144stwa &#8211; naszych klient\u00f3w:<\/p>\n<p>1.\u00a0Nie ma mo\u017cliwo\u015bci wjazdu i parkowania bezpo\u015brednio przed wej\u015bciem g\u0142\u00f3wnym do budynku szko\u0142y IH.<br \/>\n2. Prosimy kierowa\u0107 si\u0119 na parking dla naszych klient\u00f3w, kt\u00f3ry uruchomili\u015bmy przed wakacjami z ty\u0142u naszego budynku.<br \/>\n3. Teren mi\u0119dzy budynkiem IH a bankiem &#8211; na nasze liczne pro\u015bby, Miejski Zarz\u0105d Dr\u00f3g oznaczy\u0142 go jako stref\u0119 zamieszkania, w kt\u00f3rej pierwsze\u0144stwo maj\u0105 piesi oraz wyznaczy\u0142 stref\u0119 do zawracania (aby umo\u017cliwi\u0107 Pa\u0144stwu wysadzenie dziecka) &#8211; w tym miejscu bezwzgl\u0119dnie nie mo\u017cna parkowa\u0107.<br \/>\n4. Parkowa\u0107 mo\u017cna, w miar\u0119 dost\u0119pno\u015bci miejsc, na terenie za naszym budynkiem i parkingiem (jak dotychczas).<\/p>\n<p><strong>Podsumowuj\u0105c:<\/strong><\/p>\n<div class=\"\" data-block=\"true\" data-editor=\"96vav\" data-offset-key=\"4187h-0-0\">\n<div class=\"_1mf _1mj\" data-offset-key=\"4187h-0-0\"><span data-offset-key=\"4187h-0-0\">PARKUJEMY na parkingu za budynkiem szko\u0142y IH.<\/span><\/div>\n<\/div>\n<div class=\"\" data-block=\"true\" data-editor=\"96vav\" data-offset-key=\"e1la5-0-0\">\n<div class=\"_1mf _1mj\" data-offset-key=\"e1la5-0-0\"><span data-offset-key=\"e1la5-0-0\">NIE PARKUJEMY na &#8222;kopercie&#8221; pomi\u0119dzy budynkiem IH, a bankiem oraz na dawnym podje\u017adzie, prowadz\u0105cym do g\u0142\u00f3wnego wej\u015bcia &#8211; TO JEST STREFA ZAMIESZKANIA, przeznaczona dla bezpiecznego ruchu pieszego naszych s\u0142uchaczy.<br \/>\nZapraszamy do obejrzenia kr\u00f3tkiego video pt. :Jak parkowa\u0107&#8221;\u00a0 <a href=\"https:\/\/youtu.be\/6FfxEFUqkms\" target=\"_blank\" rel=\"noopener noreferrer\">https:\/\/youtu.be\/6FfxEFUqkms<\/a><br \/>\nDbajmy o swoje i innych bezpiecze\u0144stwo !!<\/span><\/div>\n<\/div>\n<\/div>\n<\/div>\n<p>[\/vc_column_text][\/vc_column][\/vc_row][vc_row][vc_column width=&#8221;1\/1&#8243;][vc_single_image media=&#8221;5334&#8243; media_width_percent=&#8221;100&#8243;][vc_separator sep_color=&#8221;color-nhtu&#8221;][\/vc_column][\/vc_row][vc_row][vc_column width=&#8221;1\/2&#8243;][vc_column_text]Wjazd na parking dla naszych klient\u00f3w zamyka szlaban.<\/p>\n<p>Ka\u017cdego dnia do godziny 15:00 szlaban b\u0119dzie zamkni\u0119ty (opuszczony). Klienci, kt\u00f3rzy maj\u0105 zaj\u0119cia do 15:00 otrzymaj\u0105 od nas nr telefonu, na kt\u00f3ry nale\u017cy zadzwoni\u0107, aby szlaban otworzy\u0142 si\u0119 i umo\u017cliwi\u0142 wjazd. Przy wyje\u017adzie r\u00f3wnie\u017c konieczne jest po\u0142\u0105czenie z si\u0119 tym numerem &#8211; w\u00f3wczas szlaban podniesie si\u0119 umo\u017cliwiaj\u0105c wyjazd. Szlaban podniesiony jest przez 15 sekund od po\u0142\u0105czenia si\u0119 ze wskazanym przez nas nr telefonu, po czym automatycznie si\u0119 zamknie.\u00a0Nr telefonu b\u0119dzie udost\u0119pniony wszystkim klientom, kt\u00f3rzy do godziny 15:00 korzystaj\u0105 z naszych us\u0142ug.<\/p>\n<p>Od poniedzia\u0142ku do czwartku w godzinach 15:00 do 20:45, w pi\u0105tki od 15:00 do 19:00\u00a0 szlaban b\u0119dzie otwarty, aby podczas popo\u0142udniowego ruchu zwi\u0105zanego z zaj\u0119ciami grupowymi, zapewni\u0107 jak najwi\u0119ksz\u0105 p\u0142ynno\u015b\u0107 wjazdu i wyjazdu.<\/p>\n<p>W godzinach wieczornych i nocnych szlaban b\u0119dzie zamkni\u0119ty.<\/p>\n<p>Bardzo prosimy Pa\u0144stwa, kt\u00f3rzy otrzymaj\u0105 od nas nr telefonu, o nieudost\u0119pnianie go dalej.[\/vc_column_text][vc_separator sep_color=&#8221;color-nhtu&#8221;][\/vc_column][vc_column width=&#8221;1\/2&#8243;][vc_single_image media=&#8221;5340&#8243; media_width_percent=&#8221;100&#8243;][\/vc_column][\/vc_row][vc_row][vc_column width=&#8221;1\/1&#8243;][vc_separator sep_color=&#8221;color-nhtu&#8221;][\/vc_column][\/vc_row]<\/p>\n<\/div>","protected":false},"excerpt":{"rendered":"<p>[vc_row][vc_column width=&#8221;1\/1&#8243;][vc_column_text] Miasto Bielsko-Bia\u0142a przyst\u0105pi\u0142o do wykonania parku kieszonkowego na ul. Zielonej, tu\u017c przed wej\u015bciem do budynku naszej szko\u0142y IH. [&hellip;]<\/p>\n","protected":false},"author":4,"featured_media":0,"parent":0,"menu_order":0,"comment_status":"closed","ping_status":"closed","template":"","meta":{"footnotes":""},"class_list":["post-5331","page","type-page","status-publish","hentry"],"yoast_head":"<!-- This site is optimized with the Yoast SEO plugin v26.8 - https:\/\/yoast.com\/product\/yoast-seo-wordpress\/ -->\n<title>Dojazd i parkowanie - IH Bielsko - Bia\u0142a<\/title>\n<meta name=\"robots\" content=\"index, follow, max-snippet:-1, max-image-preview:large, max-video-preview:-1\" \/>\n<link rel=\"canonical\" href=\"https:\/\/www.ih.com.pl\/bielsko-biala\/dojazd-i-parkowanie\/\" \/>\n<meta property=\"og:locale\" content=\"pl_PL\" \/>\n<meta property=\"og:type\" content=\"article\" \/>\n<meta property=\"og:title\" content=\"Dojazd i parkowanie - IH Bielsko - Bia\u0142a\" \/>\n<meta property=\"og:description\" content=\"[vc_row][vc_column width=&#8221;1\/1&#8243;][vc_column_text] Miasto Bielsko-Bia\u0142a przyst\u0105pi\u0142o do wykonania parku kieszonkowego na ul. Zielonej, tu\u017c przed wej\u015bciem do budynku naszej szko\u0142y IH. [&hellip;]\" \/>\n<meta property=\"og:url\" content=\"https:\/\/www.ih.com.pl\/bielsko-biala\/dojazd-i-parkowanie\/\" \/>\n<meta property=\"og:site_name\" content=\"IH Bielsko - Bia\u0142a\" \/>\n<meta property=\"article:modified_time\" content=\"2025-11-26T11:12:10+00:00\" \/>\n<meta name=\"twitter:card\" content=\"summary_large_image\" \/>\n<meta name=\"twitter:label1\" content=\"Szacowany czas czytania\" \/>\n\t<meta name=\"twitter:data1\" content=\"2 minuty\" \/>\n<script type=\"application\/ld+json\" class=\"yoast-schema-graph\">{\"@context\":\"https:\/\/schema.org\",\"@graph\":[{\"@type\":\"WebPage\",\"@id\":\"https:\/\/www.ih.com.pl\/bielsko-biala\/dojazd-i-parkowanie\/\",\"url\":\"https:\/\/www.ih.com.pl\/bielsko-biala\/dojazd-i-parkowanie\/\",\"name\":\"Dojazd i parkowanie - IH Bielsko - Bia\u0142a\",\"isPartOf\":{\"@id\":\"https:\/\/www.ih.com.pl\/bielsko-biala\/#website\"},\"datePublished\":\"2025-09-24T22:26:52+00:00\",\"dateModified\":\"2025-11-26T11:12:10+00:00\",\"breadcrumb\":{\"@id\":\"https:\/\/www.ih.com.pl\/bielsko-biala\/dojazd-i-parkowanie\/#breadcrumb\"},\"inLanguage\":\"pl-PL\",\"potentialAction\":[{\"@type\":\"ReadAction\",\"target\":[\"https:\/\/www.ih.com.pl\/bielsko-biala\/dojazd-i-parkowanie\/\"]}]},{\"@type\":\"BreadcrumbList\",\"@id\":\"https:\/\/www.ih.com.pl\/bielsko-biala\/dojazd-i-parkowanie\/#breadcrumb\",\"itemListElement\":[{\"@type\":\"ListItem\",\"position\":1,\"name\":\"Strona g\u0142\u00f3wna\",\"item\":\"https:\/\/www.ih.com.pl\/bielsko-biala\/\"},{\"@type\":\"ListItem\",\"position\":2,\"name\":\"Dojazd i parkowanie\"}]},{\"@type\":\"WebSite\",\"@id\":\"https:\/\/www.ih.com.pl\/bielsko-biala\/#website\",\"url\":\"https:\/\/www.ih.com.pl\/bielsko-biala\/\",\"name\":\"IH Bielsko - Bia\u0142a\",\"description\":\"\",\"potentialAction\":[{\"@type\":\"SearchAction\",\"target\":{\"@type\":\"EntryPoint\",\"urlTemplate\":\"https:\/\/www.ih.com.pl\/bielsko-biala\/?s={search_term_string}\"},\"query-input\":{\"@type\":\"PropertyValueSpecification\",\"valueRequired\":true,\"valueName\":\"search_term_string\"}}],\"inLanguage\":\"pl-PL\"}]}<\/script>\n<!-- \/ Yoast SEO plugin. -->","yoast_head_json":{"title":"Dojazd i parkowanie - IH Bielsko - Bia\u0142a","robots":{"index":"index","follow":"follow","max-snippet":"max-snippet:-1","max-image-preview":"max-image-preview:large","max-video-preview":"max-video-preview:-1"},"canonical":"https:\/\/www.ih.com.pl\/bielsko-biala\/dojazd-i-parkowanie\/","og_locale":"pl_PL","og_type":"article","og_title":"Dojazd i parkowanie - IH Bielsko - Bia\u0142a","og_description":"[vc_row][vc_column width=&#8221;1\/1&#8243;][vc_column_text] Miasto Bielsko-Bia\u0142a przyst\u0105pi\u0142o do wykonania parku kieszonkowego na ul. Zielonej, tu\u017c przed wej\u015bciem do budynku naszej szko\u0142y IH. [&hellip;]","og_url":"https:\/\/www.ih.com.pl\/bielsko-biala\/dojazd-i-parkowanie\/","og_site_name":"IH Bielsko - Bia\u0142a","article_modified_time":"2025-11-26T11:12:10+00:00","twitter_card":"summary_large_image","twitter_misc":{"Szacowany czas czytania":"2 minuty"},"schema":{"@context":"https:\/\/schema.org","@graph":[{"@type":"WebPage","@id":"https:\/\/www.ih.com.pl\/bielsko-biala\/dojazd-i-parkowanie\/","url":"https:\/\/www.ih.com.pl\/bielsko-biala\/dojazd-i-parkowanie\/","name":"Dojazd i parkowanie - IH Bielsko - Bia\u0142a","isPartOf":{"@id":"https:\/\/www.ih.com.pl\/bielsko-biala\/#website"},"datePublished":"2025-09-24T22:26:52+00:00","dateModified":"2025-11-26T11:12:10+00:00","breadcrumb":{"@id":"https:\/\/www.ih.com.pl\/bielsko-biala\/dojazd-i-parkowanie\/#breadcrumb"},"inLanguage":"pl-PL","potentialAction":[{"@type":"ReadAction","target":["https:\/\/www.ih.com.pl\/bielsko-biala\/dojazd-i-parkowanie\/"]}]},{"@type":"BreadcrumbList","@id":"https:\/\/www.ih.com.pl\/bielsko-biala\/dojazd-i-parkowanie\/#breadcrumb","itemListElement":[{"@type":"ListItem","position":1,"name":"Strona g\u0142\u00f3wna","item":"https:\/\/www.ih.com.pl\/bielsko-biala\/"},{"@type":"ListItem","position":2,"name":"Dojazd i parkowanie"}]},{"@type":"WebSite","@id":"https:\/\/www.ih.com.pl\/bielsko-biala\/#website","url":"https:\/\/www.ih.com.pl\/bielsko-biala\/","name":"IH Bielsko - Bia\u0142a","description":"","potentialAction":[{"@type":"SearchAction","target":{"@type":"EntryPoint","urlTemplate":"https:\/\/www.ih.com.pl\/bielsko-biala\/?s={search_term_string}"},"query-input":{"@type":"PropertyValueSpecification","valueRequired":true,"valueName":"search_term_string"}}],"inLanguage":"pl-PL"}]}},"_links":{"self":[{"href":"https:\/\/www.ih.com.pl\/bielsko-biala\/wp-json\/wp\/v2\/pages\/5331","targetHints":{"allow":["GET"]}}],"collection":[{"href":"https:\/\/www.ih.com.pl\/bielsko-biala\/wp-json\/wp\/v2\/pages"}],"about":[{"href":"https:\/\/www.ih.com.pl\/bielsko-biala\/wp-json\/wp\/v2\/types\/page"}],"author":[{"embeddable":true,"href":"https:\/\/www.ih.com.pl\/bielsko-biala\/wp-json\/wp\/v2\/users\/4"}],"replies":[{"embeddable":true,"href":"https:\/\/www.ih.com.pl\/bielsko-biala\/wp-json\/wp\/v2\/comments?post=5331"}],"version-history":[{"count":12,"href":"https:\/\/www.ih.com.pl\/bielsko-biala\/wp-json\/wp\/v2\/pages\/5331\/revisions"}],"predecessor-version":[{"id":5405,"href":"https:\/\/www.ih.com.pl\/bielsko-biala\/wp-json\/wp\/v2\/pages\/5331\/revisions\/5405"}],"wp:attachment":[{"href":"https:\/\/www.ih.com.pl\/bielsko-biala\/wp-json\/wp\/v2\/media?parent=5331"}],"curies":[{"name":"wp","href":"https:\/\/api.w.org\/{rel}","templated":true}]}}