{"id":627,"date":"2019-12-17T11:41:37","date_gmt":"2019-12-17T10:41:37","guid":{"rendered":"https:\/\/ih.wizjanet.pl\/bielsko-biala\/?page_id=627"},"modified":"2021-04-07T16:08:50","modified_gmt":"2021-04-07T14:08:50","slug":"sesja-maj-2021","status":"publish","type":"page","link":"https:\/\/www.ih.com.pl\/bielsko-biala\/sesja-maj-2021\/","title":{"rendered":"Sesja MAJ 2021"},"content":{"rendered":"<div class=\"wpb-content-wrapper\"><p>[vc_row][vc_column width=&#8221;1\/1&#8243;][vc_custom_heading]Sesja MAJ 2021[\/vc_custom_heading][vc_row_inner][vc_column_inner width=&#8221;2\/3&#8243;][vc_message message_color=&#8221;color-210407&#8243;]Do 15 kwietnia 2021 r. trwaj\u0105 zapisy na egzaminy Pearson English International Certificate (dawniej: Pearson PTE General)\u00a0 Level 3[\/vc_message][vc_column_text]<b>Sesja MAJ 2021 egzamin\u00f3w Pearson English International Certificate (PTE General)\u00a0 Level 3 <\/b><\/p>\n<p>Informujemy, \u017ce na sesj\u0119 MAJ 2021 egzamin\u00f3w PTE General Level 3 mo\u017cna si\u0119 zapisywa\u0107 do czwartku 15 kwietnia 2021 r.<\/p>\n<p>Egzamin pisemny odb\u0119dzie si\u0119 w sobot\u0119 22 maja 2021 r.,<br \/>\nCz\u0119\u015b\u0107 ustna zostanie zorganizowana w okresie pomi\u0119dzy 15 a 22 maja 2021 r. Dok\u0142adny termin zamie\u015bcimy na naszej stronie na pocz\u0105tku maja br.[\/vc_column_text][vc_column_text]Aby zarejestrowa\u0107 si\u0119 na egzamin Pearson PTE GENERAL Level 3 nale\u017cy wykona\u0107 nast\u0119puj\u0105ce czynno\u015bci:<\/p>\n<ol>\n<li>Zapozna\u0107 si\u0119 z &#8222;Regulaminem egzamin\u00f3w Pearson&#8221; w danej sesji oraz wype\u0142ni\u0107, podpisa\u0107 i dostarczy\u0107 do biura Centrum Egzaminacyjnego formularz rejestracyjny (formularz oraz &#8222;Regulamin&#8221; udost\u0119pnia biuro Centrum Egzaminacyjnego). W przypadku os\u00f3b niepe\u0142noletnich podpis sk\u0142ada rodzic lub opiekun prawny.<\/li>\n<li>Wnie\u015b\u0107 wymagan\u0105 op\u0142at\u0119 egzaminacyjn\u0105 (620,00 z\u0142) przelewem na konto banku ING o\/Bielsko-Bia\u0142a o numerze 93 1050 1070 1000 0024 0764 5429 (w tytule przelewu nale\u017cy poda\u0107 imi\u0119 i nazwisko osoby zdaj\u0105cej oraz nazw\u0119 egzaminu np. Jan Kowalski, PTE General Level 3).<\/li>\n<\/ol>\n<p>[\/vc_column_text][vc_column_text]Po zaksi\u0119gowaniu wp\u0142aty na koncie Centrum Egzaminacyjnego oraz otrzymaniu przez Centrum Egzaminacyjne wype\u0142nionego i podpisanego formularza rejestracyjnego, kandydat otrzyma poczt\u0105 elektroniczn\u0105 potwierdzenie rejestracji na egzamin na adres email podany w formularzu rejestracyjnym.[\/vc_column_text][vc_column_text]<strong>UWAGA: Osoby, kt\u00f3re nie spe\u0142ni\u0105 \u0142\u0105cznie wymaga\u0144 wymienionych w punktach 1 &#8211; 2 nie zostan\u0105 zarejestrowane na egzamin, a ich dane zostan\u0105 usuni\u0119te z listy kandydat\u00f3w.<\/strong>[\/vc_column_text][\/vc_column_inner][vc_column_inner column_width_percent=&#8221;100&#8243; gutter_size=&#8221;3&#8243; override_padding=&#8221;yes&#8221; column_padding=&#8221;2&#8243; back_color=&#8221;color-lxmt&#8221; overlay_alpha=&#8221;50&#8243; shift_x=&#8221;0&#8243; shift_y=&#8221;0&#8243; shift_y_down=&#8221;0&#8243; z_index=&#8221;0&#8243; medium_width=&#8221;0&#8243; mobile_width=&#8221;0&#8243; width=&#8221;1\/3&#8243;][vc_custom_heading heading_semantic=&#8221;h4&#8243; text_size=&#8221;h4&#8243; text_color=&#8221;color-jevc&#8221; separator=&#8221;yes&#8221;]Formularze i wnioski do pobrania[\/vc_custom_heading][uncode_list]<\/p>\n<ul>\n<li><a href=\"https:\/\/www.ih.com.pl\/bielsko-biala\/wp-content\/uploads\/sites\/2\/2021\/04\/Regulamin_PTE_sesja_maj_2021.pdf\">Regulamin egzamin\u00f3w Pearson sesja MAJ 2021<\/a><\/li>\n<li><a href=\"https:\/\/www.ih.com.pl\/bielsko-biala\/wp-content\/uploads\/sites\/2\/2021\/04\/PTE-2021-Regulacje-i-o\u015bwiadczenie-na-egzamin-Pearson-COVID-19.pdf\">Regulacje i o\u015bwiadczenie COVID-19<\/a><\/li>\n<li><a href=\"https:\/\/www.ih.com.pl\/bielsko-biala\/wp-content\/uploads\/sites\/2\/2021\/04\/PTE_z_RODO_indywidualny_formularz_rejestracyjny_2021.pdf\">Formularz rejestracyjny Pearson<\/a><\/li>\n<li><a href=\"https:\/\/www.ih.com.pl\/bielsko-biala\/wp-content\/uploads\/sites\/2\/2021\/04\/PTE_wniosek-_zwrot_op\u0142aty_egzaminacyjnej.pdf\">Wniosek o zwrot op\u0142aty egzaminacyjnej<\/a><\/li>\n<li><a href=\"https:\/\/www.ih.com.pl\/bielsko-biala\/wp-content\/uploads\/sites\/2\/2021\/04\/PTE_wniosek_szczeg\u00f3lne_udogodnienia_2017.pdf\">Wniosek o przyznanie szczeg\u00f3lnych udogodnie\u0144<\/a><\/li>\n<li><a href=\"https:\/\/www.ih.com.pl\/bielsko-biala\/wp-content\/uploads\/sites\/2\/2021\/04\/formularz_za\u015bwiadczenia_lekarskiego_Mar_2019.pdf\">Formularz za\u015bwiadczenia lekarskiego<\/a><\/li>\n<li><a href=\"https:\/\/www.ih.com.pl\/bielsko-biala\/wp-content\/uploads\/sites\/2\/2021\/04\/PTE_wniosek_wystawienie_faktury.pdf\">Wniosek o wystawienie faktury<\/a><\/li>\n<li><a href=\"https:\/\/www.ih.com.pl\/bielsko-biala\/wp-content\/uploads\/sites\/2\/2021\/04\/Polityka-prywatno\u015bci-Pearson.pdf\">Polityka prywatno\u015bci Pearson<\/a><\/li>\n<\/ul>\n<p>[\/uncode_list][\/vc_column_inner][\/vc_row_inner][\/vc_column][\/vc_row]<\/p>\n<\/div>","protected":false},"excerpt":{"rendered":"<p>[vc_row][vc_column width=&#8221;1\/1&#8243;][vc_custom_heading]Sesja MAJ 2021[\/vc_custom_heading][vc_row_inner][vc_column_inner width=&#8221;2\/3&#8243;][vc_message message_color=&#8221;color-210407&#8243;]Do 15 kwietnia 2021 r. trwaj\u0105 zapisy na egzaminy Pearson English International Certificate (dawniej: Pearson [&hellip;]<\/p>\n","protected":false},"author":1,"featured_media":0,"parent":0,"menu_order":0,"comment_status":"closed","ping_status":"closed","template":"","meta":{"footnotes":""},"class_list":["post-627","page","type-page","status-publish","hentry"],"yoast_head":"<!-- This site is optimized with the Yoast SEO plugin v26.8 - https:\/\/yoast.com\/product\/yoast-seo-wordpress\/ -->\n<title>Sesja MAJ 2021 - IH Bielsko - Bia\u0142a<\/title>\n<meta name=\"robots\" content=\"index, follow, max-snippet:-1, max-image-preview:large, max-video-preview:-1\" \/>\n<link rel=\"canonical\" href=\"https:\/\/www.ih.com.pl\/bielsko-biala\/sesja-maj-2021\/\" \/>\n<meta property=\"og:locale\" content=\"pl_PL\" \/>\n<meta property=\"og:type\" content=\"article\" \/>\n<meta property=\"og:title\" content=\"Sesja MAJ 2021 - IH Bielsko - Bia\u0142a\" \/>\n<meta property=\"og:description\" content=\"[vc_row][vc_column width=&#8221;1\/1&#8243;][vc_custom_heading]Sesja MAJ 2021[\/vc_custom_heading][vc_row_inner][vc_column_inner width=&#8221;2\/3&#8243;][vc_message message_color=&#8221;color-210407&#8243;]Do 15 kwietnia 2021 r. trwaj\u0105 zapisy na egzaminy Pearson English International Certificate (dawniej: Pearson [&hellip;]\" \/>\n<meta property=\"og:url\" content=\"https:\/\/www.ih.com.pl\/bielsko-biala\/sesja-maj-2021\/\" \/>\n<meta property=\"og:site_name\" content=\"IH Bielsko - Bia\u0142a\" \/>\n<meta property=\"article:modified_time\" content=\"2021-04-07T14:08:50+00:00\" \/>\n<meta name=\"twitter:card\" content=\"summary_large_image\" \/>\n<meta name=\"twitter:label1\" content=\"Szacowany czas czytania\" \/>\n\t<meta name=\"twitter:data1\" content=\"2 minuty\" \/>\n<script type=\"application\/ld+json\" class=\"yoast-schema-graph\">{\"@context\":\"https:\/\/schema.org\",\"@graph\":[{\"@type\":\"WebPage\",\"@id\":\"https:\/\/www.ih.com.pl\/bielsko-biala\/sesja-maj-2021\/\",\"url\":\"https:\/\/www.ih.com.pl\/bielsko-biala\/sesja-maj-2021\/\",\"name\":\"Sesja MAJ 2021 - IH Bielsko - Bia\u0142a\",\"isPartOf\":{\"@id\":\"https:\/\/www.ih.com.pl\/bielsko-biala\/#website\"},\"datePublished\":\"2019-12-17T10:41:37+00:00\",\"dateModified\":\"2021-04-07T14:08:50+00:00\",\"breadcrumb\":{\"@id\":\"https:\/\/www.ih.com.pl\/bielsko-biala\/sesja-maj-2021\/#breadcrumb\"},\"inLanguage\":\"pl-PL\",\"potentialAction\":[{\"@type\":\"ReadAction\",\"target\":[\"https:\/\/www.ih.com.pl\/bielsko-biala\/sesja-maj-2021\/\"]}]},{\"@type\":\"BreadcrumbList\",\"@id\":\"https:\/\/www.ih.com.pl\/bielsko-biala\/sesja-maj-2021\/#breadcrumb\",\"itemListElement\":[{\"@type\":\"ListItem\",\"position\":1,\"name\":\"Strona g\u0142\u00f3wna\",\"item\":\"https:\/\/www.ih.com.pl\/bielsko-biala\/\"},{\"@type\":\"ListItem\",\"position\":2,\"name\":\"Sesja MAJ 2021\"}]},{\"@type\":\"WebSite\",\"@id\":\"https:\/\/www.ih.com.pl\/bielsko-biala\/#website\",\"url\":\"https:\/\/www.ih.com.pl\/bielsko-biala\/\",\"name\":\"IH Bielsko - Bia\u0142a\",\"description\":\"\",\"potentialAction\":[{\"@type\":\"SearchAction\",\"target\":{\"@type\":\"EntryPoint\",\"urlTemplate\":\"https:\/\/www.ih.com.pl\/bielsko-biala\/?s={search_term_string}\"},\"query-input\":{\"@type\":\"PropertyValueSpecification\",\"valueRequired\":true,\"valueName\":\"search_term_string\"}}],\"inLanguage\":\"pl-PL\"}]}<\/script>\n<!-- \/ Yoast SEO plugin. -->","yoast_head_json":{"title":"Sesja MAJ 2021 - IH Bielsko - Bia\u0142a","robots":{"index":"index","follow":"follow","max-snippet":"max-snippet:-1","max-image-preview":"max-image-preview:large","max-video-preview":"max-video-preview:-1"},"canonical":"https:\/\/www.ih.com.pl\/bielsko-biala\/sesja-maj-2021\/","og_locale":"pl_PL","og_type":"article","og_title":"Sesja MAJ 2021 - IH Bielsko - Bia\u0142a","og_description":"[vc_row][vc_column width=&#8221;1\/1&#8243;][vc_custom_heading]Sesja MAJ 2021[\/vc_custom_heading][vc_row_inner][vc_column_inner width=&#8221;2\/3&#8243;][vc_message message_color=&#8221;color-210407&#8243;]Do 15 kwietnia 2021 r. trwaj\u0105 zapisy na egzaminy Pearson English International Certificate (dawniej: Pearson [&hellip;]","og_url":"https:\/\/www.ih.com.pl\/bielsko-biala\/sesja-maj-2021\/","og_site_name":"IH Bielsko - Bia\u0142a","article_modified_time":"2021-04-07T14:08:50+00:00","twitter_card":"summary_large_image","twitter_misc":{"Szacowany czas czytania":"2 minuty"},"schema":{"@context":"https:\/\/schema.org","@graph":[{"@type":"WebPage","@id":"https:\/\/www.ih.com.pl\/bielsko-biala\/sesja-maj-2021\/","url":"https:\/\/www.ih.com.pl\/bielsko-biala\/sesja-maj-2021\/","name":"Sesja MAJ 2021 - IH Bielsko - Bia\u0142a","isPartOf":{"@id":"https:\/\/www.ih.com.pl\/bielsko-biala\/#website"},"datePublished":"2019-12-17T10:41:37+00:00","dateModified":"2021-04-07T14:08:50+00:00","breadcrumb":{"@id":"https:\/\/www.ih.com.pl\/bielsko-biala\/sesja-maj-2021\/#breadcrumb"},"inLanguage":"pl-PL","potentialAction":[{"@type":"ReadAction","target":["https:\/\/www.ih.com.pl\/bielsko-biala\/sesja-maj-2021\/"]}]},{"@type":"BreadcrumbList","@id":"https:\/\/www.ih.com.pl\/bielsko-biala\/sesja-maj-2021\/#breadcrumb","itemListElement":[{"@type":"ListItem","position":1,"name":"Strona g\u0142\u00f3wna","item":"https:\/\/www.ih.com.pl\/bielsko-biala\/"},{"@type":"ListItem","position":2,"name":"Sesja MAJ 2021"}]},{"@type":"WebSite","@id":"https:\/\/www.ih.com.pl\/bielsko-biala\/#website","url":"https:\/\/www.ih.com.pl\/bielsko-biala\/","name":"IH Bielsko - Bia\u0142a","description":"","potentialAction":[{"@type":"SearchAction","target":{"@type":"EntryPoint","urlTemplate":"https:\/\/www.ih.com.pl\/bielsko-biala\/?s={search_term_string}"},"query-input":{"@type":"PropertyValueSpecification","valueRequired":true,"valueName":"search_term_string"}}],"inLanguage":"pl-PL"}]}},"_links":{"self":[{"href":"https:\/\/www.ih.com.pl\/bielsko-biala\/wp-json\/wp\/v2\/pages\/627","targetHints":{"allow":["GET"]}}],"collection":[{"href":"https:\/\/www.ih.com.pl\/bielsko-biala\/wp-json\/wp\/v2\/pages"}],"about":[{"href":"https:\/\/www.ih.com.pl\/bielsko-biala\/wp-json\/wp\/v2\/types\/page"}],"author":[{"embeddable":true,"href":"https:\/\/www.ih.com.pl\/bielsko-biala\/wp-json\/wp\/v2\/users\/1"}],"replies":[{"embeddable":true,"href":"https:\/\/www.ih.com.pl\/bielsko-biala\/wp-json\/wp\/v2\/comments?post=627"}],"version-history":[{"count":18,"href":"https:\/\/www.ih.com.pl\/bielsko-biala\/wp-json\/wp\/v2\/pages\/627\/revisions"}],"predecessor-version":[{"id":2199,"href":"https:\/\/www.ih.com.pl\/bielsko-biala\/wp-json\/wp\/v2\/pages\/627\/revisions\/2199"}],"wp:attachment":[{"href":"https:\/\/www.ih.com.pl\/bielsko-biala\/wp-json\/wp\/v2\/media?parent=627"}],"curies":[{"name":"wp","href":"https:\/\/api.w.org\/{rel}","templated":true}]}}