{"id":1478,"date":"2020-08-21T15:43:46","date_gmt":"2020-08-21T13:43:46","guid":{"rendered":"https:\/\/www.ih.com.pl\/wroclaw\/?page_id=1478"},"modified":"2022-11-09T14:28:02","modified_gmt":"2022-11-09T13:28:02","slug":"zapisz-sie-na-kurs","status":"publish","type":"page","link":"https:\/\/www.ih.com.pl\/wroclaw\/zapisz-sie-na-kurs\/","title":{"rendered":"Zapisz si\u0119 na kurs!"},"content":{"rendered":"<div class=\"wpb-content-wrapper\"><p>[vc_row][vc_column width=&#8221;1\/1&#8243;][vc_column_text]Jak naj\u0142atwiej zapisa\u0107 si\u0119 na kurs w IH.<\/p>\n<p>&nbsp;<\/p>\n<p>I. Je\u015bli kontynuujesz nauk\u0119, napisz do nas (<a href=\"mailto:biurowroc@ih.com.pl\">biurowroc@ih.com.pl<\/a>) lub zadzwo\u0144 (+48699963464), a podamy Ci dost\u0119pne terminy zaj\u0119\u0107 w Twojej grupie.<\/p>\n<p>&nbsp;<\/p>\n<p>II. Je\u015bli dopiero zaczynasz przygod\u0119 z IH:<\/p>\n<p>&nbsp;<\/p>\n<ol>\n<li>Napisz test poziomuj\u0105cy w szkole (pracujemy od poniedzia\u0142ku do pi\u0105tku w godz. 10.00 \u2013 18.00) lub on-line<a href=\"https:\/\/ihworld.com\/learn\/ih-english-language-level-test\/\"><strong> TUTAJ<\/strong><\/a>.<\/li>\n<\/ol>\n<p>Je\u015bli interesuje Ci\u0119 <strong>kurs egzaminacyjny<\/strong>, skontaktuj si\u0119 z nami, a przy\u015blemy Ci link do w\u0142a\u015bciwego <strong>testu specjalistycznego<\/strong>.<\/p>\n<p>Je\u015bli chcesz <strong>zapisa\u0107 na kurs dziecko<\/strong> i wolisz aby przesz\u0142o rekrutacje zdalnie, r\u00f3wnie\u017c popro\u015b nas o <strong>link do testu dla dzieci<\/strong>.<\/p>\n<p>&nbsp;<\/p>\n<ol start=\"2\">\n<li>Kiedy napiszesz ju\u017c test, zweryfikujemy jego wynik poprzez <strong>rozmow\u0119 z metodykiem<\/strong>. Rozmowa ta mo\u017ce odby\u0107 si\u0119 osobi\u015bcie, ale r\u00f3wnie\u017c zdalnie np. przy pomocy Skype\u2019a. Podczas rozmowy lektor zasugeruje w\u0142a\u015bciwy dla Ciebie poziom zaawansowania i rodzaj kursu.<\/li>\n<\/ol>\n<p>&nbsp;<\/p>\n<ol start=\"3\">\n<li>Znaj\u0105c wyniki testu i rozmowy, \u00a0pomo\u017cemy Ci dobra\u0107 najlepsze zaj\u0119cia z naszej oferty.<\/li>\n<\/ol>\n<p>&nbsp;<\/p>\n<ol start=\"4\">\n<li>Teraz ju\u017c tylko wybierzesz form\u0119 (stacjonarn\u0105 lub on-line) oraz pasuj\u0105ce Ci dni i godziny zaj\u0119\u0107, a my dokonamy rezerwacji miejsca na wybranym kursie!<\/li>\n<\/ol>\n<p>&nbsp;<\/p>\n<p>Masz pytania? Potrzebujesz pomocy? Skontaktuj si\u0119 z naszym biurem mailowo (<a href=\"mailto:biurowroc@ih.com.pl\">biurowroc@ih.com.pl<\/a>) lub telefonicznie: 699 96 34 64.<\/p>\n<p>Mo\u017cesz te\u017c odwiedzi\u0107 nas osobi\u015bcie od poniedzia\u0142ku do pi\u0105tku w godz. 10.00 \u2013 18.00 w siedzibie szko\u0142y na 4. pi\u0119trze D.H. Feniks (Rynek 31\/32).<\/p>\n<p>Zapraszamy![\/vc_column_text][\/vc_column][\/vc_row]<\/p>\n<\/div>","protected":false},"excerpt":{"rendered":"<p>[vc_row][vc_column width=&#8221;1\/1&#8243;][vc_column_text]Jak naj\u0142atwiej zapisa\u0107 si\u0119 na kurs w IH. &nbsp; I. Je\u015bli kontynuujesz nauk\u0119, napisz do nas (biurowroc@ih.com.pl) lub zadzwo\u0144 [&hellip;]<\/p>\n","protected":false},"author":3,"featured_media":0,"parent":0,"menu_order":0,"comment_status":"closed","ping_status":"closed","template":"","meta":{"footnotes":""},"class_list":["post-1478","page","type-page","status-publish","hentry"],"yoast_head":"<!-- This site is optimized with the Yoast SEO plugin v26.8 - https:\/\/yoast.com\/product\/yoast-seo-wordpress\/ -->\n<title>Zapisz si\u0119 na kurs! - IH Wroc\u0142aw<\/title>\n<meta name=\"robots\" content=\"index, follow, max-snippet:-1, max-image-preview:large, max-video-preview:-1\" \/>\n<link rel=\"canonical\" href=\"https:\/\/www.ih.com.pl\/wroclaw\/zapisz-sie-na-kurs\/\" \/>\n<meta property=\"og:locale\" content=\"pl_PL\" \/>\n<meta property=\"og:type\" content=\"article\" \/>\n<meta property=\"og:title\" content=\"Zapisz si\u0119 na kurs! - IH Wroc\u0142aw\" \/>\n<meta property=\"og:description\" content=\"[vc_row][vc_column width=&#8221;1\/1&#8243;][vc_column_text]Jak naj\u0142atwiej zapisa\u0107 si\u0119 na kurs w IH. &nbsp; I. Je\u015bli kontynuujesz nauk\u0119, napisz do nas (biurowroc@ih.com.pl) lub zadzwo\u0144 [&hellip;]\" \/>\n<meta property=\"og:url\" content=\"https:\/\/www.ih.com.pl\/wroclaw\/zapisz-sie-na-kurs\/\" \/>\n<meta property=\"og:site_name\" content=\"IH Wroc\u0142aw\" \/>\n<meta property=\"article:modified_time\" content=\"2022-11-09T13:28:02+00:00\" \/>\n<meta name=\"twitter:card\" content=\"summary_large_image\" \/>\n<meta name=\"twitter:label1\" content=\"Szacowany czas czytania\" \/>\n\t<meta name=\"twitter:data1\" content=\"1 minuta\" \/>\n<script type=\"application\/ld+json\" class=\"yoast-schema-graph\">{\"@context\":\"https:\/\/schema.org\",\"@graph\":[{\"@type\":\"WebPage\",\"@id\":\"https:\/\/www.ih.com.pl\/wroclaw\/zapisz-sie-na-kurs\/\",\"url\":\"https:\/\/www.ih.com.pl\/wroclaw\/zapisz-sie-na-kurs\/\",\"name\":\"Zapisz si\u0119 na kurs! - IH Wroc\u0142aw\",\"isPartOf\":{\"@id\":\"https:\/\/www.ih.com.pl\/wroclaw\/#website\"},\"datePublished\":\"2020-08-21T13:43:46+00:00\",\"dateModified\":\"2022-11-09T13:28:02+00:00\",\"breadcrumb\":{\"@id\":\"https:\/\/www.ih.com.pl\/wroclaw\/zapisz-sie-na-kurs\/#breadcrumb\"},\"inLanguage\":\"pl-PL\",\"potentialAction\":[{\"@type\":\"ReadAction\",\"target\":[\"https:\/\/www.ih.com.pl\/wroclaw\/zapisz-sie-na-kurs\/\"]}]},{\"@type\":\"BreadcrumbList\",\"@id\":\"https:\/\/www.ih.com.pl\/wroclaw\/zapisz-sie-na-kurs\/#breadcrumb\",\"itemListElement\":[{\"@type\":\"ListItem\",\"position\":1,\"name\":\"Strona g\u0142\u00f3wna\",\"item\":\"https:\/\/www.ih.com.pl\/wroclaw\/\"},{\"@type\":\"ListItem\",\"position\":2,\"name\":\"Zapisz si\u0119 na kurs!\"}]},{\"@type\":\"WebSite\",\"@id\":\"https:\/\/www.ih.com.pl\/wroclaw\/#website\",\"url\":\"https:\/\/www.ih.com.pl\/wroclaw\/\",\"name\":\"IH Wroc\u0142aw\",\"description\":\"\",\"potentialAction\":[{\"@type\":\"SearchAction\",\"target\":{\"@type\":\"EntryPoint\",\"urlTemplate\":\"https:\/\/www.ih.com.pl\/wroclaw\/?s={search_term_string}\"},\"query-input\":{\"@type\":\"PropertyValueSpecification\",\"valueRequired\":true,\"valueName\":\"search_term_string\"}}],\"inLanguage\":\"pl-PL\"}]}<\/script>\n<!-- \/ Yoast SEO plugin. -->","yoast_head_json":{"title":"Zapisz si\u0119 na kurs! - IH Wroc\u0142aw","robots":{"index":"index","follow":"follow","max-snippet":"max-snippet:-1","max-image-preview":"max-image-preview:large","max-video-preview":"max-video-preview:-1"},"canonical":"https:\/\/www.ih.com.pl\/wroclaw\/zapisz-sie-na-kurs\/","og_locale":"pl_PL","og_type":"article","og_title":"Zapisz si\u0119 na kurs! - IH Wroc\u0142aw","og_description":"[vc_row][vc_column width=&#8221;1\/1&#8243;][vc_column_text]Jak naj\u0142atwiej zapisa\u0107 si\u0119 na kurs w IH. &nbsp; I. Je\u015bli kontynuujesz nauk\u0119, napisz do nas (biurowroc@ih.com.pl) lub zadzwo\u0144 [&hellip;]","og_url":"https:\/\/www.ih.com.pl\/wroclaw\/zapisz-sie-na-kurs\/","og_site_name":"IH Wroc\u0142aw","article_modified_time":"2022-11-09T13:28:02+00:00","twitter_card":"summary_large_image","twitter_misc":{"Szacowany czas czytania":"1 minuta"},"schema":{"@context":"https:\/\/schema.org","@graph":[{"@type":"WebPage","@id":"https:\/\/www.ih.com.pl\/wroclaw\/zapisz-sie-na-kurs\/","url":"https:\/\/www.ih.com.pl\/wroclaw\/zapisz-sie-na-kurs\/","name":"Zapisz si\u0119 na kurs! - IH Wroc\u0142aw","isPartOf":{"@id":"https:\/\/www.ih.com.pl\/wroclaw\/#website"},"datePublished":"2020-08-21T13:43:46+00:00","dateModified":"2022-11-09T13:28:02+00:00","breadcrumb":{"@id":"https:\/\/www.ih.com.pl\/wroclaw\/zapisz-sie-na-kurs\/#breadcrumb"},"inLanguage":"pl-PL","potentialAction":[{"@type":"ReadAction","target":["https:\/\/www.ih.com.pl\/wroclaw\/zapisz-sie-na-kurs\/"]}]},{"@type":"BreadcrumbList","@id":"https:\/\/www.ih.com.pl\/wroclaw\/zapisz-sie-na-kurs\/#breadcrumb","itemListElement":[{"@type":"ListItem","position":1,"name":"Strona g\u0142\u00f3wna","item":"https:\/\/www.ih.com.pl\/wroclaw\/"},{"@type":"ListItem","position":2,"name":"Zapisz si\u0119 na kurs!"}]},{"@type":"WebSite","@id":"https:\/\/www.ih.com.pl\/wroclaw\/#website","url":"https:\/\/www.ih.com.pl\/wroclaw\/","name":"IH Wroc\u0142aw","description":"","potentialAction":[{"@type":"SearchAction","target":{"@type":"EntryPoint","urlTemplate":"https:\/\/www.ih.com.pl\/wroclaw\/?s={search_term_string}"},"query-input":{"@type":"PropertyValueSpecification","valueRequired":true,"valueName":"search_term_string"}}],"inLanguage":"pl-PL"}]}},"_links":{"self":[{"href":"https:\/\/www.ih.com.pl\/wroclaw\/wp-json\/wp\/v2\/pages\/1478","targetHints":{"allow":["GET"]}}],"collection":[{"href":"https:\/\/www.ih.com.pl\/wroclaw\/wp-json\/wp\/v2\/pages"}],"about":[{"href":"https:\/\/www.ih.com.pl\/wroclaw\/wp-json\/wp\/v2\/types\/page"}],"author":[{"embeddable":true,"href":"https:\/\/www.ih.com.pl\/wroclaw\/wp-json\/wp\/v2\/users\/3"}],"replies":[{"embeddable":true,"href":"https:\/\/www.ih.com.pl\/wroclaw\/wp-json\/wp\/v2\/comments?post=1478"}],"version-history":[{"count":6,"href":"https:\/\/www.ih.com.pl\/wroclaw\/wp-json\/wp\/v2\/pages\/1478\/revisions"}],"predecessor-version":[{"id":2725,"href":"https:\/\/www.ih.com.pl\/wroclaw\/wp-json\/wp\/v2\/pages\/1478\/revisions\/2725"}],"wp:attachment":[{"href":"https:\/\/www.ih.com.pl\/wroclaw\/wp-json\/wp\/v2\/media?parent=1478"}],"curies":[{"name":"wp","href":"https:\/\/api.w.org\/{rel}","templated":true}]}}