{"id":2,"date":"2019-11-29T11:28:12","date_gmt":"2019-11-29T10:28:12","guid":{"rendered":"https:\/\/ih.wizjanet.pl\/wroclaw\/?page_id=2"},"modified":"2025-09-18T14:05:03","modified_gmt":"2025-09-18T12:05:03","slug":"przykladowa-strona","status":"publish","type":"page","link":"https:\/\/www.ih.com.pl\/wroclaw\/","title":{"rendered":"Strona g\u0142\u00f3wna"},"content":{"rendered":"<div class=\"wpb-content-wrapper\"><p>[vc_row unlock_row_content=&#8221;yes&#8221; row_height_percent=&#8221;100&#8243; override_padding=&#8221;yes&#8221; h_padding=&#8221;2&#8243; top_padding=&#8221;7&#8243; bottom_padding=&#8221;7&#8243; back_image=&#8221;4286&#8243; back_repeat=&#8221;no-repeat&#8221; back_position=&#8221;center center&#8221; overlay_alpha=&#8221;50&#8243; gutter_size=&#8221;3&#8243; column_width_percent=&#8221;100&#8243; shift_y=&#8221;0&#8243; z_index=&#8221;0&#8243;][vc_column column_width_percent=&#8221;100&#8243; gutter_size=&#8221;3&#8243; overlay_alpha=&#8221;50&#8243; shift_x=&#8221;3&#8243; shift_y=&#8221;-3&#8243; shift_y_down=&#8221;0&#8243; z_index=&#8221;0&#8243; medium_width=&#8221;0&#8243; mobile_width=&#8221;0&#8243; width=&#8221;1\/2&#8243;][vc_single_image media=&#8221;4303&#8243; media_width_percent=&#8221;46&#8243;][vc_column_text css=&#8221;.vc_custom_1758197100887{margin-top: -90px !important;padding-bottom: 20px !important;}&#8221;]<\/p>\n<h1 style=\"color: black\"><strong><span class=\"cvGsUA direction-ltr align-start para-style-body\"><span class=\"OYPEnA font-feature-liga-off font-feature-clig-off font-feature-calt-off text-decoration-none text-strikethrough-none\">Zadaj nam pytanie<br \/>\n<\/span><\/span><span class=\"cvGsUA direction-ltr align-start para-style-body\"><span class=\"OYPEnA font-feature-liga-off font-feature-clig-off font-feature-calt-off text-decoration-none text-strikethrough-none\" style=\"color: #7a0ec2\"><span style=\"color: #1d0ec2\">lub zapisz si\u0119 na zaj\u0119cia<\/span><br \/>\n<\/span><span class=\"OYPEnA font-feature-liga-off font-feature-clig-off font-feature-calt-off text-decoration-none text-strikethrough-none\">j\u0119zyka angielskiego<\/span><\/span><\/strong><\/h1>\n<p>[\/vc_column_text][vc_button button_color=&#8221;color-476022&#8243; size=&#8221;btn-xl&#8221; radius=&#8221;btn-circle&#8221; border_animation=&#8221;btn-ripple-out&#8221; hover_fx=&#8221;outlined&#8221; border_width=&#8221;0&#8243; link=&#8221;url:https%3A%2F%2Fwww.ih.com.pl%2Fwroclaw%2Fkontakt%2F|title:Kontakt||&#8221; width=&#8221;300&#8243;]Zapisz si\u0119[\/vc_button][\/vc_column][vc_column column_width_percent=&#8221;100&#8243; gutter_size=&#8221;3&#8243; overlay_alpha=&#8221;50&#8243; shift_x=&#8221;0&#8243; shift_y=&#8221;-5&#8243; shift_y_down=&#8221;0&#8243; z_index=&#8221;0&#8243; medium_width=&#8221;0&#8243; mobile_width=&#8221;0&#8243; width=&#8221;1\/2&#8243;][vc_single_image media=&#8221;4285&#8243; media_width_percent=&#8221;80&#8243; alignment=&#8221;center&#8221;][\/vc_column][\/vc_row][vc_row][vc_column width=&#8221;2\/3&#8243;][vc_custom_heading text_size=&#8221;h3&#8243; text_color=&#8221;color-210407&#8243;]Aktualno\u015bci[\/vc_custom_heading][uncode_index el_id=&#8221;index-176783&#8243; index_type=&#8221;carousel&#8221; loop=&#8221;size:10|order_by:date|post_type:post|categories:3&#8243; carousel_lg=&#8221;2&#8243; carousel_md=&#8221;2&#8243; carousel_sm=&#8221;1&#8243; gutter_size=&#8221;3&#8243; post_items=&#8221;media|featured|onpost|original,title,date,text|full|350,spacer|half,link|circle|small_size|WI\u0118CEJ&#8221; carousel_height=&#8221;equal&#8221; carousel_interval=&#8221;5000&#8243; carousel_navspeed=&#8221;400&#8243; carousel_loop=&#8221;yes&#8221; carousel_nav=&#8221;yes&#8221; carousel_nav_mobile=&#8221;yes&#8221; carousel_dots=&#8221;yes&#8221; carousel_autoh=&#8221;yes&#8221; stage_padding=&#8221;0&#8243; single_back_color=&#8221;color-lxmt&#8221; single_overlay_color=&#8221;color-vyce&#8221; single_overlay_opacity=&#8221;80&#8243; single_padding=&#8221;2&#8243; single_title_dimension=&#8221;h4&#8243; single_shadow=&#8221;yes&#8221; shadow_weight=&#8221;sm&#8221; single_css_animation=&#8221;bottom-t-top&#8221; single_animation_delay=&#8221;400&#8243; single_icon=&#8221;fa fa-search&#8221;][\/vc_column][vc_column column_width_percent=&#8221;100&#8243; align_horizontal=&#8221;align_center&#8221; gutter_size=&#8221;3&#8243; override_padding=&#8221;yes&#8221; column_padding=&#8221;1&#8243; overlay_alpha=&#8221;50&#8243; shift_x=&#8221;0&#8243; shift_y=&#8221;0&#8243; shift_y_down=&#8221;0&#8243; z_index=&#8221;0&#8243; medium_width=&#8221;0&#8243; mobile_width=&#8221;0&#8243; width=&#8221;1\/3&#8243;][vc_custom_heading text_size=&#8221;h3&#8243; text_color=&#8221;color-210407&#8243;][\/vc_custom_heading][vc_row_inner row_inner_height_percent=&#8221;0&#8243; back_image=&#8221;341&#8243; back_position=&#8221;center center&#8221; overlay_color=&#8221;color-xsdn&#8221; overlay_alpha=&#8221;75&#8243; gutter_size=&#8221;3&#8243; shift_y=&#8221;0&#8243; z_index=&#8221;0&#8243; limit_content=&#8221;&#8221;][vc_column_inner column_width_percent=&#8221;100&#8243; gutter_size=&#8221;0&#8243; override_padding=&#8221;yes&#8221; column_padding=&#8221;2&#8243; style=&#8221;dark&#8221; overlay_alpha=&#8221;50&#8243; shift_x=&#8221;0&#8243; shift_y=&#8221;0&#8243; shift_y_down=&#8221;0&#8243; z_index=&#8221;0&#8243; medium_width=&#8221;0&#8243; mobile_width=&#8221;0&#8243; width=&#8221;1\/1&#8243;][vc_empty_space empty_h=&#8221;2&#8243;][vc_button button_color=&#8221;color-210407&#8243; size=&#8221;btn-xl&#8221; radius=&#8221;btn-circle&#8221; border_animation=&#8221;btn-ripple-out&#8221; hover_fx=&#8221;outlined&#8221; outline=&#8221;yes&#8221; border_width=&#8221;3&#8243; link=&#8221;url:https%3A%2F%2Fwww.sekretariat.wroclaw.ih.com.pl%2F|||&#8221; icon=&#8221;fa fa-desktop&#8221;]Internetowy sekretariat[\/vc_button][\/vc_column_inner][\/vc_row_inner][vc_single_image media=&#8221;4239&#8243; media_width_percent=&#8221;100&#8243;][vc_single_image media=&#8221;4189&#8243; media_width_percent=&#8221;100&#8243; shape=&#8221;img-round&#8221; media_link=&#8221;url:https%3A%2F%2Fihworld.com%2Flearn%2Fih-english-language-level-test%2F|||&#8221;][\/vc_column][\/vc_row][vc_row row_height_percent=&#8221;0&#8243; override_padding=&#8221;yes&#8221; h_padding=&#8221;3&#8243; top_padding=&#8221;3&#8243; bottom_padding=&#8221;3&#8243; back_color=&#8221;color-lxmt&#8221; overlay_alpha=&#8221;50&#8243; gutter_size=&#8221;3&#8243; column_width_percent=&#8221;100&#8243; shift_y=&#8221;0&#8243; z_index=&#8221;0&#8243;][vc_column column_width_percent=&#8221;100&#8243; gutter_size=&#8221;3&#8243; overlay_alpha=&#8221;50&#8243; shift_x=&#8221;0&#8243; shift_y=&#8221;0&#8243; shift_y_down=&#8221;0&#8243; z_index=&#8221;0&#8243; medium_width=&#8221;0&#8243; mobile_width=&#8221;0&#8243; css_animation=&#8221;alpha-anim&#8221; width=&#8221;1\/1&#8243;][vc_custom_heading text_color=&#8221;color-vyce&#8221; css_animation=&#8221;bottom-t-top&#8221;]\u201cDon\u2019t be intimidated by what you don\u2019t know. That can be your greatest strength and ensure that you do things differently from everyone else.\u201d[\/vc_custom_heading][vc_column_text]<\/p>\n<h1>J\u0119zyk angielski w International House we Wroc\u0142awiu<\/h1>\n<p>Dzi\u015b, gdy angielski to j\u0119zyk dominuj\u0105cy w niemal wszystkich dziedzinach \u017cycia, p\u0142ynne pos\u0142ugiwanie si\u0119 nim jest po prostu niezb\u0119dne. Ka\u017cdy ma swoj\u0105 motywacj\u0119, aby lepiej pozna\u0107 j\u0119zyk angielski. Niekt\u00f3rzy chc\u0105 ogl\u0105da\u0107 hollywoodzkie filmy bez lektora i napis\u00f3w, inni potrzebuj\u0105 prowadzi\u0107 rozmowy biznesowe w ka\u017cdym miejscu na \u015bwiecie. S\u0105 te\u017c tacy, kt\u00f3rzy ucz\u0105 si\u0119, by \u0142atwiej podr\u00f3\u017cowa\u0107 na w\u0142asn\u0105 r\u0119k\u0119 czy podnosi\u0107 kwalifikacje. Jeszcze inni robi\u0105 to dla w\u0142asnej satysfakcji. Niezale\u017cnie od Twoich motywacji, znajomo\u015b\u0107 angielskiego jest niezwykle wa\u017cna w zglobalizowanym \u015bwiecie XXI wieku.<\/p>\n<p>ak szybko i skutecznie opanowa\u0107 j\u0119zyk angielski? International House Wroc\u0142aw przedstawia ca\u0142\u0105 gam\u0119 kurs\u00f3w dostosowanych do Twoich potrzeb i preferencji. Sprawd\u017a nasze pomys\u0142y na j\u0119zyk angielski Wroc\u0142aw i znajd\u017a form\u0119 nauki idealn\u0105 dla Ciebie!<\/p>\n<p>Powszechnie wiadomo, \u017ce maluchy ucz\u0105 si\u0119 najszybciej. Warto wykorzysta\u0107 ten etap w rozwoju dziecka na poznawanie j\u0119zyk\u00f3w obcych. Dla najm\u0142odszych przygotowali\u015bmy trzy kursy j\u0119zyka angielskiego \u2013 Play and Learn dla grupy wiekowej 3-4 lata; English is Fun dla pi\u0119cio- i sze\u015bciolatk\u00f3w, oraz English for Young Learners dla uczni\u00f3w w wieku od 7-12 lat. M\u0142odzie\u017c i doros\u0142ych mieszkaj\u0105cych we Wroc\u0142awiu zapraszamy na kursy j\u0119zyka angielskiego dopasowane do zainteresowa\u0144 i wymaga\u0144 programu edukacji lub pracy. International House Wroc\u0142aw to doskona\u0142e miejsce, aby opanowa\u0107 angielski w stopniu zaawansowanym i przygotowa\u0107 si\u0119 do egzamin\u00f3w Cambridge. Stawiaj\u0105c na nauk\u0119 w naszej szkole, z \u0142atwo\u015bci\u0105 zdasz egzaminy FCE, CAE, CPE czy IELTS. Warto wspomnie\u0107, \u017ce International House we Wroc\u0142awiu to Autoryzowane Centrum Egzaminacyjne Cambridge Assessment English.<\/p>\n<p>W IH Wroc\u0142aw prowadzimy specjalnie skrojone zaj\u0119cia z j\u0119zyka angielskiego dla firm i os\u00f3b indywidualnych, podczas kt\u00f3rych skupiamy si\u0119 na specjalistycznym wykorzystaniu angielskiego w biznesie, prawie lub medycynie. R\u00f3\u017cnorodno\u015b\u0107 to jeden z naszych g\u0142\u00f3wnych atut\u00f3w. Dlatego te\u017c International House jest pierwszym skojarzeniem dla os\u00f3b pragn\u0105cych szlifowa\u0107 j\u0119zyk angielski Wroc\u0142aw. Do\u0142\u0105cz do ich grona ju\u017c dzi\u015b i zacznij swobodnie pos\u0142ugiwa\u0107 si\u0119 angielskim![\/vc_column_text][vc_single_image media=&#8221;12&#8243; media_width_percent=&#8221;100&#8243; alignment=&#8221;center&#8221;][\/vc_column][\/vc_row]<\/p>\n<\/div>","protected":false},"excerpt":{"rendered":"<p>[vc_row unlock_row_content=&#8221;yes&#8221; row_height_percent=&#8221;100&#8243; override_padding=&#8221;yes&#8221; h_padding=&#8221;2&#8243; top_padding=&#8221;7&#8243; bottom_padding=&#8221;7&#8243; back_image=&#8221;4286&#8243; back_repeat=&#8221;no-repeat&#8221; back_position=&#8221;center center&#8221; overlay_alpha=&#8221;50&#8243; gutter_size=&#8221;3&#8243; column_width_percent=&#8221;100&#8243; shift_y=&#8221;0&#8243; z_index=&#8221;0&#8243;][vc_column column_width_percent=&#8221;100&#8243; gutter_size=&#8221;3&#8243; overlay_alpha=&#8221;50&#8243; shift_x=&#8221;3&#8243; [&hellip;]<\/p>\n","protected":false},"author":1,"featured_media":0,"parent":0,"menu_order":0,"comment_status":"closed","ping_status":"closed","template":"","meta":{"footnotes":""},"class_list":["post-2","page","type-page","status-publish","hentry"],"yoast_head":"<!-- This site is optimized with the Yoast SEO plugin v26.8 - https:\/\/yoast.com\/product\/yoast-seo-wordpress\/ -->\n<title>J\u0119zyk angielski Wroc\u0142aw | Nauka angielskiego | Szko\u0142a j\u0119zyka angielskiego<\/title>\n<meta name=\"description\" content=\"Naucz si\u0119 j\u0119zyka angielskiego z wroc\u0142awsk\u0105 szko\u0142\u0105 j\u0119zykow\u0105 International House. Skorzystaj z najwy\u017cszej jako\u015bci nauczania. Sprawd\u017a nasz\u0105 ofert\u0119!\" \/>\n<meta name=\"robots\" content=\"index, follow, max-snippet:-1, max-image-preview:large, max-video-preview:-1\" \/>\n<link rel=\"canonical\" href=\"https:\/\/www.ih.com.pl\/wroclaw\/\" \/>\n<meta property=\"og:locale\" content=\"pl_PL\" \/>\n<meta property=\"og:type\" content=\"article\" \/>\n<meta property=\"og:title\" content=\"J\u0119zyk angielski Wroc\u0142aw | Nauka angielskiego | Szko\u0142a j\u0119zyka angielskiego\" \/>\n<meta property=\"og:description\" content=\"Naucz si\u0119 j\u0119zyka angielskiego z wroc\u0142awsk\u0105 szko\u0142\u0105 j\u0119zykow\u0105 International House. Skorzystaj z najwy\u017cszej jako\u015bci nauczania. Sprawd\u017a nasz\u0105 ofert\u0119!\" \/>\n<meta property=\"og:url\" content=\"https:\/\/www.ih.com.pl\/wroclaw\/\" \/>\n<meta property=\"og:site_name\" content=\"IH Wroc\u0142aw\" \/>\n<meta property=\"article:modified_time\" content=\"2025-09-18T12:05:03+00:00\" \/>\n<meta name=\"twitter:card\" content=\"summary_large_image\" \/>\n<meta name=\"twitter:label1\" content=\"Szacowany czas czytania\" \/>\n\t<meta name=\"twitter:data1\" content=\"5 minut\" \/>\n<script type=\"application\/ld+json\" class=\"yoast-schema-graph\">{\"@context\":\"https:\/\/schema.org\",\"@graph\":[{\"@type\":\"WebPage\",\"@id\":\"https:\/\/www.ih.com.pl\/wroclaw\/\",\"url\":\"https:\/\/www.ih.com.pl\/wroclaw\/\",\"name\":\"J\u0119zyk angielski Wroc\u0142aw | Nauka angielskiego | Szko\u0142a j\u0119zyka angielskiego\",\"isPartOf\":{\"@id\":\"https:\/\/www.ih.com.pl\/wroclaw\/#website\"},\"datePublished\":\"2019-11-29T10:28:12+00:00\",\"dateModified\":\"2025-09-18T12:05:03+00:00\",\"description\":\"Naucz si\u0119 j\u0119zyka angielskiego z wroc\u0142awsk\u0105 szko\u0142\u0105 j\u0119zykow\u0105 International House. Skorzystaj z najwy\u017cszej jako\u015bci nauczania. Sprawd\u017a nasz\u0105 ofert\u0119!\",\"breadcrumb\":{\"@id\":\"https:\/\/www.ih.com.pl\/wroclaw\/#breadcrumb\"},\"inLanguage\":\"pl-PL\",\"potentialAction\":[{\"@type\":\"ReadAction\",\"target\":[\"https:\/\/www.ih.com.pl\/wroclaw\/\"]}]},{\"@type\":\"BreadcrumbList\",\"@id\":\"https:\/\/www.ih.com.pl\/wroclaw\/#breadcrumb\",\"itemListElement\":[{\"@type\":\"ListItem\",\"position\":1,\"name\":\"Strona g\u0142\u00f3wna\",\"item\":\"https:\/\/www.ih.com.pl\/wroclaw\/\"},{\"@type\":\"ListItem\",\"position\":2,\"name\":\"Strona g\u0142\u00f3wna\"}]},{\"@type\":\"WebSite\",\"@id\":\"https:\/\/www.ih.com.pl\/wroclaw\/#website\",\"url\":\"https:\/\/www.ih.com.pl\/wroclaw\/\",\"name\":\"IH Wroc\u0142aw\",\"description\":\"\",\"potentialAction\":[{\"@type\":\"SearchAction\",\"target\":{\"@type\":\"EntryPoint\",\"urlTemplate\":\"https:\/\/www.ih.com.pl\/wroclaw\/?s={search_term_string}\"},\"query-input\":{\"@type\":\"PropertyValueSpecification\",\"valueRequired\":true,\"valueName\":\"search_term_string\"}}],\"inLanguage\":\"pl-PL\"}]}<\/script>\n<!-- \/ Yoast SEO plugin. -->","yoast_head_json":{"title":"J\u0119zyk angielski Wroc\u0142aw | Nauka angielskiego | Szko\u0142a j\u0119zyka angielskiego","description":"Naucz si\u0119 j\u0119zyka angielskiego z wroc\u0142awsk\u0105 szko\u0142\u0105 j\u0119zykow\u0105 International House. Skorzystaj z najwy\u017cszej jako\u015bci nauczania. Sprawd\u017a nasz\u0105 ofert\u0119!","robots":{"index":"index","follow":"follow","max-snippet":"max-snippet:-1","max-image-preview":"max-image-preview:large","max-video-preview":"max-video-preview:-1"},"canonical":"https:\/\/www.ih.com.pl\/wroclaw\/","og_locale":"pl_PL","og_type":"article","og_title":"J\u0119zyk angielski Wroc\u0142aw | Nauka angielskiego | Szko\u0142a j\u0119zyka angielskiego","og_description":"Naucz si\u0119 j\u0119zyka angielskiego z wroc\u0142awsk\u0105 szko\u0142\u0105 j\u0119zykow\u0105 International House. Skorzystaj z najwy\u017cszej jako\u015bci nauczania. Sprawd\u017a nasz\u0105 ofert\u0119!","og_url":"https:\/\/www.ih.com.pl\/wroclaw\/","og_site_name":"IH Wroc\u0142aw","article_modified_time":"2025-09-18T12:05:03+00:00","twitter_card":"summary_large_image","twitter_misc":{"Szacowany czas czytania":"5 minut"},"schema":{"@context":"https:\/\/schema.org","@graph":[{"@type":"WebPage","@id":"https:\/\/www.ih.com.pl\/wroclaw\/","url":"https:\/\/www.ih.com.pl\/wroclaw\/","name":"J\u0119zyk angielski Wroc\u0142aw | Nauka angielskiego | Szko\u0142a j\u0119zyka angielskiego","isPartOf":{"@id":"https:\/\/www.ih.com.pl\/wroclaw\/#website"},"datePublished":"2019-11-29T10:28:12+00:00","dateModified":"2025-09-18T12:05:03+00:00","description":"Naucz si\u0119 j\u0119zyka angielskiego z wroc\u0142awsk\u0105 szko\u0142\u0105 j\u0119zykow\u0105 International House. Skorzystaj z najwy\u017cszej jako\u015bci nauczania. Sprawd\u017a nasz\u0105 ofert\u0119!","breadcrumb":{"@id":"https:\/\/www.ih.com.pl\/wroclaw\/#breadcrumb"},"inLanguage":"pl-PL","potentialAction":[{"@type":"ReadAction","target":["https:\/\/www.ih.com.pl\/wroclaw\/"]}]},{"@type":"BreadcrumbList","@id":"https:\/\/www.ih.com.pl\/wroclaw\/#breadcrumb","itemListElement":[{"@type":"ListItem","position":1,"name":"Strona g\u0142\u00f3wna","item":"https:\/\/www.ih.com.pl\/wroclaw\/"},{"@type":"ListItem","position":2,"name":"Strona g\u0142\u00f3wna"}]},{"@type":"WebSite","@id":"https:\/\/www.ih.com.pl\/wroclaw\/#website","url":"https:\/\/www.ih.com.pl\/wroclaw\/","name":"IH Wroc\u0142aw","description":"","potentialAction":[{"@type":"SearchAction","target":{"@type":"EntryPoint","urlTemplate":"https:\/\/www.ih.com.pl\/wroclaw\/?s={search_term_string}"},"query-input":{"@type":"PropertyValueSpecification","valueRequired":true,"valueName":"search_term_string"}}],"inLanguage":"pl-PL"}]}},"_links":{"self":[{"href":"https:\/\/www.ih.com.pl\/wroclaw\/wp-json\/wp\/v2\/pages\/2","targetHints":{"allow":["GET"]}}],"collection":[{"href":"https:\/\/www.ih.com.pl\/wroclaw\/wp-json\/wp\/v2\/pages"}],"about":[{"href":"https:\/\/www.ih.com.pl\/wroclaw\/wp-json\/wp\/v2\/types\/page"}],"author":[{"embeddable":true,"href":"https:\/\/www.ih.com.pl\/wroclaw\/wp-json\/wp\/v2\/users\/1"}],"replies":[{"embeddable":true,"href":"https:\/\/www.ih.com.pl\/wroclaw\/wp-json\/wp\/v2\/comments?post=2"}],"version-history":[{"count":52,"href":"https:\/\/www.ih.com.pl\/wroclaw\/wp-json\/wp\/v2\/pages\/2\/revisions"}],"predecessor-version":[{"id":335,"href":"https:\/\/www.ih.com.pl\/wroclaw\/wp-json\/wp\/v2\/pages\/2\/revisions\/335"}],"wp:attachment":[{"href":"https:\/\/www.ih.com.pl\/wroclaw\/wp-json\/wp\/v2\/media?parent=2"}],"curies":[{"name":"wp","href":"https:\/\/api.w.org\/{rel}","templated":true}]}}