{"id":467,"date":"2020-01-28T17:14:30","date_gmt":"2020-01-28T16:14:30","guid":{"rendered":"https:\/\/ih.wizjanet.pl\/wroclaw\/?page_id=467"},"modified":"2020-01-29T14:13:21","modified_gmt":"2020-01-29T13:13:21","slug":"kadra-nauczycielska-2","status":"publish","type":"page","link":"https:\/\/www.ih.com.pl\/wroclaw\/kadra-nauczycielska-2\/","title":{"rendered":"Kadra nauczycielska"},"content":{"rendered":"<div class=\"wpb-content-wrapper\"><p>[vc_row][vc_column width=&#8221;1\/1&#8243;][vc_custom_heading separator=&#8221;yes&#8221;]Kadra Nauczycielska[\/vc_custom_heading][vc_custom_heading text_size=&#8221;h4&#8243; text_color=&#8221;color-jevc&#8221; subheading=&#8221;John Haycraft (za\u0142o\u017cyciel pierwszej szko\u0142y International House)<br \/>\nThe Times Educational Supplement, July 8, 1996&#8243;]\u2018Being English is not enough\u2019<br \/>\n(Nie wystarczy by\u0107 Anglikiem)[\/vc_custom_heading][\/vc_column][\/vc_row][vc_row row_height_percent=&#8221;0&#8243; back_color=&#8221;color-uydo&#8221; overlay_alpha=&#8221;50&#8243; gutter_size=&#8221;3&#8243; column_width_percent=&#8221;100&#8243; shift_y=&#8221;0&#8243; z_index=&#8221;0&#8243;][vc_column width=&#8221;1\/1&#8243;][vc_column_text]<strong>Nasi lektorzy maj\u0105 odpowiednie kwalifikacje<\/strong><\/p>\n<p>J\u0119zyka obcego mo\u017ce naucza\u0107 tylko osoba z odpowiednim przygotowaniem metodycznym. To w\u0142a\u015bnie w International House po raz pierwszy dostrze\u017cono konieczno\u015b\u0107 stosowania odr\u0119bnych metod i przygotowania metodycznego, wyodr\u0119bniono nauczanie j\u0119zyka angielskiego jako odr\u0119bn\u0105 profesj\u0119. Pierwszy na \u015bwiecie kurs metodyczny dla nauczycieli j\u0119zyka angielskiego by\u0142 przeprowadzony w 1953 roku w International House w Londynie. Sta\u0142 si\u0119 on z czasem najpopularniejszym kursem dla nauczycieli angielskiego na \u015bwiecie, znanym jako Cambridge CELTA (Certificate in English Language Teaching to Adults). Wszyscy nasi lektorzy posiadaj\u0105 co najmniej certyfikat CELTA lub jego odpowiednik.[\/vc_column_text][\/vc_column][\/vc_row][vc_row][vc_column width=&#8221;1\/1&#8243;][vc_column_text]<strong>Nasi lektorzy s\u0105 kompetentni<\/strong><\/p>\n<p>S\u0105 to osoby z wy\u017cszym wykszta\u0142ceniem i odpowiednim przygotowaniem metodycznym, pozytywnie nastawione do \u015bwiata i ludzi, otwarte na r\u00f3\u017cnice kulturowe, z entuzjazmem podchodz\u0105ce do swojej pracy. Cz\u0119\u015b\u0107 z nich to <strong>nauczyciele dyplomowani<\/strong> posiadaj\u0105cy certyfikat Cambridge Delta.[\/vc_column_text][\/vc_column][\/vc_row][vc_row row_height_percent=&#8221;0&#8243; back_color=&#8221;color-uydo&#8221; overlay_alpha=&#8221;50&#8243; gutter_size=&#8221;3&#8243; column_width_percent=&#8221;100&#8243; shift_y=&#8221;0&#8243; z_index=&#8221;0&#8243;][vc_column width=&#8221;1\/1&#8243;][vc_column_text]<strong>W\u015br\u00f3d naszych lektor\u00f3w s\u0105 egzaminatorzy Cambridge English. <\/strong><\/p>\n<p>Ich do\u015bwiadczenie egzaminacyjne i praktyczna znajomo\u015b\u0107 kryteri\u00f3w oceny kandydat\u00f3w to kolejny atut, kt\u00f3ry dostaj\u0105 do r\u0119ki nasi uczniowie.[\/vc_column_text][\/vc_column][\/vc_row][vc_row][vc_column width=&#8221;1\/1&#8243;][vc_column_text]<strong>Lektorzy IH starannie przygotowuj\u0105 si\u0119 do zaj\u0119\u0107.<\/strong><\/p>\n<p>IH zapewnia nauczycielom doskona\u0142e warunki &#8211; bogato wyposa\u017cone zaplecze dydaktyczne, dost\u0119p do naj\u015bwie\u017cszych publikacji i najnowszych technologii oraz sprzyjaj\u0105c\u0105 pracy atmosfer\u0119. Dzi\u0119ki temu mog\u0105 dok\u0142adnie przemy\u015ble\u0107 i zaplanowa\u0107 ka\u017cde zaj\u0119cia oraz przygotowa\u0107 w\u0142a\u015bciwe materia\u0142y uzupe\u0142niaj\u0105ce.[\/vc_column_text][\/vc_column][\/vc_row][vc_row row_height_percent=&#8221;0&#8243; back_color=&#8221;color-uydo&#8221; overlay_alpha=&#8221;50&#8243; gutter_size=&#8221;3&#8243; column_width_percent=&#8221;100&#8243; shift_y=&#8221;0&#8243; z_index=&#8221;0&#8243;][vc_column width=&#8221;1\/1&#8243;][vc_column_text]<strong>Wsparcie do\u015bwiadczonych metodyk\u00f3w i doskonalenie zawodowe lektor\u00f3w.<\/strong><\/p>\n<p>Zale\u017cy nam na wysokiej jako\u015bci naszej oferty edukacyjnej, dlatego zapewniamy nauczycielom niezb\u0119dne profesjonalne wsparcie oraz mo\u017cliwo\u015b\u0107 doskonalenia zawodowego. Ich prac\u0105 kieruj\u0105 dyplomowani metodycy o wieloletnim do\u015bwiadczeniu, kt\u00f3rzy czuwaj\u0105 nad przebiegiem procesu dydaktycznego. Odpowiadaj\u0105 r\u00f3wnie\u017c za system regularnych szkole\u0144, wyk\u0142ad\u00f3w i obserwacji oraz sprawuj\u0105 indywidualn\u0105 opiek\u0119 metodyczn\u0105 nad lektorami.[\/vc_column_text][\/vc_column][\/vc_row][vc_row][vc_column width=&#8221;1\/1&#8243;][vc_column_text]<strong>Do\u015bwiadczenie i dorobek \u015awiatowej Organizacji International House.<\/strong><\/p>\n<p>Organizacja International House jest dla szk\u00f3\u0142 stowarzyszonych p\u0142aszczyzn\u0105 wymiany do\u015bwiadcze\u0144 i praktyk, \u017ar\u00f3d\u0142em inspiracji i informacji, to \u017cywy, aktywny klub, gdzie najlepsi ucz\u0105 si\u0119 od najlepszych. Lektorzy szk\u00f3\u0142 IH maj\u0105 dost\u0119p do przebogatej, wci\u0105\u017c rozwijaj\u0105cej si\u0119 bazy zasob\u00f3w metodycznych dost\u0119pnych tylko dla cz\u0142onk\u00f3w organizacji.Wielu nauczycieli i metodyk\u00f3w zwi\u0105zanych z organizacj\u0105 IH wsp\u00f3\u0142pracuje z czo\u0142owymi wydawnictwami: Cambridge University Press, Oxford University Press i Pearson Longman. S\u0105 w\u015br\u00f3d nich autorzy znanych podr\u0119cznik\u00f3w i klasycznych ju\u017c publikacji, na przyk\u0142ad 'Think First Certificate&#8217;, 'FC Gold&#8217;, 'Advanced Gold&#8217;, a tak\u017ce takich bestseller\u00f3w jak 'Cutting Edge&#8217;, 'Headway&#8217; czy 'English Language Teaching&#8217;.[\/vc_column_text][\/vc_column][\/vc_row]<\/p>\n<\/div>","protected":false},"excerpt":{"rendered":"<p>[vc_row][vc_column width=&#8221;1\/1&#8243;][vc_custom_heading separator=&#8221;yes&#8221;]Kadra Nauczycielska[\/vc_custom_heading][vc_custom_heading text_size=&#8221;h4&#8243; text_color=&#8221;color-jevc&#8221; subheading=&#8221;John Haycraft (za\u0142o\u017cyciel pierwszej szko\u0142y International House) The Times Educational Supplement, July 8, 1996&#8243;]\u2018Being [&hellip;]<\/p>\n","protected":false},"author":3,"featured_media":0,"parent":0,"menu_order":0,"comment_status":"closed","ping_status":"closed","template":"","meta":{"footnotes":""},"class_list":["post-467","page","type-page","status-publish","hentry"],"yoast_head":"<!-- This site is optimized with the Yoast SEO plugin v26.8 - https:\/\/yoast.com\/product\/yoast-seo-wordpress\/ -->\n<title>Kadra nauczycielska - IH Wroc\u0142aw<\/title>\n<meta name=\"robots\" content=\"index, follow, max-snippet:-1, max-image-preview:large, max-video-preview:-1\" \/>\n<link rel=\"canonical\" href=\"https:\/\/www.ih.com.pl\/wroclaw\/kadra-nauczycielska-2\/\" \/>\n<meta property=\"og:locale\" content=\"pl_PL\" \/>\n<meta property=\"og:type\" content=\"article\" \/>\n<meta property=\"og:title\" content=\"Kadra nauczycielska - IH Wroc\u0142aw\" \/>\n<meta property=\"og:description\" content=\"[vc_row][vc_column width=&#8221;1\/1&#8243;][vc_custom_heading separator=&#8221;yes&#8221;]Kadra Nauczycielska[\/vc_custom_heading][vc_custom_heading text_size=&#8221;h4&#8243; text_color=&#8221;color-jevc&#8221; subheading=&#8221;John Haycraft (za\u0142o\u017cyciel pierwszej szko\u0142y International House) The Times Educational Supplement, July 8, 1996&#8243;]\u2018Being [&hellip;]\" \/>\n<meta property=\"og:url\" content=\"https:\/\/www.ih.com.pl\/wroclaw\/kadra-nauczycielska-2\/\" \/>\n<meta property=\"og:site_name\" content=\"IH Wroc\u0142aw\" \/>\n<meta property=\"article:modified_time\" content=\"2020-01-29T13:13:21+00:00\" \/>\n<meta name=\"twitter:card\" content=\"summary_large_image\" \/>\n<meta name=\"twitter:label1\" content=\"Szacowany czas czytania\" \/>\n\t<meta name=\"twitter:data1\" content=\"3 minuty\" \/>\n<script type=\"application\/ld+json\" class=\"yoast-schema-graph\">{\"@context\":\"https:\/\/schema.org\",\"@graph\":[{\"@type\":\"WebPage\",\"@id\":\"https:\/\/www.ih.com.pl\/wroclaw\/kadra-nauczycielska-2\/\",\"url\":\"https:\/\/www.ih.com.pl\/wroclaw\/kadra-nauczycielska-2\/\",\"name\":\"Kadra nauczycielska - IH Wroc\u0142aw\",\"isPartOf\":{\"@id\":\"https:\/\/www.ih.com.pl\/wroclaw\/#website\"},\"datePublished\":\"2020-01-28T16:14:30+00:00\",\"dateModified\":\"2020-01-29T13:13:21+00:00\",\"breadcrumb\":{\"@id\":\"https:\/\/www.ih.com.pl\/wroclaw\/kadra-nauczycielska-2\/#breadcrumb\"},\"inLanguage\":\"pl-PL\",\"potentialAction\":[{\"@type\":\"ReadAction\",\"target\":[\"https:\/\/www.ih.com.pl\/wroclaw\/kadra-nauczycielska-2\/\"]}]},{\"@type\":\"BreadcrumbList\",\"@id\":\"https:\/\/www.ih.com.pl\/wroclaw\/kadra-nauczycielska-2\/#breadcrumb\",\"itemListElement\":[{\"@type\":\"ListItem\",\"position\":1,\"name\":\"Strona g\u0142\u00f3wna\",\"item\":\"https:\/\/www.ih.com.pl\/wroclaw\/\"},{\"@type\":\"ListItem\",\"position\":2,\"name\":\"Kadra nauczycielska\"}]},{\"@type\":\"WebSite\",\"@id\":\"https:\/\/www.ih.com.pl\/wroclaw\/#website\",\"url\":\"https:\/\/www.ih.com.pl\/wroclaw\/\",\"name\":\"IH Wroc\u0142aw\",\"description\":\"\",\"potentialAction\":[{\"@type\":\"SearchAction\",\"target\":{\"@type\":\"EntryPoint\",\"urlTemplate\":\"https:\/\/www.ih.com.pl\/wroclaw\/?s={search_term_string}\"},\"query-input\":{\"@type\":\"PropertyValueSpecification\",\"valueRequired\":true,\"valueName\":\"search_term_string\"}}],\"inLanguage\":\"pl-PL\"}]}<\/script>\n<!-- \/ Yoast SEO plugin. -->","yoast_head_json":{"title":"Kadra nauczycielska - IH Wroc\u0142aw","robots":{"index":"index","follow":"follow","max-snippet":"max-snippet:-1","max-image-preview":"max-image-preview:large","max-video-preview":"max-video-preview:-1"},"canonical":"https:\/\/www.ih.com.pl\/wroclaw\/kadra-nauczycielska-2\/","og_locale":"pl_PL","og_type":"article","og_title":"Kadra nauczycielska - IH Wroc\u0142aw","og_description":"[vc_row][vc_column width=&#8221;1\/1&#8243;][vc_custom_heading separator=&#8221;yes&#8221;]Kadra Nauczycielska[\/vc_custom_heading][vc_custom_heading text_size=&#8221;h4&#8243; text_color=&#8221;color-jevc&#8221; subheading=&#8221;John Haycraft (za\u0142o\u017cyciel pierwszej szko\u0142y International House) The Times Educational Supplement, July 8, 1996&#8243;]\u2018Being [&hellip;]","og_url":"https:\/\/www.ih.com.pl\/wroclaw\/kadra-nauczycielska-2\/","og_site_name":"IH Wroc\u0142aw","article_modified_time":"2020-01-29T13:13:21+00:00","twitter_card":"summary_large_image","twitter_misc":{"Szacowany czas czytania":"3 minuty"},"schema":{"@context":"https:\/\/schema.org","@graph":[{"@type":"WebPage","@id":"https:\/\/www.ih.com.pl\/wroclaw\/kadra-nauczycielska-2\/","url":"https:\/\/www.ih.com.pl\/wroclaw\/kadra-nauczycielska-2\/","name":"Kadra nauczycielska - IH Wroc\u0142aw","isPartOf":{"@id":"https:\/\/www.ih.com.pl\/wroclaw\/#website"},"datePublished":"2020-01-28T16:14:30+00:00","dateModified":"2020-01-29T13:13:21+00:00","breadcrumb":{"@id":"https:\/\/www.ih.com.pl\/wroclaw\/kadra-nauczycielska-2\/#breadcrumb"},"inLanguage":"pl-PL","potentialAction":[{"@type":"ReadAction","target":["https:\/\/www.ih.com.pl\/wroclaw\/kadra-nauczycielska-2\/"]}]},{"@type":"BreadcrumbList","@id":"https:\/\/www.ih.com.pl\/wroclaw\/kadra-nauczycielska-2\/#breadcrumb","itemListElement":[{"@type":"ListItem","position":1,"name":"Strona g\u0142\u00f3wna","item":"https:\/\/www.ih.com.pl\/wroclaw\/"},{"@type":"ListItem","position":2,"name":"Kadra nauczycielska"}]},{"@type":"WebSite","@id":"https:\/\/www.ih.com.pl\/wroclaw\/#website","url":"https:\/\/www.ih.com.pl\/wroclaw\/","name":"IH Wroc\u0142aw","description":"","potentialAction":[{"@type":"SearchAction","target":{"@type":"EntryPoint","urlTemplate":"https:\/\/www.ih.com.pl\/wroclaw\/?s={search_term_string}"},"query-input":{"@type":"PropertyValueSpecification","valueRequired":true,"valueName":"search_term_string"}}],"inLanguage":"pl-PL"}]}},"_links":{"self":[{"href":"https:\/\/www.ih.com.pl\/wroclaw\/wp-json\/wp\/v2\/pages\/467","targetHints":{"allow":["GET"]}}],"collection":[{"href":"https:\/\/www.ih.com.pl\/wroclaw\/wp-json\/wp\/v2\/pages"}],"about":[{"href":"https:\/\/www.ih.com.pl\/wroclaw\/wp-json\/wp\/v2\/types\/page"}],"author":[{"embeddable":true,"href":"https:\/\/www.ih.com.pl\/wroclaw\/wp-json\/wp\/v2\/users\/3"}],"replies":[{"embeddable":true,"href":"https:\/\/www.ih.com.pl\/wroclaw\/wp-json\/wp\/v2\/comments?post=467"}],"version-history":[{"count":7,"href":"https:\/\/www.ih.com.pl\/wroclaw\/wp-json\/wp\/v2\/pages\/467\/revisions"}],"predecessor-version":[{"id":537,"href":"https:\/\/www.ih.com.pl\/wroclaw\/wp-json\/wp\/v2\/pages\/467\/revisions\/537"}],"wp:attachment":[{"href":"https:\/\/www.ih.com.pl\/wroclaw\/wp-json\/wp\/v2\/media?parent=467"}],"curies":[{"name":"wp","href":"https:\/\/api.w.org\/{rel}","templated":true}]}}