{"id":572,"date":"2020-01-30T06:06:45","date_gmt":"2020-01-30T05:06:45","guid":{"rendered":"https:\/\/ih.wizjanet.pl\/wroclaw\/?page_id=572"},"modified":"2020-01-30T06:06:45","modified_gmt":"2020-01-30T05:06:45","slug":"egzaminy-young-learners","status":"publish","type":"page","link":"https:\/\/www.ih.com.pl\/wroclaw\/egzaminy-young-learners\/","title":{"rendered":"Egzaminy Young Learners"},"content":{"rendered":"<div class=\"wpb-content-wrapper\"><p>[vc_row][vc_column width=&#8221;1\/1&#8243;][vc_custom_heading]Egzaminy Young Learners[\/vc_custom_heading][vc_custom_heading heading_semantic=&#8221;h4&#8243; text_size=&#8221;h4&#8243; text_color=&#8221;color-jevc&#8221;]Setki tysi\u0119cy dzieci na ca\u0142ym \u015bwiecie przyst\u0119puj\u0105 do egzamin\u00f3w angielskich Cambridge English: Young Learners, znanych r\u00f3wnie\u017c jako Cambridge Young Learners English (YLE). Testy YLE wyznaczaj\u0105 mi\u0119dzynarodowe standardy w nauczaniu j\u0119zyka angielskiego w szko\u0142ach podstawowych, zar\u00f3wno dla nauczycieli jak i dla uczni\u00f3w. Wszyscy zdaj\u0105cy egzaminowani s\u0105 wed\u0142ug tych samych zasad i otrzymuj\u0105 takie same, uznane w wielu krajach, certyfikaty Cambridge English. [\/vc_custom_heading][vc_row_inner][vc_column_inner width=&#8221;1\/2&#8243;][vc_column_text]Testy YLE przeznaczone s\u0105 dla dzieci w wieku 7-12 lat. Organizowane s\u0105 najcz\u0119\u015bciej na wniosek szko\u0142y podstawowej lub j\u0119zykowej, do kt\u00f3rej dzieci ucz\u0119szczaj\u0105. Szko\u0142a zg\u0142aszaj\u0105ca swoich uczni\u00f3w na testy YLE ma prawo do wyboru terminu i miejsca ich przeprowadzenia. Zazwyczaj egzamin przeprowadzany jest w szkole, w kt\u00f3rej dzieci ucz\u0105 si\u0119 j\u0119zyka angielskiego. Zapisy dla szk\u00f3\u0142 prowadzone s\u0105 w spos\u00f3b ci\u0105g\u0142y.[\/vc_column_text][\/vc_column_inner][vc_column_inner width=&#8221;1\/2&#8243;][vc_column_text]Ponadto, organizowane s\u0105 sesje otwarte YLE, skierowane przede wszystkim do dzieci, kt\u00f3rych szko\u0142y nie mog\u0105 zorganizowa\u0107 egzaminu w swojej plac\u00f3wce. W takim przypadku zapisy na egzaminy Cambridge English dla dzieci dokonywane s\u0105 bezpo\u015brednio przez rodzic\u00f3w lub opiekun\u00f3w prawnych, a egzaminy odbywaj\u0105 si\u0119 w siedzibie International House Integra Bielsko lub w innym miejscu wyznaczonym przez Centrum Egzaminacyjne. [\/vc_column_text][\/vc_column_inner][\/vc_row_inner][vc_separator sep_color=&#8221;color-gyho&#8221; el_height=&#8221;2px&#8221;][vc_row_inner][vc_column_inner column_width_percent=&#8221;100&#8243; align_horizontal=&#8221;align_center&#8221; gutter_size=&#8221;3&#8243; overlay_alpha=&#8221;50&#8243; shift_x=&#8221;0&#8243; shift_y=&#8221;0&#8243; shift_y_down=&#8221;0&#8243; z_index=&#8221;0&#8243; medium_width=&#8221;0&#8243; mobile_width=&#8221;0&#8243; width=&#8221;1\/1&#8243;][vc_custom_heading heading_semantic=&#8221;h4&#8243; text_size=&#8221;h4&#8243;]Testy YLE przeprowadzane s\u0105 na trzech poziomach zaawansowania:[\/vc_custom_heading][\/vc_column_inner][\/vc_row_inner][vc_row_inner][vc_column_inner column_width_percent=&#8221;100&#8243; position_vertical=&#8221;middle&#8221; align_horizontal=&#8221;align_center&#8221; gutter_size=&#8221;3&#8243; override_padding=&#8221;yes&#8221; column_padding=&#8221;2&#8243; style=&#8221;dark&#8221; back_color=&#8221;color-476022&#8243; overlay_alpha=&#8221;50&#8243; shift_x=&#8221;0&#8243; shift_y=&#8221;0&#8243; shift_y_down=&#8221;0&#8243; z_index=&#8221;0&#8243; medium_width=&#8221;0&#8243; mobile_width=&#8221;0&#8243; width=&#8221;1\/3&#8243;][vc_custom_heading heading_semantic=&#8221;h4&#8243; text_size=&#8221;h4&#8243; text_color=&#8221;color-xsdn&#8221; separator=&#8221;yes&#8221; subheading=&#8221;poziom pocz\u0105tkuj\u0105cy&#8221;]Starters[\/vc_custom_heading][vc_button radius=&#8221;btn-circle&#8221; outline=&#8221;yes&#8221; border_width=&#8221;0&#8243; link=&#8221;url:http%3A%2F%2Fwww.cambridgeenglish.org%2Fexams-and-qualifications%2Fyoung-learners%2Fstarters%2F||target:%20_blank|&#8221;]Czytaj wi\u0119cej[\/vc_button][\/vc_column_inner][vc_column_inner column_width_percent=&#8221;100&#8243; position_vertical=&#8221;middle&#8221; align_horizontal=&#8221;align_center&#8221; gutter_size=&#8221;3&#8243; override_padding=&#8221;yes&#8221; column_padding=&#8221;2&#8243; style=&#8221;dark&#8221; back_color=&#8221;color-174087&#8243; overlay_alpha=&#8221;50&#8243; shift_x=&#8221;0&#8243; shift_y=&#8221;0&#8243; shift_y_down=&#8221;0&#8243; z_index=&#8221;0&#8243; medium_width=&#8221;0&#8243; mobile_width=&#8221;0&#8243; width=&#8221;1\/3&#8243;][vc_custom_heading heading_semantic=&#8221;h4&#8243; text_size=&#8221;h4&#8243; text_color=&#8221;color-xsdn&#8221; separator=&#8221;yes&#8221; subheading=&#8221;poziom A1 (wg skali Rady Europy)&#8221;]Movers[\/vc_custom_heading][vc_button radius=&#8221;btn-circle&#8221; outline=&#8221;yes&#8221; border_width=&#8221;0&#8243; link=&#8221;url:http%3A%2F%2Fwww.cambridgeenglish.org%2Fexams-and-qualifications%2Fyoung-learners%2Fmovers%2F||target:%20_blank|&#8221;]Czytaj wi\u0119cej[\/vc_button][\/vc_column_inner][vc_column_inner column_width_percent=&#8221;100&#8243; position_vertical=&#8221;middle&#8221; align_horizontal=&#8221;align_center&#8221; gutter_size=&#8221;3&#8243; override_padding=&#8221;yes&#8221; column_padding=&#8221;2&#8243; style=&#8221;dark&#8221; back_color=&#8221;color-963377&#8243; overlay_alpha=&#8221;50&#8243; shift_x=&#8221;0&#8243; shift_y=&#8221;0&#8243; shift_y_down=&#8221;0&#8243; z_index=&#8221;0&#8243; medium_width=&#8221;0&#8243; mobile_width=&#8221;0&#8243; width=&#8221;1\/3&#8243;][vc_custom_heading heading_semantic=&#8221;h4&#8243; text_size=&#8221;h4&#8243; text_color=&#8221;color-xsdn&#8221; separator=&#8221;yes&#8221; subheading=&#8221;poziom A2 (wg skali Rady Europy)&#8221;]Flyers[\/vc_custom_heading][vc_button radius=&#8221;btn-circle&#8221; outline=&#8221;yes&#8221; border_width=&#8221;0&#8243; link=&#8221;url:http%3A%2F%2Fwww.cambridgeenglish.org%2Fexams-and-qualifications%2Fyoung-learners%2Fflyers%2F||target:%20_blank|&#8221;]Czytaj wi\u0119cej[\/vc_button][\/vc_column_inner][\/vc_row_inner][vc_row_inner][vc_column_inner column_width_percent=&#8221;100&#8243; align_horizontal=&#8221;align_center&#8221; gutter_size=&#8221;3&#8243; overlay_alpha=&#8221;50&#8243; shift_x=&#8221;0&#8243; shift_y=&#8221;0&#8243; shift_y_down=&#8221;0&#8243; z_index=&#8221;0&#8243; medium_width=&#8221;0&#8243; mobile_width=&#8221;0&#8243; width=&#8221;1\/1&#8243;][vc_custom_heading heading_semantic=&#8221;h4&#8243; text_size=&#8221;h4&#8243;]Test YLE na ka\u017cdym poziomie sk\u0142ada si\u0119 z trzech cz\u0119\u015bci (tzw. Papers):[\/vc_custom_heading][\/vc_column_inner][\/vc_row_inner][vc_row_inner][vc_column_inner column_width_percent=&#8221;100&#8243; position_vertical=&#8221;middle&#8221; align_horizontal=&#8221;align_center&#8221; gutter_size=&#8221;3&#8243; override_padding=&#8221;yes&#8221; column_padding=&#8221;2&#8243; overlay_alpha=&#8221;50&#8243; shift_x=&#8221;0&#8243; shift_y=&#8221;0&#8243; shift_y_down=&#8221;0&#8243; z_index=&#8221;0&#8243; medium_width=&#8221;0&#8243; mobile_width=&#8221;0&#8243; width=&#8221;1\/3&#8243;][vc_icon icon=&#8221;fa fa-deaf&#8221; icon_color=&#8221;color-476022&#8243; size=&#8221;fa-4x&#8221; heading_semantic=&#8221;p&#8221; text_size=&#8221;&#8221; title=&#8221;Rozumienie ze s\u0142uchu (Listening)&#8221;][\/vc_icon][\/vc_column_inner][vc_column_inner column_width_percent=&#8221;100&#8243; align_horizontal=&#8221;align_center&#8221; gutter_size=&#8221;3&#8243; override_padding=&#8221;yes&#8221; column_padding=&#8221;2&#8243; overlay_alpha=&#8221;50&#8243; shift_x=&#8221;0&#8243; shift_y=&#8221;0&#8243; shift_y_down=&#8221;0&#8243; z_index=&#8221;0&#8243; medium_width=&#8221;0&#8243; mobile_width=&#8221;0&#8243; width=&#8221;1\/3&#8243;][vc_icon icon=&#8221;fa fa-pen&#8221; icon_color=&#8221;color-174087&#8243; size=&#8221;fa-4x&#8221; heading_semantic=&#8221;p&#8221; text_size=&#8221;&#8221; title=&#8221;Czytanie i pisanie (Reading and Writing)&#8221;][\/vc_icon][\/vc_column_inner][vc_column_inner column_width_percent=&#8221;100&#8243; align_horizontal=&#8221;align_center&#8221; gutter_size=&#8221;3&#8243; override_padding=&#8221;yes&#8221; column_padding=&#8221;2&#8243; overlay_alpha=&#8221;50&#8243; shift_x=&#8221;0&#8243; shift_y=&#8221;0&#8243; shift_y_down=&#8221;0&#8243; z_index=&#8221;0&#8243; medium_width=&#8221;0&#8243; mobile_width=&#8221;0&#8243; width=&#8221;1\/3&#8243;][vc_icon icon=&#8221;fa fa-bullhorn&#8221; icon_color=&#8221;color-963377&#8243; size=&#8221;fa-4x&#8221; heading_semantic=&#8221;p&#8221; text_size=&#8221;&#8221; title=&#8221;M\u00f3wienie (Speaking)&#8221;][\/vc_icon][\/vc_column_inner][\/vc_row_inner][vc_separator sep_color=&#8221;color-gyho&#8221; el_height=&#8221;2px&#8221;][vc_column_text]<\/p>\n<table width=\"100%\" cellspacing=\"1\" cellpadding=\"1\">\n<tbody>\n<tr>\n<td style=\"text-align: justify;\" width=\"150\"><strong>Egzamin<\/strong><\/td>\n<td style=\"text-align: justify;\" width=\"150\"><strong>Cz\u0119\u015bci egzaminu<\/strong><\/td>\n<td style=\"text-align: justify;\" width=\"150\"><strong>Czas trwania danej cz\u0119\u015bci<\/strong><\/td>\n<td style=\"text-align: justify;\" width=\"150\"><strong>Czas trwania ca\u0142ego egzaminu<\/strong><\/td>\n<\/tr>\n<tr>\n<td style=\"text-align: justify;\" width=\"150\" height=\"50\"><a href=\"http:\/\/www.cambridgeenglish.org\/exams-and-qualifications\/young-learners\/starters\/whats-in-the-test\/\"><span style=\"color: #ff9900;\"><strong>YLE Starters<\/strong><\/span><\/a><\/td>\n<td>\n<p style=\"text-align: justify;\">Listening<\/p>\n<p style=\"text-align: justify;\">Reading &amp; Writing<\/p>\n<p style=\"text-align: justify;\">Speaking<\/p>\n<\/td>\n<td width=\"20\">\n<p style=\"text-align: justify;\">oko\u0142o 20 minut<\/p>\n<p style=\"text-align: justify;\">20 minut<\/p>\n<p style=\"text-align: justify;\">3-5 minut<\/p>\n<\/td>\n<td style=\"text-align: justify;\"> oko\u0142o 45 minut<\/td>\n<\/tr>\n<tr>\n<td style=\"text-align: justify;\" width=\"150\" height=\"50\"><a href=\"http:\/\/www.cambridgeenglish.org\/exams-and-qualifications\/young-learners\/movers\/whats-in-the-test\/\"><strong><span style=\"color: #ff9900;\">YLE Movers<\/span><\/strong><\/a><\/td>\n<td>\n<p style=\"text-align: justify;\">Listening<\/p>\n<p style=\"text-align: justify;\">Reading &amp; Writing<\/p>\n<p style=\"text-align: justify;\">Speaking<\/p>\n<\/td>\n<td>\n<p style=\"text-align: justify;\">oko\u0142o 25 minut<\/p>\n<p style=\"text-align: justify;\">30 minut<\/p>\n<p style=\"text-align: justify;\">5-7 minut<\/p>\n<\/td>\n<td style=\"text-align: justify;\"> oko\u0142o 62 minuty<\/td>\n<\/tr>\n<tr>\n<td style=\"text-align: justify;\" width=\"150\" height=\"50\"><a href=\"http:\/\/www.cambridgeenglish.org\/exams-and-qualifications\/young-learners\/flyers\/whats-in-the-test\/\"><span style=\"color: #ff9900;\"><strong>YLE Flyers<\/strong><\/span><\/a><\/td>\n<td>\n<p style=\"text-align: justify;\"> Listening<\/p>\n<p style=\"text-align: justify;\">Reading &amp; Writing<\/p>\n<p style=\"text-align: justify;\">Speaking<\/p>\n<\/td>\n<td>\n<p style=\"text-align: justify;\">oko\u0142o 25 minut<\/p>\n<p style=\"text-align: justify;\">40 minut<\/p>\n<p style=\"text-align: justify;\">7-9 minut<\/p>\n<\/td>\n<td style=\"text-align: justify;\"> oko\u0142o 74 minuty<\/td>\n<\/tr>\n<\/tbody>\n<\/table>\n<p>[\/vc_column_text][vc_column_text]Ka\u017cde dziecko, kt\u00f3re przyst\u0105pi\u0142o do testu YLE otrzymuje certyfikat Cambridge English. Wyniki przedstawione s\u0105 na certyfikacie graficznie, w postaci tarcz. Z ka\u017cdej z trzech cz\u0119\u015bci testu mo\u017cna uzyska\u0107 maksymalnie 5 tarcz, tj. \u0142\u0105cznie 15. Wynik pokazuje wyra\u017anie jakie post\u0119py w nauce j\u0119zyka poczyni\u0142o dziecko. Certyfikat jest r\u00f3wnie\u017c motywacj\u0105 do dalszej pracy nad angielskim. [\/vc_column_text][\/vc_column][\/vc_row][vc_row row_height_percent=&#8221;0&#8243; override_padding=&#8221;yes&#8221; h_padding=&#8221;2&#8243; top_padding=&#8221;3&#8243; bottom_padding=&#8221;3&#8243; back_color=&#8221;color-210407&#8243; overlay_alpha=&#8221;50&#8243; gutter_size=&#8221;3&#8243; column_width_percent=&#8221;100&#8243; shift_y=&#8221;0&#8243; z_index=&#8221;0&#8243; shape_dividers=&#8221;&#8221;][vc_column column_width_percent=&#8221;100&#8243; gutter_size=&#8221;3&#8243; style=&#8221;dark&#8221; overlay_alpha=&#8221;50&#8243; shift_x=&#8221;0&#8243; shift_y=&#8221;0&#8243; shift_y_down=&#8221;0&#8243; z_index=&#8221;0&#8243; medium_width=&#8221;0&#8243; mobile_width=&#8221;0&#8243; width=&#8221;1\/1&#8243;][vc_custom_heading]DLACZEGO YLE?[\/vc_custom_heading][vc_column_text]<\/p>\n<ul>\n<li>Test YLE stanowi doskona\u0142y, niezale\u017cny sprawdzian oferty edukacyjnej danej plac\u00f3wki w zakresie nauczania j\u0119zyka angielskiego.<\/li>\n<li>Testy YLE w spos\u00f3b przyjazny i \u0142agodny pozwalaj\u0105 dziecku zdoby\u0107 pozytywne do\u015bwiadczenia wyniesione z pierwszych kontakt\u00f3w z egzaminami. Test przebiega bezstresowo, ma form\u0119 przyjaznej rozmowy z egzaminatorem Cambridge English, kt\u00f3ry jest odpowiednio przygotowany do pracy z dzie\u0107mi. Przeprowadzenie egzaminu koordynowane jest przez polskiego opiekuna.<\/li>\n<li>Badania pokazuj\u0105, \u017ce dzieci lubi\u0105 przygotowywa\u0107 si\u0119 do test\u00f3w YLE, a tak\u017ce je zdawa\u0107. Wiele zada\u0144 egzaminacyjnych polega mi\u0119dzy innymi na kolorowaniu, rysowaniu czy rozmowie z egzaminatorem, co bardzo zach\u0119ca i inspiruje dzieci.<\/li>\n<li>Test YLE to doskona\u0142y spos\u00f3b, by pokaza\u0107 dzieciom jak du\u017co ju\u017c umiej\u0105, a tym samym zach\u0119ci\u0107 je do dalszej nauki.<\/li>\n<li>Testy YLE ko\u0144cz\u0105 si\u0119 zawsze pozytywnym rezultatem, kt\u00f3ry jednak pozwala rodzicom i nauczycielom oceni\u0107 poczynione przez dziecko post\u0119py i przygotowa\u0107 je do nauki na kolejnym poziomie zaawansowania.<\/li>\n<li>Testy YLE wzmacniaj\u0105 wiar\u0119 dziecka we w\u0142asne mo\u017cliwo\u015bci, a przez to przyczyniaj\u0105 si\u0119 do edukacyjnych sukces\u00f3w w przysz\u0142o\u015bci i nabycia umiej\u0119tno\u015bci zdawania coraz trudniejszych egzamin\u00f3w.<\/li>\n<\/ul>\n<p>[\/vc_column_text][\/vc_column][\/vc_row]<\/p>\n<\/div>","protected":false},"excerpt":{"rendered":"<p>[vc_row][vc_column width=&#8221;1\/1&#8243;][vc_custom_heading]Egzaminy Young Learners[\/vc_custom_heading][vc_custom_heading heading_semantic=&#8221;h4&#8243; text_size=&#8221;h4&#8243; text_color=&#8221;color-jevc&#8221;]Setki tysi\u0119cy dzieci na ca\u0142ym \u015bwiecie przyst\u0119puj\u0105 do egzamin\u00f3w angielskich Cambridge English: Young Learners, [&hellip;]<\/p>\n","protected":false},"author":1,"featured_media":0,"parent":0,"menu_order":0,"comment_status":"closed","ping_status":"closed","template":"","meta":{"footnotes":""},"class_list":["post-572","page","type-page","status-publish","hentry"],"yoast_head":"<!-- This site is optimized with the Yoast SEO plugin v26.8 - https:\/\/yoast.com\/product\/yoast-seo-wordpress\/ -->\n<title>Egzaminy Young Learners - IH Wroc\u0142aw<\/title>\n<meta name=\"robots\" content=\"index, follow, max-snippet:-1, max-image-preview:large, max-video-preview:-1\" \/>\n<link rel=\"canonical\" href=\"https:\/\/www.ih.com.pl\/wroclaw\/egzaminy-young-learners\/\" \/>\n<meta property=\"og:locale\" content=\"pl_PL\" \/>\n<meta property=\"og:type\" content=\"article\" \/>\n<meta property=\"og:title\" content=\"Egzaminy Young Learners - IH Wroc\u0142aw\" \/>\n<meta property=\"og:description\" content=\"[vc_row][vc_column width=&#8221;1\/1&#8243;][vc_custom_heading]Egzaminy Young Learners[\/vc_custom_heading][vc_custom_heading heading_semantic=&#8221;h4&#8243; text_size=&#8221;h4&#8243; text_color=&#8221;color-jevc&#8221;]Setki tysi\u0119cy dzieci na ca\u0142ym \u015bwiecie przyst\u0119puj\u0105 do egzamin\u00f3w angielskich Cambridge English: Young Learners, [&hellip;]\" \/>\n<meta property=\"og:url\" content=\"https:\/\/www.ih.com.pl\/wroclaw\/egzaminy-young-learners\/\" \/>\n<meta property=\"og:site_name\" content=\"IH Wroc\u0142aw\" \/>\n<meta name=\"twitter:card\" content=\"summary_large_image\" \/>\n<meta name=\"twitter:label1\" content=\"Szacowany czas czytania\" \/>\n\t<meta name=\"twitter:data1\" content=\"6 minut\" \/>\n<script type=\"application\/ld+json\" class=\"yoast-schema-graph\">{\"@context\":\"https:\/\/schema.org\",\"@graph\":[{\"@type\":\"WebPage\",\"@id\":\"https:\/\/www.ih.com.pl\/wroclaw\/egzaminy-young-learners\/\",\"url\":\"https:\/\/www.ih.com.pl\/wroclaw\/egzaminy-young-learners\/\",\"name\":\"Egzaminy Young Learners - IH Wroc\u0142aw\",\"isPartOf\":{\"@id\":\"https:\/\/www.ih.com.pl\/wroclaw\/#website\"},\"datePublished\":\"2020-01-30T05:06:45+00:00\",\"breadcrumb\":{\"@id\":\"https:\/\/www.ih.com.pl\/wroclaw\/egzaminy-young-learners\/#breadcrumb\"},\"inLanguage\":\"pl-PL\",\"potentialAction\":[{\"@type\":\"ReadAction\",\"target\":[\"https:\/\/www.ih.com.pl\/wroclaw\/egzaminy-young-learners\/\"]}]},{\"@type\":\"BreadcrumbList\",\"@id\":\"https:\/\/www.ih.com.pl\/wroclaw\/egzaminy-young-learners\/#breadcrumb\",\"itemListElement\":[{\"@type\":\"ListItem\",\"position\":1,\"name\":\"Strona g\u0142\u00f3wna\",\"item\":\"https:\/\/www.ih.com.pl\/wroclaw\/\"},{\"@type\":\"ListItem\",\"position\":2,\"name\":\"Egzaminy Young Learners\"}]},{\"@type\":\"WebSite\",\"@id\":\"https:\/\/www.ih.com.pl\/wroclaw\/#website\",\"url\":\"https:\/\/www.ih.com.pl\/wroclaw\/\",\"name\":\"IH Wroc\u0142aw\",\"description\":\"\",\"potentialAction\":[{\"@type\":\"SearchAction\",\"target\":{\"@type\":\"EntryPoint\",\"urlTemplate\":\"https:\/\/www.ih.com.pl\/wroclaw\/?s={search_term_string}\"},\"query-input\":{\"@type\":\"PropertyValueSpecification\",\"valueRequired\":true,\"valueName\":\"search_term_string\"}}],\"inLanguage\":\"pl-PL\"}]}<\/script>\n<!-- \/ Yoast SEO plugin. -->","yoast_head_json":{"title":"Egzaminy Young Learners - IH Wroc\u0142aw","robots":{"index":"index","follow":"follow","max-snippet":"max-snippet:-1","max-image-preview":"max-image-preview:large","max-video-preview":"max-video-preview:-1"},"canonical":"https:\/\/www.ih.com.pl\/wroclaw\/egzaminy-young-learners\/","og_locale":"pl_PL","og_type":"article","og_title":"Egzaminy Young Learners - IH Wroc\u0142aw","og_description":"[vc_row][vc_column width=&#8221;1\/1&#8243;][vc_custom_heading]Egzaminy Young Learners[\/vc_custom_heading][vc_custom_heading heading_semantic=&#8221;h4&#8243; text_size=&#8221;h4&#8243; text_color=&#8221;color-jevc&#8221;]Setki tysi\u0119cy dzieci na ca\u0142ym \u015bwiecie przyst\u0119puj\u0105 do egzamin\u00f3w angielskich Cambridge English: Young Learners, [&hellip;]","og_url":"https:\/\/www.ih.com.pl\/wroclaw\/egzaminy-young-learners\/","og_site_name":"IH Wroc\u0142aw","twitter_card":"summary_large_image","twitter_misc":{"Szacowany czas czytania":"6 minut"},"schema":{"@context":"https:\/\/schema.org","@graph":[{"@type":"WebPage","@id":"https:\/\/www.ih.com.pl\/wroclaw\/egzaminy-young-learners\/","url":"https:\/\/www.ih.com.pl\/wroclaw\/egzaminy-young-learners\/","name":"Egzaminy Young Learners - IH Wroc\u0142aw","isPartOf":{"@id":"https:\/\/www.ih.com.pl\/wroclaw\/#website"},"datePublished":"2020-01-30T05:06:45+00:00","breadcrumb":{"@id":"https:\/\/www.ih.com.pl\/wroclaw\/egzaminy-young-learners\/#breadcrumb"},"inLanguage":"pl-PL","potentialAction":[{"@type":"ReadAction","target":["https:\/\/www.ih.com.pl\/wroclaw\/egzaminy-young-learners\/"]}]},{"@type":"BreadcrumbList","@id":"https:\/\/www.ih.com.pl\/wroclaw\/egzaminy-young-learners\/#breadcrumb","itemListElement":[{"@type":"ListItem","position":1,"name":"Strona g\u0142\u00f3wna","item":"https:\/\/www.ih.com.pl\/wroclaw\/"},{"@type":"ListItem","position":2,"name":"Egzaminy Young Learners"}]},{"@type":"WebSite","@id":"https:\/\/www.ih.com.pl\/wroclaw\/#website","url":"https:\/\/www.ih.com.pl\/wroclaw\/","name":"IH Wroc\u0142aw","description":"","potentialAction":[{"@type":"SearchAction","target":{"@type":"EntryPoint","urlTemplate":"https:\/\/www.ih.com.pl\/wroclaw\/?s={search_term_string}"},"query-input":{"@type":"PropertyValueSpecification","valueRequired":true,"valueName":"search_term_string"}}],"inLanguage":"pl-PL"}]}},"_links":{"self":[{"href":"https:\/\/www.ih.com.pl\/wroclaw\/wp-json\/wp\/v2\/pages\/572","targetHints":{"allow":["GET"]}}],"collection":[{"href":"https:\/\/www.ih.com.pl\/wroclaw\/wp-json\/wp\/v2\/pages"}],"about":[{"href":"https:\/\/www.ih.com.pl\/wroclaw\/wp-json\/wp\/v2\/types\/page"}],"author":[{"embeddable":true,"href":"https:\/\/www.ih.com.pl\/wroclaw\/wp-json\/wp\/v2\/users\/1"}],"replies":[{"embeddable":true,"href":"https:\/\/www.ih.com.pl\/wroclaw\/wp-json\/wp\/v2\/comments?post=572"}],"version-history":[{"count":1,"href":"https:\/\/www.ih.com.pl\/wroclaw\/wp-json\/wp\/v2\/pages\/572\/revisions"}],"predecessor-version":[{"id":573,"href":"https:\/\/www.ih.com.pl\/wroclaw\/wp-json\/wp\/v2\/pages\/572\/revisions\/573"}],"wp:attachment":[{"href":"https:\/\/www.ih.com.pl\/wroclaw\/wp-json\/wp\/v2\/media?parent=572"}],"curies":[{"name":"wp","href":"https:\/\/api.w.org\/{rel}","templated":true}]}}