{"id":578,"date":"2020-01-30T06:08:22","date_gmt":"2020-01-30T05:08:22","guid":{"rendered":"https:\/\/ih.wizjanet.pl\/wroclaw\/?page_id=578"},"modified":"2020-02-03T16:34:43","modified_gmt":"2020-02-03T15:34:43","slug":"yle-sesje-zamkniete","status":"publish","type":"page","link":"https:\/\/www.ih.com.pl\/wroclaw\/yle-sesje-zamkniete\/","title":{"rendered":"YLE Sesje egzaminacyjne"},"content":{"rendered":"<div class=\"wpb-content-wrapper\"><p>[vc_row][vc_column width=&#8221;1\/1&#8243;][vc_custom_heading]Sesje egzaminacyjne[\/vc_custom_heading][vc_column_text]Szko\u0142y podstawowe i j\u0119zykowe maj\u0105 mo\u017cliwo\u015b\u0107 zg\u0142oszenia swoich uczni\u00f3w w wieku 7-12 lat na egzaminy Cambridge English: Young Learners (YLE). Egzamin mo\u017ce si\u0119 odby\u0107 w miejscu i terminie zaproponowanym przez szko\u0142\u0119. Najlepiej aby miejscem tym by\u0142a w\u0142a\u015bnie szko\u0142a, w kt\u00f3rej dzieci ucz\u0105 si\u0119 j\u0119zyka angielskiego, a wi\u0119c miejsce, kt\u00f3re dzieci dobrze znaj\u0105 i w kt\u00f3rym czuj\u0105 si\u0119 swobodnie.<\/p>\n<p>Szko\u0142y zainteresowane przeprowadzeniem egzaminu YLE powinny skontaktowa\u0107 si\u0119 z naszym Centrum Egzaminacyjnym na oko\u0142o 9 tygodni przed planowan\u0105 dat\u0105 egzaminu w celu jej ustalenia i potwierdzenia.<\/p>\n<p>Aby uzyska\u0107 szczeg\u00f3\u0142owe informacje co do procedur rejestracyjnych oraz cen egzamin\u00f3w zapraszamy do kontaktu z naszym Centrum na adres email: biurowroc@ih.com.pl lub telefonicznie +48 699 963 464.[\/vc_column_text][vc_separator sep_color=&#8221;color-gyho&#8221; el_height=&#8221;2px&#8221;][\/vc_column][\/vc_row]<\/p>\n<\/div>","protected":false},"excerpt":{"rendered":"<p>[vc_row][vc_column width=&#8221;1\/1&#8243;][vc_custom_heading]Sesje egzaminacyjne[\/vc_custom_heading][vc_column_text]Szko\u0142y podstawowe i j\u0119zykowe maj\u0105 mo\u017cliwo\u015b\u0107 zg\u0142oszenia swoich uczni\u00f3w w wieku 7-12 lat na egzaminy Cambridge English: Young [&hellip;]<\/p>\n","protected":false},"author":1,"featured_media":0,"parent":0,"menu_order":0,"comment_status":"closed","ping_status":"closed","template":"","meta":{"footnotes":""},"class_list":["post-578","page","type-page","status-publish","hentry"],"yoast_head":"<!-- This site is optimized with the Yoast SEO plugin v26.8 - https:\/\/yoast.com\/product\/yoast-seo-wordpress\/ -->\n<title>YLE Sesje egzaminacyjne - IH Wroc\u0142aw<\/title>\n<meta name=\"robots\" content=\"index, follow, max-snippet:-1, max-image-preview:large, max-video-preview:-1\" \/>\n<link rel=\"canonical\" href=\"https:\/\/www.ih.com.pl\/wroclaw\/yle-sesje-zamkniete\/\" \/>\n<meta property=\"og:locale\" content=\"pl_PL\" \/>\n<meta property=\"og:type\" content=\"article\" \/>\n<meta property=\"og:title\" content=\"YLE Sesje egzaminacyjne - IH Wroc\u0142aw\" \/>\n<meta property=\"og:description\" content=\"[vc_row][vc_column width=&#8221;1\/1&#8243;][vc_custom_heading]Sesje egzaminacyjne[\/vc_custom_heading][vc_column_text]Szko\u0142y podstawowe i j\u0119zykowe maj\u0105 mo\u017cliwo\u015b\u0107 zg\u0142oszenia swoich uczni\u00f3w w wieku 7-12 lat na egzaminy Cambridge English: Young [&hellip;]\" \/>\n<meta property=\"og:url\" content=\"https:\/\/www.ih.com.pl\/wroclaw\/yle-sesje-zamkniete\/\" \/>\n<meta property=\"og:site_name\" content=\"IH Wroc\u0142aw\" \/>\n<meta property=\"article:modified_time\" content=\"2020-02-03T15:34:43+00:00\" \/>\n<meta name=\"twitter:card\" content=\"summary_large_image\" \/>\n<meta name=\"twitter:label1\" content=\"Szacowany czas czytania\" \/>\n\t<meta name=\"twitter:data1\" content=\"1 minuta\" \/>\n<script type=\"application\/ld+json\" class=\"yoast-schema-graph\">{\"@context\":\"https:\/\/schema.org\",\"@graph\":[{\"@type\":\"WebPage\",\"@id\":\"https:\/\/www.ih.com.pl\/wroclaw\/yle-sesje-zamkniete\/\",\"url\":\"https:\/\/www.ih.com.pl\/wroclaw\/yle-sesje-zamkniete\/\",\"name\":\"YLE Sesje egzaminacyjne - IH Wroc\u0142aw\",\"isPartOf\":{\"@id\":\"https:\/\/www.ih.com.pl\/wroclaw\/#website\"},\"datePublished\":\"2020-01-30T05:08:22+00:00\",\"dateModified\":\"2020-02-03T15:34:43+00:00\",\"breadcrumb\":{\"@id\":\"https:\/\/www.ih.com.pl\/wroclaw\/yle-sesje-zamkniete\/#breadcrumb\"},\"inLanguage\":\"pl-PL\",\"potentialAction\":[{\"@type\":\"ReadAction\",\"target\":[\"https:\/\/www.ih.com.pl\/wroclaw\/yle-sesje-zamkniete\/\"]}]},{\"@type\":\"BreadcrumbList\",\"@id\":\"https:\/\/www.ih.com.pl\/wroclaw\/yle-sesje-zamkniete\/#breadcrumb\",\"itemListElement\":[{\"@type\":\"ListItem\",\"position\":1,\"name\":\"Strona g\u0142\u00f3wna\",\"item\":\"https:\/\/www.ih.com.pl\/wroclaw\/\"},{\"@type\":\"ListItem\",\"position\":2,\"name\":\"YLE Sesje egzaminacyjne\"}]},{\"@type\":\"WebSite\",\"@id\":\"https:\/\/www.ih.com.pl\/wroclaw\/#website\",\"url\":\"https:\/\/www.ih.com.pl\/wroclaw\/\",\"name\":\"IH Wroc\u0142aw\",\"description\":\"\",\"potentialAction\":[{\"@type\":\"SearchAction\",\"target\":{\"@type\":\"EntryPoint\",\"urlTemplate\":\"https:\/\/www.ih.com.pl\/wroclaw\/?s={search_term_string}\"},\"query-input\":{\"@type\":\"PropertyValueSpecification\",\"valueRequired\":true,\"valueName\":\"search_term_string\"}}],\"inLanguage\":\"pl-PL\"}]}<\/script>\n<!-- \/ Yoast SEO plugin. -->","yoast_head_json":{"title":"YLE Sesje egzaminacyjne - IH Wroc\u0142aw","robots":{"index":"index","follow":"follow","max-snippet":"max-snippet:-1","max-image-preview":"max-image-preview:large","max-video-preview":"max-video-preview:-1"},"canonical":"https:\/\/www.ih.com.pl\/wroclaw\/yle-sesje-zamkniete\/","og_locale":"pl_PL","og_type":"article","og_title":"YLE Sesje egzaminacyjne - IH Wroc\u0142aw","og_description":"[vc_row][vc_column width=&#8221;1\/1&#8243;][vc_custom_heading]Sesje egzaminacyjne[\/vc_custom_heading][vc_column_text]Szko\u0142y podstawowe i j\u0119zykowe maj\u0105 mo\u017cliwo\u015b\u0107 zg\u0142oszenia swoich uczni\u00f3w w wieku 7-12 lat na egzaminy Cambridge English: Young [&hellip;]","og_url":"https:\/\/www.ih.com.pl\/wroclaw\/yle-sesje-zamkniete\/","og_site_name":"IH Wroc\u0142aw","article_modified_time":"2020-02-03T15:34:43+00:00","twitter_card":"summary_large_image","twitter_misc":{"Szacowany czas czytania":"1 minuta"},"schema":{"@context":"https:\/\/schema.org","@graph":[{"@type":"WebPage","@id":"https:\/\/www.ih.com.pl\/wroclaw\/yle-sesje-zamkniete\/","url":"https:\/\/www.ih.com.pl\/wroclaw\/yle-sesje-zamkniete\/","name":"YLE Sesje egzaminacyjne - IH Wroc\u0142aw","isPartOf":{"@id":"https:\/\/www.ih.com.pl\/wroclaw\/#website"},"datePublished":"2020-01-30T05:08:22+00:00","dateModified":"2020-02-03T15:34:43+00:00","breadcrumb":{"@id":"https:\/\/www.ih.com.pl\/wroclaw\/yle-sesje-zamkniete\/#breadcrumb"},"inLanguage":"pl-PL","potentialAction":[{"@type":"ReadAction","target":["https:\/\/www.ih.com.pl\/wroclaw\/yle-sesje-zamkniete\/"]}]},{"@type":"BreadcrumbList","@id":"https:\/\/www.ih.com.pl\/wroclaw\/yle-sesje-zamkniete\/#breadcrumb","itemListElement":[{"@type":"ListItem","position":1,"name":"Strona g\u0142\u00f3wna","item":"https:\/\/www.ih.com.pl\/wroclaw\/"},{"@type":"ListItem","position":2,"name":"YLE Sesje egzaminacyjne"}]},{"@type":"WebSite","@id":"https:\/\/www.ih.com.pl\/wroclaw\/#website","url":"https:\/\/www.ih.com.pl\/wroclaw\/","name":"IH Wroc\u0142aw","description":"","potentialAction":[{"@type":"SearchAction","target":{"@type":"EntryPoint","urlTemplate":"https:\/\/www.ih.com.pl\/wroclaw\/?s={search_term_string}"},"query-input":{"@type":"PropertyValueSpecification","valueRequired":true,"valueName":"search_term_string"}}],"inLanguage":"pl-PL"}]}},"_links":{"self":[{"href":"https:\/\/www.ih.com.pl\/wroclaw\/wp-json\/wp\/v2\/pages\/578","targetHints":{"allow":["GET"]}}],"collection":[{"href":"https:\/\/www.ih.com.pl\/wroclaw\/wp-json\/wp\/v2\/pages"}],"about":[{"href":"https:\/\/www.ih.com.pl\/wroclaw\/wp-json\/wp\/v2\/types\/page"}],"author":[{"embeddable":true,"href":"https:\/\/www.ih.com.pl\/wroclaw\/wp-json\/wp\/v2\/users\/1"}],"replies":[{"embeddable":true,"href":"https:\/\/www.ih.com.pl\/wroclaw\/wp-json\/wp\/v2\/comments?post=578"}],"version-history":[{"count":9,"href":"https:\/\/www.ih.com.pl\/wroclaw\/wp-json\/wp\/v2\/pages\/578\/revisions"}],"predecessor-version":[{"id":671,"href":"https:\/\/www.ih.com.pl\/wroclaw\/wp-json\/wp\/v2\/pages\/578\/revisions\/671"}],"wp:attachment":[{"href":"https:\/\/www.ih.com.pl\/wroclaw\/wp-json\/wp\/v2\/media?parent=578"}],"curies":[{"name":"wp","href":"https:\/\/api.w.org\/{rel}","templated":true}]}}