{"id":852,"date":"2020-03-16T10:56:07","date_gmt":"2020-03-16T09:56:07","guid":{"rendered":"https:\/\/www.ih.com.pl\/wroclaw\/?page_id=852"},"modified":"2020-03-16T13:30:23","modified_gmt":"2020-03-16T12:30:23","slug":"instrukcja-uzytkowania-komunikatora-zoom","status":"publish","type":"page","link":"https:\/\/www.ih.com.pl\/wroclaw\/instrukcja-uzytkowania-komunikatora-zoom\/","title":{"rendered":"INSTRUKCJA U\u017bYTKOWANIA KOMUNIKATORA ZOOM"},"content":{"rendered":"<div class=\"wpb-content-wrapper\"><p>[vc_row][vc_column width=&#8221;1\/1&#8243;][vc_custom_heading]<\/p>\n<h3 class=\"cmsmasters_post_title entry-title\">INSTRUKCJA U\u017bYTKOWANIA KOMUNIKATORA ZOOM<\/h3>\n<p>[\/vc_custom_heading][vc_column_text]Zaj\u0119cia b\u0119d\u0105 przeprowadzane tak, jakby\u015b by\u0142 z nami w klasie \u2013 nie martw si\u0119. Poradzisz sobie!<\/p>\n<p>B\u0119dziemy u\u017cywa\u0107 oprogramowania do spotka\u0144 wideo o nazwie Zoom, aby prowadzi\u0107 zaj\u0119cia, gdy szko\u0142a jest zamkni\u0119ta. Twoja pierwsza lekcja b\u0119dzie zawiera\u0142a wprowadzenie do Zoom i jak z niego korzysta\u0107. Obejmie r\u00f3wnie\u017c przegl\u0105d s\u0142ownictwa u\u017cywanego w programie ZOOM z poni\u017cszego linku:<br \/>\n<a href=\"https:\/\/quizlet.com\/495808468\/zoom-po-polsku-flash-cards\/\">https:\/\/quizlet.com\/495808468\/zoom-po-polsku-flash-cards\/<\/a><\/p>\n<p>Zapoznaj si\u0119 z tym s\u0142ownictwem przed pierwsz\u0105 lekcj\u0105.[\/vc_column_text][\/vc_column][\/vc_row][vc_row][vc_column width=&#8221;1\/1&#8243;][vc_custom_heading]<\/p>\n<h4>B\u0119dziesz potrzebowa\u0107<\/h4>\n<p>[\/vc_custom_heading][vc_column_text]\u25cf Komputer, laptop lub telefon<\/p>\n<p>Je\u015bli to mo\u017cliwe, u\u017cyj laptopa lub komputera, a nie telefonu. Nie zapomnij o w pe\u0142ni na\u0142adowanej baterii!<\/p>\n<p>Je\u015bli b\u0119dziesz u\u017cywa\u0142 telefonu, udzia\u0142 w lekcji b\u0119dzie nadal w pe\u0142ni\u00a0 mo\u017cliwy, ale troch\u0119 \u0142atwiej jest nawigowa\u0107 Zoom za pomoc\u0105 myszy i klawiatury, a nauczyciel mo\u017ce wykonywa\u0107\u00a0 wi\u0119cej \u0107wicze\u0144 z tob\u0105<\/p>\n<p>\u25cf S\u0142uchawki<\/p>\n<p>\u25cf Stabilne po\u0142\u0105czenie z Internetem<\/p>\n<p>\u25cf Tw\u00f3j podr\u0119cznik \/ \u0107wiczenia \/ zeszyt \/ d\u0142ugopis \/ o\u0142\u00f3wek (tak samo, jak gdyby\u015b przychodzi\u0142 na zaj\u0119cia w szkole)[\/vc_column_text][\/vc_column][\/vc_row][vc_row][vc_column width=&#8221;2\/3&#8243;][vc_custom_heading]<\/p>\n<h4>Jak do\u0142\u0105czy\u0107 do klasy (komputer)<\/h4>\n<p>[\/vc_custom_heading][vc_column_text]1. Nauczyciel prze\u015ble Ci wiadomo\u015b\u0107 e-mail z linkiem do Twojej klasy Zoom. Kliknij ten link.<\/p>\n<p>(Mo\u017cliwe jest r\u00f3wnie\u017c zalogowanie si\u0119 do klasy, wpisuj\u0105c kod (meeting ID) przes\u0142any przez nauczyciela, po wcze\u015bniejszym wej\u015bciu na stron\u0119 Zoom <a href=\"https:\/\/zoom.us\/\">https:\/\/zoom.us\/<\/a> klikaj\u0105c \u201cJoin a meeting\u201d)[\/vc_column_text][vc_column_text]2. Je\u015bli zostaniesz poproszony o pobranie aplikacji, wci\u015bnij \u201eOtw\u00f3rz Zoom\u201d.[\/vc_column_text][vc_single_image media=&#8221;861&#8243; media_width_percent=&#8221;45&#8243;][vc_column_text]3. Wpisz swoje imi\u0119.[\/vc_column_text][vc_single_image media=&#8221;866&#8243; media_width_percent=&#8221;39&#8243;][vc_column_text]4. (Tylko za pierwszym razem) Kliknij \u201eI Agree\u201d z warunkami.[\/vc_column_text][vc_single_image media=&#8221;870&#8243; media_width_percent=&#8221;45&#8243;][vc_column_text]5. Kliknij \u201eJoin with Computer Audio\u201d, aby pod\u0142\u0105czy\u0107 mikrofon.[\/vc_column_text][vc_single_image media=&#8221;872&#8243; media_width_percent=&#8221;45&#8243;][vc_column_text]Je\u015bli b\u0119dziesz chcia\u0142 zalogowa\u0107 si\u0119 na lekcj\u0119 przed swoim nauczycielem, zobaczysz poni\u017cszy ekran. Mo\u017cesz przetestowa\u0107 swoje audio:[\/vc_column_text][vc_single_image media=&#8221;874&#8243; media_width_percent=&#8221;19&#8243;][vc_column_text]W czasie lekcji b\u0119dziesz r\u00f3wnie\u017c u\u017cywa\u0142 aplikacji Google Docs, kt\u00f3ra na komputerze w\u0142\u0105cza si\u0119 automatycznie bez konieczno\u015bci wcze\u015bniejszego pobierania. Na telefon trzeba j\u0105 wcze\u015bniej pobra\u0107 (instrukcja jak to zrobi\u0107 poni\u017cej).[\/vc_column_text][\/vc_column][vc_column width=&#8221;1\/3&#8243;][vc_single_image media=&#8221;892&#8243; media_width_percent=&#8221;60&#8243; shape=&#8221;img-circle&#8221; advanced=&#8221;yes&#8221; media_overlay_opacity=&#8221;50&#8243; media_padding=&#8221;2&#8243;][\/vc_column][\/vc_row][vc_row][vc_column width=&#8221;2\/3&#8243;][vc_custom_heading]<\/p>\n<h4>Jak do\u0142\u0105czy\u0107 do klasy (kom\u00f3rka)<\/h4>\n<p>[\/vc_custom_heading][vc_column_text]1. Je\u015bli u\u017cywasz telefonu kom\u00f3rkowego, pobierz aplikacj\u0119 Zoom:<\/p>\n<p>Android: <a href=\"https:\/\/play.google.com\/store\/apps\/details?id=com.google.android.apps.docs.editors.docs&amp;hl=en\">https:\/\/play.google.com\/store\/apps\/details?id=us.zoom.videomeetings&amp;hl=en<\/a><br \/>\niOS:<a href=\"https:\/\/apps.apple.com\/ca\/app\/zoom-cloud-meetings\/id546505307\"> https:\/\/itunes.apple.com\/ca\/app\/zoom-cloud-meetings\/id546505307?mt=8<\/a><\/p>\n<p>Je\u015bli korzystasz z telefonu, pobierz r\u00f3wnie\u017c przed lekcj\u0105 aplikacj\u0119 Dokument\u00f3w Google.<\/p>\n<p>Android: <a href=\"https:\/\/play.google.com\/store\/apps\/details?id=com.google.android.apps.docs.editors.docs&amp;hl=en\">https:\/\/play.google.com\/store\/apps\/details?id=com.google.android.apps.docs.editors.docs&amp;hl=en<\/a><br \/>\niOS: <a href=\"https:\/\/apps.apple.com\/us\/app\/google-docs-sync-edit-share\/id842842640\">https:\/\/apps.apple.com\/us\/app\/google-docs-sync-edit-share\/id842842640<\/a>[\/vc_column_text][vc_column_text]2. Po otwarciu aplikacji Zoom zobaczysz ten ekran:[\/vc_column_text][vc_single_image media=&#8221;890&#8243; media_width_percent=&#8221;50&#8243;][vc_column_text]3. Wiadomo\u015b\u0107 e-mail od nauczyciela ma identyfikator spotkania. Wpisz go w polu u g\u00f3ry. W tym przyk\u0142adzie jest to 404 241 287.[\/vc_column_text][vc_column_text]4. Wpisz swoje nazwisko w drugim polu. W tym przyk\u0142adzie jest to \u201eSandy M.\u201d.[\/vc_column_text][vc_column_text]5. Kliknij \u201eDo\u0142\u0105cz do spotkania\u201d.<\/p>\n<p>Przy pierwszym do\u0142\u0105czeniu musisz:<\/p>\n<p>Klikn\u0105\u0107 \u201eI Agree\u201d z warunkami.[\/vc_column_text][vc_single_image media=&#8221;895&#8243; media_width_percent=&#8221;50&#8243;][vc_column_text]Zezw\u00f3l Zoomowi na dost\u0119p do mikrofonu, kamery i miejsca do przechowywania. Kliknij \u201eGot it\u201d.[\/vc_column_text][vc_single_image media=&#8221;897&#8243; media_width_percent=&#8221;50&#8243;][vc_column_text]Nie planujemy korzysta\u0107 z nagra\u0144 sesji Zoom. To jest tw\u00f3j wyb\u00f3r, je\u015bli klikniesz \u201eOdm\u00f3w\u201d lub \u201eZezw\u00f3l\u201d w nast\u0119pnym oknie. Ta wiadomo\u015b\u0107 b\u0119dzie w j\u0119zyku polskim.[\/vc_column_text][\/vc_column][vc_column width=&#8221;1\/3&#8243;][vc_single_image media=&#8221;884&#8243; media_width_percent=&#8221;50&#8243; shape=&#8221;img-circle&#8221;][\/vc_column][\/vc_row][vc_row][vc_column width=&#8221;2\/3&#8243;][vc_custom_heading]<\/p>\n<h4>Lekcja<\/h4>\n<p>[\/vc_custom_heading][vc_column_text]Po rozpocz\u0119ciu zaj\u0119\u0107 zobaczysz i us\u0142yszysz nauczyciela oraz zobaczysz (ale nie us\u0142yszysz) innych uczni\u00f3w. Czasami wideo jest wy\u0142\u0105czone \u2013 nie martw si\u0119, nauczyciel w\u0142\u0105czy je dla Ciebie.<\/p>\n<p>Po pierwszym wej\u015bciu do klasy mikrofon zostanie wyciszony. Nauczyciel w\u0142\u0105cza i wy\u0142\u0105cza mikrofon w r\u00f3\u017cnych momentach lekcji. Kiedy nauczyciel w\u0142\u0105czy mikrofon, nauczyciel i pozostali uczniowie b\u0119d\u0105 mogli Ci\u0119 us\u0142ysze\u0107.<\/p>\n<p>Nauczyciel poka\u017ce Ci na ekranie materia\u0142y, w tym zdj\u0119cia, audio i wideo.<\/p>\n<p>B\u0119dziesz pracowa\u0142 jako ca\u0142a klasa i w mniejszych grupach.<\/p>\n<p>Czasami nauczyciel wy\u0142\u0105cza wideo i \/ lub audio.<\/p>\n<p>B\u0119dziesz m\u00f3g\u0142 zadawa\u0107 nauczycielowi pytania, rozmawiaj\u0105c z nimi lub pisz\u0105c na klawiaturze.<\/p>\n<p>Tw\u00f3j nauczyciel b\u0119dzie zadawa\u0142 Tobie zadanie domowe jak zwykle.<\/p>\n<p>Tak b\u0119dzie wygl\u0105da\u0107 d\u00f3\u0142 ekranu twojego komputera(gdy znajdziesz si\u0119 w \u201eklasie\u201d, je\u015bli nie widzisz tego menu, spr\u00f3buj dotkn\u0105\u0107 ekranu \/ przesun\u0105\u0107 mysz).[\/vc_column_text][vc_single_image media=&#8221;902&#8243; media_width_percent=&#8221;60&#8243;][vc_column_text]Na telefonie musisz klikn\u0105\u0107 \u201cParticipants\u201d, a nast\u0119pnie \u201eCzat\u201d, aby zobaczy\u0107 pisemn\u0105 rozmow\u0119 na lekcji. Czasami nauczyciel poprosi ci\u0119 o napisanie na czacie.[\/vc_column_text][\/vc_column][vc_column width=&#8221;1\/3&#8243;][vc_single_image media=&#8221;924&#8243; media_width_percent=&#8221;80&#8243; shape=&#8221;img-circle&#8221;][\/vc_column][\/vc_row][vc_row][vc_column width=&#8221;1\/1&#8243;][vc_custom_heading]<\/p>\n<h4>Wskaz\u00f3wki<\/h4>\n<p>[\/vc_custom_heading][vc_column_text]Znajd\u017a spokojne miejsce, w kt\u00f3rym mo\u017cesz pozosta\u0107 tak jak na lekcji w pe\u0142nym skupieniu.<\/p>\n<p>Je\u015bli u\u017cywasz telefonu, ustaw go najlepiej w trybie \u201enie przeszkadza\u0107\u201d.<\/p>\n<p>D\u017awi\u0119k b\u0119dzie wyra\u017aniejszy, je\u015bli u\u017cyjesz s\u0142uchawek. Najlepiej, aby twoje s\u0142uchawki posiada\u0142y mikrofon. Je\u015bli nie maj\u0105 mikrofonu, nie stanowi to problemu, wystarczy u\u017cy\u0107 mikrofonu telefonu \/ laptopa.<\/p>\n<p>Do\u0142\u0105cz do klasy na 10 minut przed rozpocz\u0119ciem, aby upewni\u0107 si\u0119, \u017ce wszystko dzia\u0142a i \u017ce mo\u017cemy zacz\u0105\u0107 na czas. Je\u015bli si\u0119 sp\u00f3\u017anisz, nie martw si\u0119 \u2013 nadal mo\u017cesz do\u0142\u0105czy\u0107 do klasy. Je\u015bli masz problemy techniczne, odpowiedz na e-mail wcze\u015bniej otrzymany od nauczyciela, podaj\u0105c link do swojej klasy, a on spr\u00f3buje ci od razu pom\u00f3c.<\/p>\n<p>Je\u015bli u\u017cywasz telefonu, aplikacja bardzo szybko roz\u0142adowuje bateri\u0119. Upewnij si\u0119, \u017ce jest ca\u0142kowicie na\u0142adowany przed lekcj\u0105.<\/p>\n<p>Zoom b\u0119dzie dzia\u0142a\u0142 lepiej, je\u015bli zamkniesz wszystkie inne programy \/ aplikacje w telefonie lub komputerze.[\/vc_column_text][vc_column_text]<\/p>\n<p style=\"text-align: right\"><mark>Instrukcj\u0119 korzystania z systemu Zoom przygotowa\u0142o IH Bydgoszcz. Dzi\u0119kujemy za fantastyczn\u0105 robot\u0119!<\/mark><mark><\/mark><mark><\/mark><\/p>\n<p>[\/vc_column_text][vc_separator sep_color=&#8221;accent&#8221;][\/vc_column][\/vc_row][vc_row][vc_column width=&#8221;1\/1&#8243;][vc_custom_heading]<\/p>\n<h4>English<\/h4>\n<p>[\/vc_custom_heading][vc_column_text]We cover the content of the course in the same way as in the classroom with us \u2013 don\u2019t worry. You won\u2019t fall behind!<\/p>\n<p>We will use video meeting software called Zoom to teach you while the school is closed. Your first lesson will include an introduction to Zoom and how to use it. It will also include revision of some Zoom vocabulary in this quizlet set:<br \/>\n<a href=\"https:\/\/quizlet.com\/495808468\/zoom-po-polsku-flash-cards\/\">https:\/\/quizlet.com\/495808468\/zoom-po-polsku-flash-cards\/<\/a><\/p>\n<p>Please look at this vocabulary before your first lesson.[\/vc_column_text][vc_custom_heading]<\/p>\n<h4>You will need<\/h4>\n<p>[\/vc_custom_heading][vc_column_text]<\/p>\n<ul>\n<li>A computer, laptop or phone<br \/>\nIf possible, use a laptop or computer, not a phone.<br \/>\nIf you are on a phone you can still fully participate in the class but it will be easier to navigate Zoom with a mouse and keyboard, and the teacher can do more activities with you.<\/li>\n<li>If you are on a phone, please download the Google Docs application before the lesson.<br \/>\nAndroid:\u00a0<a href=\"https:\/\/play.google.com\/store\/apps\/details?id=com.google.android.apps.docs.editors.docs&amp;hl=en\">https:\/\/play.google.com\/store\/apps\/details?id=com.google.android.apps.docs.editors.docs&amp;hl=en<br \/>\n<\/a>iOS:\u00a0<a href=\"https:\/\/apps.apple.com\/us\/app\/google-docs-sync-edit-share\/id842842640\">https:\/\/apps.apple.com\/us\/app\/google-docs-sync-edit-share\/id842842640<\/a><\/li>\n<li>Headphones<\/li>\n<li>A stable internet connection<\/li>\n<li>Your student book \/ workbook \/ notebook \/ pen \/ pencil (the same as if you were coming to class in the school)<\/li>\n<\/ul>\n<p>[\/vc_column_text][vc_custom_heading]<\/p>\n<h4><strong>How to join your class on your computer\/laptop<\/strong><\/h4>\n<p>[\/vc_custom_heading][vc_column_text]1. Your teacher will send you an email with a link to your Zoom class. Click on this link.<br \/>\n(It is also possible to join a class by going to the Zoom website \u2013\u00a0<a href=\"https:\/\/zoom.us\/\">https:\/\/zoom.us<\/a>. Click \u201cJoin a meeting.\u201d Enter the Meeting ID in the email from your teacher.)[\/vc_column_text][vc_single_image media=&#8221;861&#8243; media_width_percent=&#8221;45&#8243;][vc_column_text]2. If the computer asks you to download an App, say \u2018Open Zoom\u2019.<\/p>\n<p>3. Enter your name.[\/vc_column_text][vc_single_image media=&#8221;866&#8243; media_width_percent=&#8221;39&#8243;][vc_column_text]4. (Only the first time) Click \u2018I agree\u2019 to the terms and conditions.[\/vc_column_text][vc_single_image media=&#8221;870&#8243; media_width_percent=&#8221;50&#8243;][vc_column_text]5. Click \u2018Join with Computer Audio\u2019 to connect your microphone.[\/vc_column_text][vc_single_image media=&#8221;872&#8243; media_width_percent=&#8221;50&#8243;][vc_column_text]If you arrive before the teacher, you will see the screen below. You can test your audio:[\/vc_column_text][vc_single_image media=&#8221;874&#8243; media_width_percent=&#8221;19&#8243;][vc_column_text]During the class you will use Google Docs, which opens automatically on the computer. You do not need to download anything onto your computer before the lesson. If you use your phone, you need to download Google Docs before the lesson (see below).[\/vc_column_text][\/vc_column][\/vc_row][vc_row][vc_column width=&#8221;1\/1&#8243;][vc_custom_heading]<\/p>\n<h4><strong>How to join your class on your phone<\/strong><\/h4>\n<p>[\/vc_custom_heading][vc_column_text]1. Download the Zoom app:<\/p>\n<ul>\n<li>Android:\u00a0<a href=\"https:\/\/play.google.com\/store\/apps\/details?id=us.zoom.videomeetings&amp;hl=en\">https:\/\/play.google.com\/store\/apps\/details?id=us.zoom.videomeetings&amp;hl=en<\/a><\/li>\n<li>iOS:\u00a0<a href=\"https:\/\/itunes.apple.com\/ca\/app\/zoom-cloud-meetings\/id546505307?mt=8\">https:\/\/itunes.apple.com\/ca\/app\/zoom-cloud-meetings\/id546505307?mt=8<\/a><\/li>\n<\/ul>\n<p>[\/vc_column_text][vc_column_text]2. When you open the app, you see this screen:[\/vc_column_text][vc_single_image media=&#8221;890&#8243; media_width_percent=&#8221;50&#8243;][vc_column_text]3. The email from your teacher has a meeting ID. Type it in the box at the top. In the example, this is 404 241 287.<\/p>\n<p>4. Type your name in the other box. In the example, this is \u2018Sandy M\u2019.<\/p>\n<p>5. Click \u2018Join meeting\u2019.<\/p>\n<p>The first time you join, you must:[\/vc_column_text][vc_single_image media=&#8221;895&#8243; media_width_percent=&#8221;50&#8243;][vc_column_text]Click \u2018I agree\u2019 to the terms and conditions.[\/vc_column_text][vc_single_image media=&#8221;897&#8243; media_width_percent=&#8221;50&#8243;][vc_column_text]Give Zoom permission to access your microphone, camera, and storage space. Click \u2018Got it\u2019.<\/p>\n<p>We don\u2019t plan to use recordings of Zoom sessions. It is your choice if you click \u2018Deny\u2019 or \u2018Allow\u2019 on the next window. This message will be in your language.[\/vc_column_text][\/vc_column][\/vc_row][vc_row][vc_column width=&#8221;1\/1&#8243;][vc_custom_heading]<\/p>\n<h4><strong>The class<\/strong><\/h4>\n<p>[\/vc_custom_heading][vc_column_text]Once the class starts you will see and hear the teacher, and see (but not hear) the other students. Sometimes the video is off \u2013 don\u2019t worry, the teacher will switch it on for you.<\/p>\n<p>When you first enter the room your microphone will be muted. Your teacher will turn your microphone on and off at different times in the lesson. When the teacher turns on your microphone, the teacher and the other students will be able to hear you.<\/p>\n<p>The teacher will show you materials on the screen, including pictures, audio and videos.<\/p>\n<p>You will work as a whole class and in smaller groups.<\/p>\n<p>Sometimes the teacher will turn off the video and\/or the audio.<\/p>\n<p>You will be able to ask the teacher questions by speaking to them or typing.<\/p>\n<p>Your teacher will give you homework as normal.<\/p>\n<p>This is what the bottom of your computer screen will look like (once you\u2019re in the \u2018classroom\u2019, if you can\u2019t see this menu, try touching the screen \/ moving the mouse).[\/vc_column_text][vc_single_image media=&#8221;902&#8243; media_width_percent=&#8221;60&#8243;][vc_column_text]On your phone, you need to click Participants, then \u2018Chat\u2019 to see the written conversation in the lesson. Sometimes the teacher will ask you to write in the chat.<\/p>\n<p>If there is a problem in the middle of the class (for example, everything stops), please try to join the class again. If this doesn\u2019t work, check your email \u2013 the teacher will send you new information.[\/vc_column_text][\/vc_column][\/vc_row][vc_row][vc_column width=&#8221;1\/1&#8243;][vc_custom_heading]<\/p>\n<h4><strong>Tips<\/strong><\/h4>\n<p>[\/vc_custom_heading][vc_column_text]Find a quiet place where you can sit for the lesson with no distractions.<\/p>\n<p>If you are using a phone consider setting it to \u2018do not disturb\u2019.<\/p>\n<p>The sound will be clearer if you use headphones. If your headphones have a microphone, that\u2019s great. If they don\u2019t have a microphone, this is not a problem, just use your phone \/ laptop microphone.<\/p>\n<p>Join the class 10 minutes before it starts to check everything is working so we can start on time. If you are late, don\u2019t worry \u2013 you can still join the class. If you have technical problems, reply to the teacher\u2019s email with your class link, and they will try to help you.<\/p>\n<p>If you are using a phone the app will drain your battery very quickly.\u00a0 Make sure it is fully charged before the lesson.<\/p>\n<p>Zoom will run better if you close all other programmes \/ apps on your phone or computer.[\/vc_column_text][vc_column_text]<\/p>\n<p style=\"text-align: right\"><mark>The above instruction was prepared by International House Bydgoszcz. Thank you!<\/mark><\/p>\n<p>[\/vc_column_text][\/vc_column][\/vc_row]<\/p>\n<\/div>","protected":false},"excerpt":{"rendered":"<p>[vc_row][vc_column width=&#8221;1\/1&#8243;][vc_custom_heading] INSTRUKCJA U\u017bYTKOWANIA KOMUNIKATORA ZOOM [\/vc_custom_heading][vc_column_text]Zaj\u0119cia b\u0119d\u0105 przeprowadzane tak, jakby\u015b by\u0142 z nami w klasie \u2013 nie martw si\u0119. [&hellip;]<\/p>\n","protected":false},"author":3,"featured_media":0,"parent":0,"menu_order":0,"comment_status":"closed","ping_status":"closed","template":"","meta":{"footnotes":""},"class_list":["post-852","page","type-page","status-publish","hentry"],"yoast_head":"<!-- This site is optimized with the Yoast SEO plugin v26.8 - https:\/\/yoast.com\/product\/yoast-seo-wordpress\/ -->\n<title>INSTRUKCJA U\u017bYTKOWANIA KOMUNIKATORA ZOOM - IH Wroc\u0142aw<\/title>\n<meta name=\"robots\" content=\"index, follow, max-snippet:-1, max-image-preview:large, max-video-preview:-1\" \/>\n<link rel=\"canonical\" href=\"https:\/\/www.ih.com.pl\/wroclaw\/instrukcja-uzytkowania-komunikatora-zoom\/\" \/>\n<meta property=\"og:locale\" content=\"pl_PL\" \/>\n<meta property=\"og:type\" content=\"article\" \/>\n<meta property=\"og:title\" content=\"INSTRUKCJA U\u017bYTKOWANIA KOMUNIKATORA ZOOM - IH Wroc\u0142aw\" \/>\n<meta property=\"og:description\" content=\"[vc_row][vc_column width=&#8221;1\/1&#8243;][vc_custom_heading] INSTRUKCJA U\u017bYTKOWANIA KOMUNIKATORA ZOOM [\/vc_custom_heading][vc_column_text]Zaj\u0119cia b\u0119d\u0105 przeprowadzane tak, jakby\u015b by\u0142 z nami w klasie \u2013 nie martw si\u0119. [&hellip;]\" \/>\n<meta property=\"og:url\" content=\"https:\/\/www.ih.com.pl\/wroclaw\/instrukcja-uzytkowania-komunikatora-zoom\/\" \/>\n<meta property=\"og:site_name\" content=\"IH Wroc\u0142aw\" \/>\n<meta property=\"article:modified_time\" content=\"2020-03-16T12:30:23+00:00\" \/>\n<meta name=\"twitter:card\" content=\"summary_large_image\" \/>\n<meta name=\"twitter:label1\" content=\"Szacowany czas czytania\" \/>\n\t<meta name=\"twitter:data1\" content=\"12 minut\" \/>\n<script type=\"application\/ld+json\" class=\"yoast-schema-graph\">{\"@context\":\"https:\/\/schema.org\",\"@graph\":[{\"@type\":\"WebPage\",\"@id\":\"https:\/\/www.ih.com.pl\/wroclaw\/instrukcja-uzytkowania-komunikatora-zoom\/\",\"url\":\"https:\/\/www.ih.com.pl\/wroclaw\/instrukcja-uzytkowania-komunikatora-zoom\/\",\"name\":\"INSTRUKCJA U\u017bYTKOWANIA KOMUNIKATORA ZOOM - IH Wroc\u0142aw\",\"isPartOf\":{\"@id\":\"https:\/\/www.ih.com.pl\/wroclaw\/#website\"},\"datePublished\":\"2020-03-16T09:56:07+00:00\",\"dateModified\":\"2020-03-16T12:30:23+00:00\",\"breadcrumb\":{\"@id\":\"https:\/\/www.ih.com.pl\/wroclaw\/instrukcja-uzytkowania-komunikatora-zoom\/#breadcrumb\"},\"inLanguage\":\"pl-PL\",\"potentialAction\":[{\"@type\":\"ReadAction\",\"target\":[\"https:\/\/www.ih.com.pl\/wroclaw\/instrukcja-uzytkowania-komunikatora-zoom\/\"]}]},{\"@type\":\"BreadcrumbList\",\"@id\":\"https:\/\/www.ih.com.pl\/wroclaw\/instrukcja-uzytkowania-komunikatora-zoom\/#breadcrumb\",\"itemListElement\":[{\"@type\":\"ListItem\",\"position\":1,\"name\":\"Strona g\u0142\u00f3wna\",\"item\":\"https:\/\/www.ih.com.pl\/wroclaw\/\"},{\"@type\":\"ListItem\",\"position\":2,\"name\":\"INSTRUKCJA U\u017bYTKOWANIA KOMUNIKATORA ZOOM\"}]},{\"@type\":\"WebSite\",\"@id\":\"https:\/\/www.ih.com.pl\/wroclaw\/#website\",\"url\":\"https:\/\/www.ih.com.pl\/wroclaw\/\",\"name\":\"IH Wroc\u0142aw\",\"description\":\"\",\"potentialAction\":[{\"@type\":\"SearchAction\",\"target\":{\"@type\":\"EntryPoint\",\"urlTemplate\":\"https:\/\/www.ih.com.pl\/wroclaw\/?s={search_term_string}\"},\"query-input\":{\"@type\":\"PropertyValueSpecification\",\"valueRequired\":true,\"valueName\":\"search_term_string\"}}],\"inLanguage\":\"pl-PL\"}]}<\/script>\n<!-- \/ Yoast SEO plugin. -->","yoast_head_json":{"title":"INSTRUKCJA U\u017bYTKOWANIA KOMUNIKATORA ZOOM - IH Wroc\u0142aw","robots":{"index":"index","follow":"follow","max-snippet":"max-snippet:-1","max-image-preview":"max-image-preview:large","max-video-preview":"max-video-preview:-1"},"canonical":"https:\/\/www.ih.com.pl\/wroclaw\/instrukcja-uzytkowania-komunikatora-zoom\/","og_locale":"pl_PL","og_type":"article","og_title":"INSTRUKCJA U\u017bYTKOWANIA KOMUNIKATORA ZOOM - IH Wroc\u0142aw","og_description":"[vc_row][vc_column width=&#8221;1\/1&#8243;][vc_custom_heading] INSTRUKCJA U\u017bYTKOWANIA KOMUNIKATORA ZOOM [\/vc_custom_heading][vc_column_text]Zaj\u0119cia b\u0119d\u0105 przeprowadzane tak, jakby\u015b by\u0142 z nami w klasie \u2013 nie martw si\u0119. [&hellip;]","og_url":"https:\/\/www.ih.com.pl\/wroclaw\/instrukcja-uzytkowania-komunikatora-zoom\/","og_site_name":"IH Wroc\u0142aw","article_modified_time":"2020-03-16T12:30:23+00:00","twitter_card":"summary_large_image","twitter_misc":{"Szacowany czas czytania":"12 minut"},"schema":{"@context":"https:\/\/schema.org","@graph":[{"@type":"WebPage","@id":"https:\/\/www.ih.com.pl\/wroclaw\/instrukcja-uzytkowania-komunikatora-zoom\/","url":"https:\/\/www.ih.com.pl\/wroclaw\/instrukcja-uzytkowania-komunikatora-zoom\/","name":"INSTRUKCJA U\u017bYTKOWANIA KOMUNIKATORA ZOOM - IH Wroc\u0142aw","isPartOf":{"@id":"https:\/\/www.ih.com.pl\/wroclaw\/#website"},"datePublished":"2020-03-16T09:56:07+00:00","dateModified":"2020-03-16T12:30:23+00:00","breadcrumb":{"@id":"https:\/\/www.ih.com.pl\/wroclaw\/instrukcja-uzytkowania-komunikatora-zoom\/#breadcrumb"},"inLanguage":"pl-PL","potentialAction":[{"@type":"ReadAction","target":["https:\/\/www.ih.com.pl\/wroclaw\/instrukcja-uzytkowania-komunikatora-zoom\/"]}]},{"@type":"BreadcrumbList","@id":"https:\/\/www.ih.com.pl\/wroclaw\/instrukcja-uzytkowania-komunikatora-zoom\/#breadcrumb","itemListElement":[{"@type":"ListItem","position":1,"name":"Strona g\u0142\u00f3wna","item":"https:\/\/www.ih.com.pl\/wroclaw\/"},{"@type":"ListItem","position":2,"name":"INSTRUKCJA U\u017bYTKOWANIA KOMUNIKATORA ZOOM"}]},{"@type":"WebSite","@id":"https:\/\/www.ih.com.pl\/wroclaw\/#website","url":"https:\/\/www.ih.com.pl\/wroclaw\/","name":"IH Wroc\u0142aw","description":"","potentialAction":[{"@type":"SearchAction","target":{"@type":"EntryPoint","urlTemplate":"https:\/\/www.ih.com.pl\/wroclaw\/?s={search_term_string}"},"query-input":{"@type":"PropertyValueSpecification","valueRequired":true,"valueName":"search_term_string"}}],"inLanguage":"pl-PL"}]}},"_links":{"self":[{"href":"https:\/\/www.ih.com.pl\/wroclaw\/wp-json\/wp\/v2\/pages\/852","targetHints":{"allow":["GET"]}}],"collection":[{"href":"https:\/\/www.ih.com.pl\/wroclaw\/wp-json\/wp\/v2\/pages"}],"about":[{"href":"https:\/\/www.ih.com.pl\/wroclaw\/wp-json\/wp\/v2\/types\/page"}],"author":[{"embeddable":true,"href":"https:\/\/www.ih.com.pl\/wroclaw\/wp-json\/wp\/v2\/users\/3"}],"replies":[{"embeddable":true,"href":"https:\/\/www.ih.com.pl\/wroclaw\/wp-json\/wp\/v2\/comments?post=852"}],"version-history":[{"count":60,"href":"https:\/\/www.ih.com.pl\/wroclaw\/wp-json\/wp\/v2\/pages\/852\/revisions"}],"predecessor-version":[{"id":953,"href":"https:\/\/www.ih.com.pl\/wroclaw\/wp-json\/wp\/v2\/pages\/852\/revisions\/953"}],"wp:attachment":[{"href":"https:\/\/www.ih.com.pl\/wroclaw\/wp-json\/wp\/v2\/media?parent=852"}],"curies":[{"name":"wp","href":"https:\/\/api.w.org\/{rel}","templated":true}]}}